000
CDUS41 KOKX 270619
CLIEWR


CLIMATE REPORT
NATIONAL WEATHER SERVICE NEW YORK NY
219 AM EDT WED SEP 27 2017


...................................

...THE NEWARK NJ CLIMATE SUMMARY FOR SEPTEMBER 26 2017...

CLIMATE NORMAL PERIOD 1981 TO 2010
CLIMATE RECORD PERIOD 1929 TO 2017


WEATHER ITEM   OBSERVED TIME   RECORD YEAR NORMAL DEPARTURE LAST
                VALUE   (LST)  VALUE       VALUE  FROM      YEAR
                                                  NORMAL
..................................................................
TEMPERATURE (F)
 YESTERDAY
  MAXIMUM         84    245 PM  90    2007  73     11       73
                                      1958
  MINIMUM         67    610 AM  40    1940  56     11       51
  AVERAGE         76                        64     12       62

PRECIPITATION (IN)
  YESTERDAY        0.00          2.11 1975   0.14  -0.14     0.00
  MONTH TO DATE    1.72                      3.26  -1.54     1.70
  SINCE SEP 1      1.72                      3.26  -1.54     1.70
  SINCE JAN 1     39.40                     34.63   4.77    25.51

SNOWFALL (IN)
  YESTERDAY        0.0           0.0  2002   0.0    0.0      0.0
                                      2001
  MONTH TO DATE    0.0                       0.0    0.0      0.0
  SINCE OCT 1     30.0                      28.5    1.5     32.8
  SINCE JUL 1      0.0                       0.0    0.0      0.0
  SNOW DEPTH       0

DEGREE DAYS
 HEATING
  YESTERDAY        0                         3     -3        3
  MONTH TO DATE   10                        28    -18        6
  SINCE SEP 1     10                        28    -18        6
  SINCE JUL 1     10                        29    -19        6

 COOLING
  YESTERDAY       11                         2      9        0
  MONTH TO DATE  183                       131     52      224
  SINCE SEP 1    183                       131     52      224
  SINCE JAN 1   1211                      1165     46     1534
..................................................................


WIND (MPH)
  HIGHEST WIND SPEED    10   HIGHEST WIND DIRECTION     N (340)
  HIGHEST GUST SPEED    14   HIGHEST GUST DIRECTION    NW (330)
  AVERAGE WIND SPEED     3.7


SKY COVER
  AVERAGE SKY COVER 0.7


WEATHER CONDITIONS
 THE FOLLOWING WEATHER WAS RECORDED YESTERDAY.
  NO SIGNIFICANT WEATHER WAS OBSERVED.


RELATIVE HUMIDITY (PERCENT)
 HIGHEST    93           600 AM
 LOWEST     58           200 PM
 AVERAGE    76

..........................................................


THE NEWARK NJ CLIMATE NORMALS FOR TODAY
                         NORMAL    RECORD    YEAR
 MAXIMUM TEMPERATURE (F)   72        91      1998
 MINIMUM TEMPERATURE (F)   55        35      1947


SUNRISE AND SUNSET
SEPTEMBER 27 2017.....SUNRISE   649 AM EDT   SUNSET   645 PM EDT
SEPTEMBER 28 2017.....SUNRISE   650 AM EDT   SUNSET   643 PM EDT


-  INDICATES NEGATIVE NUMBERS.
R  INDICATES RECORD WAS SET OR TIED.
MM INDICATES DATA IS MISSING.
T  INDICATES TRACE AMOUNT.




$$
