000
CDUS41 KOKX 162141
CLIEWR


CLIMATE REPORT
NATIONAL WEATHER SERVICE NEW YORK NY
431 PM EST MON FEB 16 2015


...................................

...THE NEWARK NJ CLIMATE SUMMARY FOR FEBRUARY 16 2015...
VALID TODAY AS OF 0400 PM LOCAL TIME.

CLIMATE NORMAL PERIOD 1981 TO 2010
CLIMATE RECORD PERIOD 1929 TO 2015


WEATHER ITEM   OBSERVED TIME   RECORD YEAR NORMAL DEPARTURE LAST
                VALUE   (LST)  VALUE       VALUE  FROM      YEAR
                                                  NORMAL
..................................................................
TEMPERATURE (F)
 TODAY
  MAXIMUM         21    259 PM  74    1954  43    -22       30
  MINIMUM          2    720 AM   0    1943  27    -25       19
  AVERAGE         12                        35    -23       25

PRECIPITATION (IN)
  TODAY            0.00          1.00 1958   0.10  -0.10     0.00
  MONTH TO DATE    1.29                      1.60  -0.31     4.38
  SINCE DEC 1     10.62                      8.95   1.67    11.78
  SINCE JAN 1      5.71                      5.14   0.57     7.16

SNOWFALL (IN)
  TODAY            0.0           9.1  1958   0.3   -0.3      0.0
  MONTH TO DATE    5.9                       5.4    0.5     28.2
  SINCE OCT 1     22.5                      19.1    3.4     58.4
  SINCE JUL 1     22.5                      19.1    3.4     58.4
  SNOW DEPTH       5

DEGREE DAYS
 HEATING
  TODAY           53                        30     23       40
  MONTH TO DATE  660                       505    155      588
  SINCE DEC 1   2548                      2421    127     2616
  SINCE JUL 1   3380                      3289     91     3486

 COOLING
  TODAY            0                         0      0        0
  MONTH TO DATE    0                         0      0        0
  SINCE DEC 1      0                         0      0        0
  SINCE JAN 1      0                         0      0        0
..................................................................


WIND (MPH)
  HIGHEST WIND SPEED    24   HIGHEST WIND DIRECTION     W (290)
  HIGHEST GUST SPEED    33   HIGHEST GUST DIRECTION    NW (310)
  AVERAGE WIND SPEED    13.7


SKY COVER
  AVERAGE SKY COVER 0.4


WEATHER CONDITIONS
 THE FOLLOWING WEATHER WAS RECORDED TODAY.
  NO SIGNIFICANT WEATHER WAS OBSERVED.


RELATIVE HUMIDITY (PERCENT)
 HIGHEST    62           500 AM
 LOWEST     34           100 PM
 AVERAGE    48

..........................................................


THE NEWARK NJ CLIMATE NORMALS FOR TOMORROW
                         NORMAL    RECORD    YEAR
 MAXIMUM TEMPERATURE (F)   43        66      2011
                                             1976
 MINIMUM TEMPERATURE (F)   27         0      1979


SUNRISE AND SUNSET
FEBRUARY 16 2015......SUNRISE   650 AM EST   SUNSET   532 PM EST
FEBRUARY 17 2015......SUNRISE   648 AM EST   SUNSET   534 PM EST


-  INDICATES NEGATIVE NUMBERS.
R  INDICATES RECORD WAS SET OR TIED.
MM INDICATES DATA IS MISSING.
T  INDICATES TRACE AMOUNT.




$$
