415
CDUS41 KOKX 100622
CLIEWR


CLIMATE REPORT
NATIONAL WEATHER SERVICE NEW YORK NY
122 AM EST FRI FEB 10 2017


...................................

...THE NEWARK NJ CLIMATE SUMMARY FOR FEBRUARY 9 2017...

CLIMATE NORMAL PERIOD 1981 TO 2010
CLIMATE RECORD PERIOD 1929 TO 2017


WEATHER ITEM   OBSERVED TIME   RECORD YEAR NORMAL DEPARTURE LAST
                VALUE   (LST)  VALUE       VALUE  FROM      YEAR
                                                  NORMAL
..................................................................
TEMPERATURE (F)
 YESTERDAY
  MAXIMUM         43   1242 AM  63    1990  41      2       36
  MINIMUM         19   1156 PM -14    1934  26     -7       27
  AVERAGE         31                        34     -3       32

PRECIPITATION (IN)
  YESTERDAY        0.81          1.35 1969   0.10   0.71     0.02
  MONTH TO DATE    1.12                      0.91   0.21     1.16
  SINCE DEC 1      8.68                      8.26   0.42     9.57
  SINCE JAN 1      5.77                      4.45   1.32     5.17

SNOWFALL (IN)
  YESTERDAY        7.8          13.3  1969   0.3    7.5      0.2
  MONTH TO DATE    7.8                       3.0    4.8      3.2
  SINCE OCT 1     20.5                      16.7    3.8     29.2
  SINCE JUL 1     20.5                      16.7    3.8     29.2
  SNOW DEPTH       2

DEGREE DAYS
 HEATING
  YESTERDAY       34                        32      2       33
  MONTH TO DATE  249                       290    -41      223
  SINCE DEC 1   1922                      2206   -284     1664
  SINCE JUL 1   2605                      3074   -469     2296

 COOLING
  YESTERDAY        0                         0      0        0
  MONTH TO DATE    0                         0      0        0
  SINCE DEC 1      0                         0      0        0
  SINCE JAN 1      0                         0      0        0
..................................................................


WIND (MPH)
  HIGHEST WIND SPEED    32   HIGHEST WIND DIRECTION    NW (310)
  HIGHEST GUST SPEED    48   HIGHEST GUST DIRECTION    NW (300)
  AVERAGE WIND SPEED    20.8


SKY COVER
  AVERAGE SKY COVER 0.8


WEATHER CONDITIONS
 THE FOLLOWING WEATHER WAS RECORDED YESTERDAY.
  LIGHT RAIN
  HEAVY SNOW
  SNOW
  LIGHT SNOW
  SLEET
  FOG
  BLOWING SNOW


RELATIVE HUMIDITY (PERCENT)
 HIGHEST   100          1100 AM
 LOWEST     39           900 PM
 AVERAGE    70

..........................................................


THE NEWARK NJ CLIMATE NORMALS FOR TODAY
                         NORMAL    RECORD    YEAR
 MAXIMUM TEMPERATURE (F)   41        63      1990
 MINIMUM TEMPERATURE (F)   26        -4      1934


SUNRISE AND SUNSET
FEBRUARY 10 2017......SUNRISE   657 AM EST   SUNSET   526 PM EST
FEBRUARY 11 2017......SUNRISE   655 AM EST   SUNSET   527 PM EST


-  INDICATES NEGATIVE NUMBERS.
R  INDICATES RECORD WAS SET OR TIED.
MM INDICATES DATA IS MISSING.
T  INDICATES TRACE AMOUNT.




$$
