000
CDUS41 KOKX 220632
CLIEWR


CLIMATE REPORT
NATIONAL WEATHER SERVICE NEW YORK NY
231 AM EDT MON JUN 22 2015


...................................

...THE NEWARK NJ CLIMATE SUMMARY FOR JUNE 21 2015...

CLIMATE NORMAL PERIOD 1981 TO 2010
CLIMATE RECORD PERIOD 1929 TO 2015


WEATHER ITEM   OBSERVED TIME   RECORD YEAR NORMAL DEPARTURE LAST
                VALUE   (LST)  VALUE       VALUE  FROM      YEAR
                                                  NORMAL
..................................................................
TEMPERATURE (F)
 YESTERDAY
  MAXIMUM         91    430 PM 100    1953  83      8       76
  MINIMUM         71    107 AM  46    1940  65      6       60
  AVERAGE         81                        74      7       68

PRECIPITATION (IN)
  YESTERDAY        0.22          1.89 2003   0.13   0.09     0.00
  MONTH TO DATE    4.29                      2.90   1.39     4.20
  SINCE JUN 1      4.29                      2.90   1.39     4.20
  SINCE JAN 1     21.90                     21.79   0.11    27.55

SNOWFALL (IN)
  YESTERDAY        0.0           0.0  2002   0.0    0.0      0.0
                                      2001
  MONTH TO DATE    0.0                       0.0    0.0      0.0
  SINCE OCT 1     46.4                      28.5   17.9     61.1
  SINCE JUL 1     46.4                      28.5   17.9     61.1
  SNOW DEPTH       0

DEGREE DAYS
 HEATING
  YESTERDAY        0                         0      0        0
  MONTH TO DATE   29                        15     14        0
  SINCE JUN 1     29                        15     14        0
  SINCE JUL 1   5143                      4870    273     5166

 COOLING
  YESTERDAY       16                         9      7        3
  MONTH TO DATE  158                       144     14      149
  SINCE JUN 1    158                       144     14      149
  SINCE JAN 1    318                       220     98      211
..................................................................


WIND (MPH)
  HIGHEST WIND SPEED    26   HIGHEST WIND DIRECTION     W (270)
  HIGHEST GUST SPEED    32   HIGHEST GUST DIRECTION     W (280)
  AVERAGE WIND SPEED    11.1


SKY COVER
  AVERAGE SKY COVER 0.8


WEATHER CONDITIONS
 THE FOLLOWING WEATHER WAS RECORDED YESTERDAY.
  RAIN
  LIGHT RAIN
  FOG


RELATIVE HUMIDITY (PERCENT)
 HIGHEST   100           200 AM
 LOWEST     47           200 PM
 AVERAGE    74

..........................................................


THE NEWARK NJ CLIMATE NORMALS FOR TODAY
                         NORMAL    RECORD    YEAR
 MAXIMUM TEMPERATURE (F)   84       101      1988
 MINIMUM TEMPERATURE (F)   65        48      1940


SUNRISE AND SUNSET
JUNE 22 2015..........SUNRISE   526 AM EDT   SUNSET   831 PM EDT
JUNE 23 2015..........SUNRISE   526 AM EDT   SUNSET   832 PM EDT


-  INDICATES NEGATIVE NUMBERS.
R  INDICATES RECORD WAS SET OR TIED.
MM INDICATES DATA IS MISSING.
T  INDICATES TRACE AMOUNT.




$$
