681
CDUS41 KOKX 122031
CLIEWR


CLIMATE REPORT
NATIONAL WEATHER SERVICE NEW YORK NY
431 PM EDT FRI MAY 12 2017


...................................

...THE NEWARK NJ CLIMATE SUMMARY FOR MAY 12 2017...
VALID TODAY AS OF 0400 PM LOCAL TIME.

CLIMATE NORMAL PERIOD 1981 TO 2010
CLIMATE RECORD PERIOD 1929 TO 2017


WEATHER ITEM   OBSERVED TIME   RECORD YEAR NORMAL DEPARTURE LAST
                VALUE   (LST)  VALUE       VALUE  FROM      YEAR
                                                  NORMAL
..................................................................
TEMPERATURE (F)
 TODAY
  MAXIMUM         62   1138 AM  92    1959  71     -9       77
  MINIMUM         45    423 AM  40    1938  52     -7       54
  AVERAGE         54                        61     -7       66

PRECIPITATION (IN)
  TODAY            0.00          2.54 1943   0.12  -0.12     0.00
  MONTH TO DATE    3.15                      1.49   1.66     1.78
  SINCE MAR 1     11.71                      9.87   1.84     4.28
  SINCE JAN 1     18.45                     16.29   2.16    12.33

SNOWFALL (IN)
  TODAY            0.0           0.0  2002   0.0    0.0      0.0
                                      2001
  MONTH TO DATE    0.0                       0.0    0.0      0.0
  SINCE OCT 1     30.0                      28.5    1.5     32.8
  SINCE JUL 1     30.0                      28.5    1.5     32.8
  SNOW DEPTH       0

DEGREE DAYS
 HEATING
  TODAY           11                         5      6        0
  MONTH TO DATE   99                        75     24      115
  SINCE MAR 1   1136                      1160    -24      971
  SINCE JUL 1   4145                      4795   -650     3844

 COOLING
  TODAY            0                         1     -1        1
  MONTH TO DATE    5                        12     -7        1
  SINCE MAR 1     41                        24     17       19
  SINCE JAN 1     41                        24     17       19
..................................................................


WIND (MPH)
  HIGHEST WIND SPEED    15   HIGHEST WIND DIRECTION    SE (150)
  HIGHEST GUST SPEED    20   HIGHEST GUST DIRECTION    SE (120)
  AVERAGE WIND SPEED     5.7


SKY COVER
  AVERAGE SKY COVER 0.7


WEATHER CONDITIONS
 THE FOLLOWING WEATHER WAS RECORDED TODAY.
  NO SIGNIFICANT WEATHER WAS OBSERVED.


RELATIVE HUMIDITY (PERCENT)
 HIGHEST    82           400 AM
 LOWEST     51          1200 PM
 AVERAGE    67

..........................................................


THE NEWARK NJ CLIMATE NORMALS FOR TOMORROW
                         NORMAL    RECORD    YEAR
 MAXIMUM TEMPERATURE (F)   71        92      1956
 MINIMUM TEMPERATURE (F)   52        37      1938


SUNRISE AND SUNSET
MAY 12 2017...........SUNRISE   542 AM EDT   SUNSET   804 PM EDT
MAY 13 2017...........SUNRISE   541 AM EDT   SUNSET   805 PM EDT


-  INDICATES NEGATIVE NUMBERS.
R  INDICATES RECORD WAS SET OR TIED.
MM INDICATES DATA IS MISSING.
T  INDICATES TRACE AMOUNT.




$$
