000
CDUS41 KOKX 150616
CLIEWR


CLIMATE REPORT
NATIONAL WEATHER SERVICE NEW YORK NY
216 AM EDT SAT AUG 15 2015


...................................

...THE NEWARK NJ CLIMATE SUMMARY FOR AUGUST 14 2015...

CLIMATE NORMAL PERIOD 1981 TO 2010
CLIMATE RECORD PERIOD 1929 TO 2015


WEATHER ITEM   OBSERVED TIME   RECORD YEAR NORMAL DEPARTURE LAST
                VALUE   (LST)  VALUE       VALUE  FROM      YEAR
                                                  NORMAL
..................................................................
TEMPERATURE (F)
 YESTERDAY
  MAXIMUM         90    335 PM  98    2005  85      5       81
                                      1988
                                      1944
  MINIMUM         63    436 AM  50    1941  68     -5       62
  AVERAGE         77                        76      1       72

PRECIPITATION (IN)
  YESTERDAY        0.00          6.40 2011   0.12  -0.12     0.00
  MONTH TO DATE    1.13                      1.90  -0.77     1.17
  SINCE JUN 1      9.72                     10.68  -0.96    10.68
  SINCE JAN 1     27.33                     29.57  -2.24    34.03

SNOWFALL (IN)
  YESTERDAY        0.0           0.0  2002   0.0    0.0      0.0
                                      2001
  MONTH TO DATE    0.0                       0.0    0.0      0.0
  SINCE OCT 1     46.4                      28.5   17.9     61.1
  SINCE JUL 1      0.0                       0.0    0.0      0.0
  SNOW DEPTH       0

DEGREE DAYS
 HEATING
  YESTERDAY        0                         0      0        0
  MONTH TO DATE    0                         0      0        0
  SINCE JUN 1     29                        17     12        0
  SINCE JUL 1      0                         0      0        0

 COOLING
  YESTERDAY       12                        11      1        7
  MONTH TO DATE  181                       165     16      153
  SINCE JUN 1    871                       787     84      776
  SINCE JAN 1   1031                       863    168      838
..................................................................


WIND (MPH)
  HIGHEST WIND SPEED    15   HIGHEST WIND DIRECTION    SE (150)
  HIGHEST GUST SPEED    18   HIGHEST GUST DIRECTION     S (160)
  AVERAGE WIND SPEED     6.0


SKY COVER
  AVERAGE SKY COVER 0.3


WEATHER CONDITIONS
 THE FOLLOWING WEATHER WAS RECORDED YESTERDAY.
  NO SIGNIFICANT WEATHER WAS OBSERVED.


RELATIVE HUMIDITY (PERCENT)
 HIGHEST    73           500 AM
 LOWEST     34          1000 AM
 AVERAGE    54

..........................................................


THE NEWARK NJ CLIMATE NORMALS FOR TODAY
                         NORMAL    RECORD    YEAR
 MAXIMUM TEMPERATURE (F)   84        99      1988
                                             1947
                                             1944
 MINIMUM TEMPERATURE (F)   68        54      1964


SUNRISE AND SUNSET
AUGUST 15 2015........SUNRISE   607 AM EDT   SUNSET   755 PM EDT
AUGUST 16 2015........SUNRISE   608 AM EDT   SUNSET   754 PM EDT


-  INDICATES NEGATIVE NUMBERS.
R  INDICATES RECORD WAS SET OR TIED.
MM INDICATES DATA IS MISSING.
T  INDICATES TRACE AMOUNT.




$$
