173
CDUS41 KOKX 260623
CLIEWR


CLIMATE REPORT
NATIONAL WEATHER SERVICE NEW YORK NY
123 AM EST TUE JAN 26 2016


...................................

...THE NEWARK NJ CLIMATE SUMMARY FOR JANUARY 25 2016...

CLIMATE NORMAL PERIOD 1981 TO 2010
CLIMATE RECORD PERIOD 1929 TO 2016


WEATHER ITEM   OBSERVED TIME   RECORD YEAR NORMAL DEPARTURE LAST
                VALUE   (LST)  VALUE       VALUE  FROM      YEAR
                                                  NORMAL
..................................................................
TEMPERATURE (F)
 YESTERDAY
  MAXIMUM         37    422 PM  59    2010  39     -2       42
                                      1972
                                      1947
  MINIMUM         18    309 AM  -1    1935  24     -6       29
  AVERAGE         28                        32     -4       36

PRECIPITATION (IN)
  YESTERDAY        0.00          1.55 1978   0.10  -0.10     0.00
  MONTH TO DATE    4.00                      2.89   1.11     3.95
  SINCE DEC 1      8.40                      6.70   1.70     8.86
  SINCE JAN 1      4.00                      2.89   1.11     3.95

SNOWFALL (IN)
  YESTERDAY        0.0           5.5  2000   0.2   -0.2      0.0
  MONTH TO DATE   29.3                       6.2   23.1      7.5
  SINCE OCT 1     29.6                      12.0   17.6      9.2
  SINCE JUL 1     29.6                      12.0   17.6      9.2
  SNOW DEPTH      19

DEGREE DAYS
 HEATING
  YESTERDAY       37                        33      4       29
  MONTH TO DATE  804                       838    -34      876
  SINCE DEC 1   1269                      1720   -451     1641
  SINCE JUL 1   1901                      2588   -687     2473

 COOLING
  YESTERDAY        0                         0      0        0
  MONTH TO DATE    0                         0      0        0
  SINCE DEC 1      0                         0      0        0
  SINCE JAN 1      0                         0      0        0
..................................................................


WIND (MPH)
  HIGHEST WIND SPEED     7   HIGHEST WIND DIRECTION     S (180)
  HIGHEST GUST SPEED    13   HIGHEST GUST DIRECTION    NW (300)
  AVERAGE WIND SPEED     2.4


SKY COVER
  AVERAGE SKY COVER 0.5


WEATHER CONDITIONS
 THE FOLLOWING WEATHER WAS RECORDED YESTERDAY.
  NO SIGNIFICANT WEATHER WAS OBSERVED.


RELATIVE HUMIDITY (PERCENT)
 HIGHEST    77           300 AM
 LOWEST     48           300 PM
 AVERAGE    63

..........................................................


THE NEWARK NJ CLIMATE NORMALS FOR TODAY
                         NORMAL    RECORD    YEAR
 MAXIMUM TEMPERATURE (F)   39        74      1950
 MINIMUM TEMPERATURE (F)   24         4      1994
                                             1945


SUNRISE AND SUNSET
JANUARY 26 2016.......SUNRISE   712 AM EST   SUNSET   506 PM EST
JANUARY 27 2016.......SUNRISE   711 AM EST   SUNSET   508 PM EST


-  INDICATES NEGATIVE NUMBERS.
R  INDICATES RECORD WAS SET OR TIED.
MM INDICATES DATA IS MISSING.
T  INDICATES TRACE AMOUNT.




$$
