000
CDUS41 KOKX 170617
CLIEWR


CLIMATE REPORT
NATIONAL WEATHER SERVICE NEW YORK NY
117 AM EST SAT JAN 17 2015


...................................

...THE NEWARK NJ CLIMATE SUMMARY FOR JANUARY 16 2015...

CLIMATE NORMAL PERIOD 1981 TO 2010
CLIMATE RECORD PERIOD 1929 TO 2015


WEATHER ITEM   OBSERVED TIME   RECORD YEAR NORMAL DEPARTURE LAST
                VALUE   (LST)  VALUE       VALUE  FROM      YEAR
                                                  NORMAL
..................................................................
TEMPERATURE (F)
 YESTERDAY
  MAXIMUM         44    110 PM  58    1995  38      6       43
  MINIMUM         19   1159 PM   0    2004  24     -5       34
  AVERAGE         32                        31      1       39

PRECIPITATION (IN)
  YESTERDAY        0.00          1.38 1941   0.12  -0.12      T
  MONTH TO DATE    1.48                      1.90  -0.42     2.18
  SINCE DEC 1      6.39                      5.71   0.68     6.80
  SINCE JAN 1      1.48                      1.90  -0.42     2.18

SNOWFALL (IN)
  YESTERDAY        0.0           5.4  1965   0.2   -0.2      0.0
  MONTH TO DATE    2.4                       4.0   -1.6      9.1
  SINCE OCT 1      4.1                       9.8   -5.7     18.5
  SINCE JUL 1      4.1                       9.8   -5.7     18.5
  SNOW DEPTH       0

DEGREE DAYS
 HEATING
  YESTERDAY       33                        34     -1       26
  MONTH TO DATE  589                       534     55      551
  SINCE DEC 1   1354                      1416    -62     1413
  SINCE JUL 1   2186                      2284    -98     2283

 COOLING
  YESTERDAY        0                         0      0        0
  MONTH TO DATE    0                         0      0        0
  SINCE DEC 1      0                         0      0        0
  SINCE JAN 1      0                         0      0        0
..................................................................


WIND (MPH)
  HIGHEST WIND SPEED    32   HIGHEST WIND DIRECTION    NW (330)
  HIGHEST GUST SPEED    43   HIGHEST GUST DIRECTION    NW (320)
  AVERAGE WIND SPEED    15.8


SKY COVER
  AVERAGE SKY COVER 0.3


WEATHER CONDITIONS
 THE FOLLOWING WEATHER WAS RECORDED YESTERDAY.
  NO SIGNIFICANT WEATHER WAS OBSERVED.


RELATIVE HUMIDITY (PERCENT)
 HIGHEST    69           800 AM
 LOWEST     34           700 PM
 AVERAGE    52

..........................................................


THE NEWARK NJ CLIMATE NORMALS FOR TODAY
                         NORMAL    RECORD    YEAR
 MAXIMUM TEMPERATURE (F)   38        62      1990
 MINIMUM TEMPERATURE (F)   24        -7      1982


SUNRISE AND SUNSET
JANUARY 17 2015.......SUNRISE   718 AM EST   SUNSET   456 PM EST
JANUARY 18 2015.......SUNRISE   717 AM EST   SUNSET   457 PM EST


-  INDICATES NEGATIVE NUMBERS.
R  INDICATES RECORD WAS SET OR TIED.
MM INDICATES DATA IS MISSING.
T  INDICATES TRACE AMOUNT.




$$
