000
CDUS41 KOKX 080618
CLIEWR


CLIMATE REPORT
NATIONAL WEATHER SERVICE NEW YORK NY
118 AM EST WED FEB 8 2017


...................................

...THE NEWARK NJ CLIMATE SUMMARY FOR FEBRUARY 7 2017...

CLIMATE NORMAL PERIOD 1981 TO 2010
CLIMATE RECORD PERIOD 1929 TO 2017


WEATHER ITEM   OBSERVED TIME   RECORD YEAR NORMAL DEPARTURE LAST
                VALUE   (LST)  VALUE       VALUE  FROM      YEAR
                                                  NORMAL
..................................................................
TEMPERATURE (F)
 YESTERDAY
  MAXIMUM         41   1236 PM  55    1990  41      0       47
  MINIMUM         33    311 AM   5    1993  26      7       28
                                      1935
  AVERAGE         37                        33      4       38

PRECIPITATION (IN)
  YESTERDAY        0.27          2.15 1941   0.10   0.17     0.00
  MONTH TO DATE    0.27                      0.71  -0.44     1.12
  SINCE DEC 1      7.83                      8.06  -0.23     9.53
  SINCE JAN 1      4.92                      4.25   0.67     5.13

SNOWFALL (IN)
  YESTERDAY        0.0          12.6  1967   0.3   -0.3      0.0
  MONTH TO DATE    T                         2.4   -2.4      2.8
  SINCE OCT 1     12.7                      16.1   -3.4     28.8
  SINCE JUL 1     12.7                      16.1   -3.4     28.8
  SNOW DEPTH       0

DEGREE DAYS
 HEATING
  YESTERDAY       28                        32     -4       27
  MONTH TO DATE  202                       226    -24      160
  SINCE DEC 1   1875                      2142   -267     1601
  SINCE JUL 1   2558                      3010   -452     2233

 COOLING
  YESTERDAY        0                         0      0        0
  MONTH TO DATE    0                         0      0        0
  SINCE DEC 1      0                         0      0        0
  SINCE JAN 1      0                         0      0        0
..................................................................


WIND (MPH)
  HIGHEST WIND SPEED    16   HIGHEST WIND DIRECTION    NE (30)
  HIGHEST GUST SPEED    19   HIGHEST GUST DIRECTION    NE (30)
  AVERAGE WIND SPEED     8.3


SKY COVER
  AVERAGE SKY COVER 1.0


WEATHER CONDITIONS
 THE FOLLOWING WEATHER WAS RECORDED YESTERDAY.
  RAIN
  LIGHT RAIN
  FOG


RELATIVE HUMIDITY (PERCENT)
 HIGHEST   100          1200 PM
 LOWEST     70          1200 AM
 AVERAGE    85

..........................................................


THE NEWARK NJ CLIMATE NORMALS FOR TODAY
                         NORMAL    RECORD    YEAR
 MAXIMUM TEMPERATURE (F)   41        63      1965
 MINIMUM TEMPERATURE (F)   26        -7      1934


SUNRISE AND SUNSET
FEBRUARY  8 2017......SUNRISE   659 AM EST   SUNSET   523 PM EST
FEBRUARY  9 2017......SUNRISE   658 AM EST   SUNSET   525 PM EST


-  INDICATES NEGATIVE NUMBERS.
R  INDICATES RECORD WAS SET OR TIED.
MM INDICATES DATA IS MISSING.
T  INDICATES TRACE AMOUNT.




$$
