000
CDUS41 KOKX 190622
CLIEWR


CLIMATE REPORT
NATIONAL WEATHER SERVICE NEW YORK NY
222 AM EDT THU OCT 19 2017


...................................

...THE NEWARK NJ CLIMATE SUMMARY FOR OCTOBER 18 2017...

CLIMATE NORMAL PERIOD 1981 TO 2010
CLIMATE RECORD PERIOD 1929 TO 2017


WEATHER ITEM   OBSERVED TIME   RECORD YEAR NORMAL DEPARTURE LAST
                VALUE   (LST)  VALUE       VALUE  FROM      YEAR
                                                  NORMAL
..................................................................
TEMPERATURE (F)
 YESTERDAY
  MAXIMUM         74    314 PM  85    2016  65      9       85
  MINIMUM         45    622 AM  32    1982  47     -2       62
  AVERAGE         60                        56      4       74

PRECIPITATION (IN)
  YESTERDAY        0.00          1.29 1932   0.11  -0.11     0.00
  MONTH TO DATE    0.65                      2.11  -1.46     0.66
  SINCE SEP 1      2.37                      5.93  -3.56     2.83
  SINCE JAN 1     40.05                     37.30   2.75    26.64

SNOWFALL (IN)
  YESTERDAY        0.0           T    1972   0.0    0.0      0.0
  MONTH TO DATE    0.0                       0.0    0.0      0.0
  SINCE OCT 1      0.0                       0.0    0.0      0.0
  SINCE JUL 1      0.0                       0.0    0.0      0.0
  SNOW DEPTH       0

DEGREE DAYS
 HEATING
  YESTERDAY        5                         9     -4        0
  MONTH TO DATE   50                       126    -76       86
  SINCE SEP 1     67                       170   -103      102
  SINCE JUL 1     67                       171   -104      102

 COOLING
  YESTERDAY        0                         0      0        9
  MONTH TO DATE   74                        14     60       19
  SINCE SEP 1    276                       154    122      247
  SINCE JAN 1   1304                      1188    116     1557
..................................................................


WIND (MPH)
  HIGHEST WIND SPEED    13   HIGHEST WIND DIRECTION    SW (230)
  HIGHEST GUST SPEED    17   HIGHEST GUST DIRECTION    SW (230)
  AVERAGE WIND SPEED     6.7


SKY COVER
  AVERAGE SKY COVER 0.0


WEATHER CONDITIONS
 THE FOLLOWING WEATHER WAS RECORDED YESTERDAY.
  NO SIGNIFICANT WEATHER WAS OBSERVED.


RELATIVE HUMIDITY (PERCENT)
 HIGHEST    76           500 AM
 LOWEST     35          1200 PM
 AVERAGE    56

..........................................................


THE NEWARK NJ CLIMATE NORMALS FOR TODAY
                         NORMAL    RECORD    YEAR
 MAXIMUM TEMPERATURE (F)   64        87      2016
 MINIMUM TEMPERATURE (F)   47        30      1976
                                             1948


SUNRISE AND SUNSET
OCTOBER 19 2017.......SUNRISE   712 AM EDT   SUNSET   610 PM EDT
OCTOBER 20 2017.......SUNRISE   714 AM EDT   SUNSET   609 PM EDT


-  INDICATES NEGATIVE NUMBERS.
R  INDICATES RECORD WAS SET OR TIED.
MM INDICATES DATA IS MISSING.
T  INDICATES TRACE AMOUNT.




$$
