472
CDUS41 KOKX 080618
CLIEWR


CLIMATE REPORT
NATIONAL WEATHER SERVICE NEW YORK NY
117 AM EST MON FEB 8 2016


...................................

...THE NEWARK NJ CLIMATE SUMMARY FOR FEBRUARY 7 2016...

CLIMATE NORMAL PERIOD 1981 TO 2010
CLIMATE RECORD PERIOD 1929 TO 2016


WEATHER ITEM   OBSERVED TIME   RECORD YEAR NORMAL DEPARTURE LAST
                VALUE   (LST)  VALUE       VALUE  FROM      YEAR
                                                  NORMAL
..................................................................
TEMPERATURE (F)
 YESTERDAY
  MAXIMUM         47    236 PM  55    1990  41      6       37
  MINIMUM         28    715 AM   5    1993  26      2       17
                                      1935
  AVERAGE         38                        33      5       27

PRECIPITATION (IN)
  YESTERDAY        0.00          2.15 1941   0.10  -0.10      T
  MONTH TO DATE    1.12                      0.71   0.41     1.17
  SINCE DEC 1      9.53                      8.06   1.47    10.50
  SINCE JAN 1      5.13                      4.25   0.88     5.59

SNOWFALL (IN)
  YESTERDAY        0.0          12.6  1967   0.3   -0.3       T
  MONTH TO DATE    2.8                       2.4    0.4      4.6
  SINCE OCT 1     32.4                      16.1   16.3     21.2
  SINCE JUL 1     32.4                      16.1   16.3     21.2
  SNOW DEPTH       0

DEGREE DAYS
 HEATING
  YESTERDAY       27                        32     -5       38
  MONTH TO DATE  160                       226    -66      286
  SINCE DEC 1   1601                      2142   -541     2174
  SINCE JUL 1   2233                      3010   -777     3006

 COOLING
  YESTERDAY        0                         0      0        0
  MONTH TO DATE    0                         0      0        0
  SINCE DEC 1      0                         0      0        0
  SINCE JAN 1      0                         0      0        0
..................................................................


WIND (MPH)
  HIGHEST WIND SPEED    20   HIGHEST WIND DIRECTION    NE (30)
  HIGHEST GUST SPEED    25   HIGHEST GUST DIRECTION    NE (30)
  AVERAGE WIND SPEED     4.7


SKY COVER
  AVERAGE SKY COVER 0.6


WEATHER CONDITIONS
 THE FOLLOWING WEATHER WAS RECORDED YESTERDAY.
  NO SIGNIFICANT WEATHER WAS OBSERVED.


RELATIVE HUMIDITY (PERCENT)
 HIGHEST    78           500 AM
 LOWEST     38           200 PM
 AVERAGE    58

..........................................................


THE NEWARK NJ CLIMATE NORMALS FOR TODAY
                         NORMAL    RECORD    YEAR
 MAXIMUM TEMPERATURE (F)   41        63      1965
 MINIMUM TEMPERATURE (F)   26        -7      1934


SUNRISE AND SUNSET
FEBRUARY  8 2016......SUNRISE   700 AM EST   SUNSET   522 PM EST
FEBRUARY  9 2016......SUNRISE   659 AM EST   SUNSET   524 PM EST


-  INDICATES NEGATIVE NUMBERS.
R  INDICATES RECORD WAS SET OR TIED.
MM INDICATES DATA IS MISSING.
T  INDICATES TRACE AMOUNT.




$$
