000
CDUS41 KOKX 210618
CLIEWR


CLIMATE REPORT
NATIONAL WEATHER SERVICE NEW YORK NY
218 AM EDT TUE MAR 21 2017


...................................

...THE NEWARK NJ CLIMATE SUMMARY FOR MARCH 20 2017...

CLIMATE NORMAL PERIOD 1981 TO 2010
CLIMATE RECORD PERIOD 1929 TO 2017


WEATHER ITEM   OBSERVED TIME   RECORD YEAR NORMAL DEPARTURE LAST
                VALUE   (LST)  VALUE       VALUE  FROM      YEAR
                                                  NORMAL
..................................................................
TEMPERATURE (F)
 YESTERDAY
  MAXIMUM         55    430 PM  85    1945  52      3       44
  MINIMUM         34    617 AM  15    1949  35     -1       33
  AVERAGE         45                        43      2       39

PRECIPITATION (IN)
  YESTERDAY        0.00          1.75 1958   0.14  -0.14     0.07
  MONTH TO DATE    1.71                      2.59  -0.88     0.89
  SINCE MAR 1      1.71                      2.59  -0.88     0.89
  SINCE JAN 1      8.45                      9.01  -0.56     8.94

SNOWFALL (IN)
  YESTERDAY        0.0           9.5  1958   0.1   -0.1      0.2
  MONTH TO DATE    9.4                       3.6    5.8      1.6
  SINCE OCT 1     30.0                      26.6    3.4     32.8
  SINCE JUL 1     30.0                      26.6    3.4     32.8
  SNOW DEPTH       1

DEGREE DAYS
 HEATING
  YESTERDAY       20                        22     -2       26
  MONTH TO DATE  548                       493     55      338
  SINCE MAR 1    548                       493     55      338
  SINCE JUL 1   3557                      4128   -571     3211

 COOLING
  YESTERDAY        0                         0      0        0
  MONTH TO DATE    0                         0      0        5
  SINCE MAR 1      0                         0      0        5
  SINCE JAN 1      0                         0      0        5
..................................................................


WIND (MPH)
  HIGHEST WIND SPEED    17   HIGHEST WIND DIRECTION     N (360)
  HIGHEST GUST SPEED    24   HIGHEST GUST DIRECTION    NW (320)
  AVERAGE WIND SPEED    10.4


SKY COVER
  AVERAGE SKY COVER 0.5


WEATHER CONDITIONS
 THE FOLLOWING WEATHER WAS RECORDED YESTERDAY.
  NO SIGNIFICANT WEATHER WAS OBSERVED.


RELATIVE HUMIDITY (PERCENT)
 HIGHEST    61           600 AM
 LOWEST     18           400 PM
 AVERAGE    40

..........................................................


THE NEWARK NJ CLIMATE NORMALS FOR TODAY
                         NORMAL    RECORD    YEAR
 MAXIMUM TEMPERATURE (F)   52        76      1938
 MINIMUM TEMPERATURE (F)   35        16      1986


SUNRISE AND SUNSET
MARCH 21 2017.........SUNRISE   658 AM EDT   SUNSET   710 PM EDT
MARCH 22 2017.........SUNRISE   656 AM EDT   SUNSET   711 PM EDT


-  INDICATES NEGATIVE NUMBERS.
R  INDICATES RECORD WAS SET OR TIED.
MM INDICATES DATA IS MISSING.
T  INDICATES TRACE AMOUNT.




$$
