000
CDUS41 KOKX 160617
CLIEWR


CLIMATE REPORT
NATIONAL WEATHER SERVICE NEW YORK NY
116 AM EST MON JAN 16 2017


...................................

...THE NEWARK NJ CLIMATE SUMMARY FOR JANUARY 15 2017...

CLIMATE NORMAL PERIOD 1981 TO 2010
CLIMATE RECORD PERIOD 1929 TO 2017


WEATHER ITEM   OBSERVED TIME   RECORD YEAR NORMAL DEPARTURE LAST
                VALUE   (LST)  VALUE       VALUE  FROM      YEAR
                                                  NORMAL
..................................................................
TEMPERATURE (F)
 YESTERDAY
  MAXIMUM         41    257 PM  67    1932  38      3       49
  MINIMUM         29    741 AM   0    1957  24      5       29
  AVERAGE         35                        31      4       39

PRECIPITATION (IN)
  YESTERDAY        0.00          1.14 1999   0.12  -0.12      T
  MONTH TO DATE    1.86                      1.78   0.08     1.79
  SINCE DEC 1      4.77                      5.59  -0.82     6.19
  SINCE JAN 1      1.86                      1.78   0.08     1.79

SNOWFALL (IN)
  YESTERDAY        0.0           5.8  2004   0.3   -0.3      0.0
  MONTH TO DATE    8.8                       3.8    5.0       T
  SINCE OCT 1     12.2                       9.6    2.6      0.3
  SINCE JUL 1     12.2                       9.6    2.6      0.3
  SNOW DEPTH       1

DEGREE DAYS
 HEATING
  YESTERDAY       30                        34     -4       26
  MONTH TO DATE  441                       500    -59      457
  SINCE DEC 1   1281                      1382   -101      922
  SINCE JUL 1   1964                      2250   -286     1554

 COOLING
  YESTERDAY        0                         0      0        0
  MONTH TO DATE    0                         0      0        0
  SINCE DEC 1      0                         0      0        0
  SINCE JAN 1      0                         0      0        0
..................................................................


WIND (MPH)
  HIGHEST WIND SPEED    17   HIGHEST WIND DIRECTION    NW (330)
  HIGHEST GUST SPEED    22   HIGHEST GUST DIRECTION    NW (310)
  AVERAGE WIND SPEED     7.1


SKY COVER
  AVERAGE SKY COVER 0.5


WEATHER CONDITIONS
 THE FOLLOWING WEATHER WAS RECORDED YESTERDAY.
  NO SIGNIFICANT WEATHER WAS OBSERVED.


RELATIVE HUMIDITY (PERCENT)
 HIGHEST    92          1200 AM
 LOWEST     45           300 PM
 AVERAGE    69

..........................................................


THE NEWARK NJ CLIMATE NORMALS FOR TODAY
                         NORMAL    RECORD    YEAR
 MAXIMUM TEMPERATURE (F)   38        58      1995
 MINIMUM TEMPERATURE (F)   24         0      2004


SUNRISE AND SUNSET
JANUARY 16 2017.......SUNRISE   718 AM EST   SUNSET   455 PM EST
JANUARY 17 2017.......SUNRISE   717 AM EST   SUNSET   457 PM EST


-  INDICATES NEGATIVE NUMBERS.
R  INDICATES RECORD WAS SET OR TIED.
MM INDICATES DATA IS MISSING.
T  INDICATES TRACE AMOUNT.




$$
