000
CDUS41 KOKX 220620
CLIEWR


CLIMATE REPORT
NATIONAL WEATHER SERVICE NEW YORK NY
220 AM EDT THU JUN 22 2017


...................................

...THE NEWARK NJ CLIMATE SUMMARY FOR JUNE 21 2017...

CLIMATE NORMAL PERIOD 1981 TO 2010
CLIMATE RECORD PERIOD 1929 TO 2017


WEATHER ITEM   OBSERVED TIME   RECORD YEAR NORMAL DEPARTURE LAST
                VALUE   (LST)  VALUE       VALUE  FROM      YEAR
                                                  NORMAL
..................................................................
TEMPERATURE (F)
 YESTERDAY
  MAXIMUM         87    305 PM 100    1953  83      4       91
  MINIMUM         68    413 AM  46    1940  65      3       73
  AVERAGE         78                        74      4       82

PRECIPITATION (IN)
  YESTERDAY        0.00          1.89 2003   0.13  -0.13      T
  MONTH TO DATE    3.17                      2.90   0.27     1.63
  SINCE JUN 1      3.17                      2.90   0.27     1.63
  SINCE JAN 1     25.71                     21.79   3.92    16.03

SNOWFALL (IN)
  YESTERDAY        0.0           0.0  2002   0.0    0.0      0.0
                                      2001
  MONTH TO DATE    0.0                       0.0    0.0      0.0
  SINCE OCT 1     30.0                      28.5    1.5     32.8
  SINCE JUL 1     30.0                      28.5    1.5     32.8
  SNOW DEPTH       0

DEGREE DAYS
 HEATING
  YESTERDAY        0                         0      0        0
  MONTH TO DATE   18                        15      3        4
  SINCE JUN 1     18                        15      3        4
  SINCE JUL 1   4233                      4870   -637     3899

 COOLING
  YESTERDAY       13                         9      4       17
  MONTH TO DATE  158                       144     14      149
  SINCE JUN 1    158                       144     14      149
  SINCE JAN 1    253                       220     33      267
..................................................................


WIND (MPH)
  HIGHEST WIND SPEED    22   HIGHEST WIND DIRECTION    SW (240)
  HIGHEST GUST SPEED    29   HIGHEST GUST DIRECTION     W (270)
  AVERAGE WIND SPEED    11.2


SKY COVER
  AVERAGE SKY COVER 0.5


WEATHER CONDITIONS
 THE FOLLOWING WEATHER WAS RECORDED YESTERDAY.
  HAZE


RELATIVE HUMIDITY (PERCENT)
 HIGHEST    78           400 AM
 LOWEST     32           200 PM
 AVERAGE    55

..........................................................


THE NEWARK NJ CLIMATE NORMALS FOR TODAY
                         NORMAL    RECORD    YEAR
 MAXIMUM TEMPERATURE (F)   84       101      1988
 MINIMUM TEMPERATURE (F)   65        48      1940


SUNRISE AND SUNSET
JUNE 22 2017..........SUNRISE   526 AM EDT   SUNSET   831 PM EDT
JUNE 23 2017..........SUNRISE   526 AM EDT   SUNSET   832 PM EDT


-  INDICATES NEGATIVE NUMBERS.
R  INDICATES RECORD WAS SET OR TIED.
MM INDICATES DATA IS MISSING.
T  INDICATES TRACE AMOUNT.




$$
