586
CDUS41 KOKX 260617
CLIEWR


CLIMATE REPORT
NATIONAL WEATHER SERVICE NEW YORK NY
217 AM EDT TUE APR 26 2016


...................................

...THE NEWARK NJ CLIMATE SUMMARY FOR APRIL 25 2016...

CLIMATE NORMAL PERIOD 1981 TO 2010
CLIMATE RECORD PERIOD 1929 TO 2016


WEATHER ITEM   OBSERVED TIME   RECORD YEAR NORMAL DEPARTURE LAST
                VALUE   (LST)  VALUE       VALUE  FROM      YEAR
                                                  NORMAL
..................................................................
TEMPERATURE (F)
 YESTERDAY
  MAXIMUM         68    204 PM  91    1960  66      2       62
  MINIMUM         48   1240 AM  34    1936  47      1       36
  AVERAGE         58                        56      2       49

PRECIPITATION (IN)
  YESTERDAY        0.00          1.25 2010   0.13  -0.13     0.00
  MONTH TO DATE    0.99                      3.54  -2.55     1.67
  SINCE MAR 1      2.37                      7.72  -5.35     6.30
  SINCE JAN 1     10.42                     14.14  -3.72    12.78

SNOWFALL (IN)
  YESTERDAY        0.0           0.0  2002   0.0    0.0      0.0
                                      2001
  MONTH TO DATE    T                         0.9   -0.9       T
  SINCE OCT 1     36.4                      28.5    7.9     46.4
  SINCE JUL 1     36.4                      28.5    7.9     46.4
  SNOW DEPTH       0

DEGREE DAYS
 HEATING
  YESTERDAY        7                         9     -2       16
  MONTH TO DATE  310                       334    -24      287
  SINCE MAR 1    804                      1043   -239     1126
  SINCE JUL 1   3677                      4678  -1001     5029

 COOLING
  YESTERDAY        0                         1     -1        0
  MONTH TO DATE   13                         4      9        3
  SINCE MAR 1     18                         5     13        3
  SINCE JAN 1     18                         5     13        3
..................................................................


WIND (MPH)
  HIGHEST WIND SPEED    13   HIGHEST WIND DIRECTION     E (90)
  HIGHEST GUST SPEED    16   HIGHEST GUST DIRECTION     E (110)
  AVERAGE WIND SPEED     5.4


SKY COVER
  AVERAGE SKY COVER 0.7


WEATHER CONDITIONS
 THE FOLLOWING WEATHER WAS RECORDED YESTERDAY.
  NO SIGNIFICANT WEATHER WAS OBSERVED.


RELATIVE HUMIDITY (PERCENT)
 HIGHEST    72          1000 PM
 LOWEST     34          1000 AM
 AVERAGE    53

..........................................................


THE NEWARK NJ CLIMATE NORMALS FOR TODAY
                         NORMAL    RECORD    YEAR
 MAXIMUM TEMPERATURE (F)   66        93      2009
 MINIMUM TEMPERATURE (F)   47        34      1934


SUNRISE AND SUNSET
APRIL 26 2016.........SUNRISE   601 AM EDT   SUNSET   748 PM EDT
APRIL 27 2016.........SUNRISE   600 AM EDT   SUNSET   749 PM EDT


-  INDICATES NEGATIVE NUMBERS.
R  INDICATES RECORD WAS SET OR TIED.
MM INDICATES DATA IS MISSING.
T  INDICATES TRACE AMOUNT.




$$
