991
CDUS41 KOKX 230616
CLIEWR


CLIMATE REPORT
NATIONAL WEATHER SERVICE NEW YORK NY
116 AM EST THU FEB 23 2017


...................................

...THE NEWARK NJ CLIMATE SUMMARY FOR FEBRUARY 22 2017...

CLIMATE NORMAL PERIOD 1981 TO 2010
CLIMATE RECORD PERIOD 1929 TO 2017


WEATHER ITEM   OBSERVED TIME   RECORD YEAR NORMAL DEPARTURE LAST
                VALUE   (LST)  VALUE       VALUE  FROM      YEAR
                                                  NORMAL
..................................................................
TEMPERATURE (F)
 YESTERDAY
  MAXIMUM         59        MM  70    1997  44     15       54
  MINIMUM         41        MM   8    1963  28     13       35
  AVERAGE         50                        36     14       45

PRECIPITATION (IN)
  YESTERDAY        T             1.53 2003   0.10  -0.10     0.00
  MONTH TO DATE    1.55                      2.22  -0.67     2.67
  SINCE DEC 1      9.11                      9.57  -0.46    11.08
  SINCE JAN 1      6.20                      5.76   0.44     6.68

SNOWFALL (IN)
  YESTERDAY        0.0           6.8  2008   0.4   -0.4      0.0
  MONTH TO DATE    7.9                       7.6    0.3      5.2
  SINCE OCT 1     20.6                      21.3   -0.7     31.2
  SINCE JUL 1     20.6                      21.3   -0.7     31.2
  SNOW DEPTH       0

DEGREE DAYS
 HEATING
  YESTERDAY       15                        29    -14       20
  MONTH TO DATE  572                       682   -110      652
  SINCE DEC 1   2245                      2598   -353     2093
  SINCE JUL 1   2928                      3466   -538     2725

 COOLING
  YESTERDAY        0                         0      0        0
  MONTH TO DATE    0                         0      0        0
  SINCE DEC 1      0                         0      0        0
  SINCE JAN 1      0                         0      0        0
..................................................................


WIND (MPH)
  HIGHEST WIND SPEED    10   HIGHEST WIND DIRECTION    SW (210)
  HIGHEST GUST SPEED    MM   HIGHEST GUST DIRECTION    MM
  AVERAGE WIND SPEED     5.1


SKY COVER
  AVERAGE SKY COVER 0.9


WEATHER CONDITIONS
 THE FOLLOWING WEATHER WAS RECORDED YESTERDAY.
  NO SIGNIFICANT WEATHER WAS OBSERVED.


RELATIVE HUMIDITY (PERCENT)
 HIGHEST    77          1100 PM
 LOWEST     51           400 PM
 AVERAGE    64

..........................................................


THE NEWARK NJ CLIMATE NORMALS FOR TODAY
                         NORMAL    RECORD    YEAR
 MAXIMUM TEMPERATURE (F)   44        68      1985
 MINIMUM TEMPERATURE (F)   28         7      2015


SUNRISE AND SUNSET
FEBRUARY 23 2017......SUNRISE   639 AM EST   SUNSET   541 PM EST
FEBRUARY 24 2017......SUNRISE   638 AM EST   SUNSET   542 PM EST


-  INDICATES NEGATIVE NUMBERS.
R  INDICATES RECORD WAS SET OR TIED.
MM INDICATES DATA IS MISSING.
T  INDICATES TRACE AMOUNT.




$$
