000
CDUS41 KOKX 280616
CLIEWR


CLIMATE REPORT
NATIONAL WEATHER SERVICE NEW YORK NY
215 AM EDT SUN SEP 28 2014


...................................

...THE NEWARK NJ CLIMATE SUMMARY FOR SEPTEMBER 27 2014...

CLIMATE NORMAL PERIOD 1981 TO 2010
CLIMATE RECORD PERIOD 1929 TO 2014


WEATHER ITEM   OBSERVED TIME   RECORD YEAR NORMAL DEPARTURE LAST
                VALUE   (LST)  VALUE       VALUE  FROM      YEAR
                                                  NORMAL
..................................................................
TEMPERATURE (F)
 YESTERDAY
  MAXIMUM         84    424 PM  91    1998  72     12       70
  MINIMUM         56    454 AM  35    1947  55      1       54
  AVERAGE         70                        64      6       62

PRECIPITATION (IN)
  YESTERDAY        0.00          3.00 1985   0.13  -0.13     0.00
  MONTH TO DATE    1.52                      3.39  -1.87     1.54
  SINCE SEP 1      1.52                      3.39  -1.87     1.54
  SINCE JAN 1     36.14                     34.76   1.38    34.84

SNOWFALL (IN)
  YESTERDAY        0.0           0.0  2002   0.0    0.0      0.0
                                      2001
  MONTH TO DATE    0.0                       0.0    0.0      0.0
  SINCE OCT 1     61.1                      28.5   32.6     29.5
  SINCE JUL 1      0.0                       0.0    0.0      0.0
  SNOW DEPTH       0

DEGREE DAYS
 HEATING
  YESTERDAY        0                         3     -3        3
  MONTH TO DATE   19                        31    -12       43
  SINCE SEP 1     19                        31    -12       43
  SINCE JUL 1     19                        32    -13       43

 COOLING
  YESTERDAY        5                         2      3        0
  MONTH TO DATE  151                       133     18      119
  SINCE SEP 1    151                       133     18      119
  SINCE JAN 1   1136                      1167    -31     1290
..................................................................


WIND (MPH)
  HIGHEST WIND SPEED    13   HIGHEST WIND DIRECTION    NE (30)
  HIGHEST GUST SPEED    17   HIGHEST GUST DIRECTION    NE (30)
  AVERAGE WIND SPEED     4.5


SKY COVER
  AVERAGE SKY COVER 0.0


WEATHER CONDITIONS
 THE FOLLOWING WEATHER WAS RECORDED YESTERDAY.
  NO SIGNIFICANT WEATHER WAS OBSERVED.


RELATIVE HUMIDITY (PERCENT)
 HIGHEST    86           500 AM
 LOWEST     32           200 PM
 AVERAGE    59

..........................................................


THE NEWARK NJ CLIMATE NORMALS FOR TODAY
                         NORMAL    RECORD    YEAR
 MAXIMUM TEMPERATURE (F)   72        85      1954
                                             1943
 MINIMUM TEMPERATURE (F)   55        38      1947


SUNRISE AND SUNSET
SEPTEMBER 28 2014.....SUNRISE   650 AM EDT   SUNSET   644 PM EDT
SEPTEMBER 29 2014.....SUNRISE   651 AM EDT   SUNSET   642 PM EDT


-  INDICATES NEGATIVE NUMBERS.
R  INDICATES RECORD WAS SET OR TIED.
MM INDICATES DATA IS MISSING.
T  INDICATES TRACE AMOUNT.




$$
