553
CDUS41 KOKX 152035
CLIEWR


CLIMATE REPORT
NATIONAL WEATHER SERVICE NEW YORK NY
435 PM EDT SUN OCT 15 2017


...................................

...THE NEWARK NJ CLIMATE SUMMARY FOR OCTOBER 15 2017...
VALID TODAY AS OF 0400 PM LOCAL TIME.

CLIMATE NORMAL PERIOD 1981 TO 2010
CLIMATE RECORD PERIOD 1929 TO 2017


WEATHER ITEM   OBSERVED TIME   RECORD YEAR NORMAL DEPARTURE LAST
                VALUE   (LST)  VALUE       VALUE  FROM      YEAR
                                                  NORMAL
..................................................................
TEMPERATURE (F)
 TODAY
  MAXIMUM         73    256 PM  86    1956  66      7       64
  MINIMUM         65    628 AM  32    1937  48     17       42
  AVERAGE         69                        57     12       53

PRECIPITATION (IN)
  TODAY            T             1.76 1943   0.12  -0.12     0.00
  MONTH TO DATE    0.64                      1.78  -1.14     0.66
  SINCE SEP 1      2.36                      5.60  -3.24     2.83
  SINCE JAN 1     40.04                     36.97   3.07    26.64

SNOWFALL (IN)
  TODAY            0.0           0.0  2002   0.0    0.0      0.0
                                      2001
  MONTH TO DATE    0.0                       0.0    0.0      0.0
  SINCE OCT 1      0.0                       0.0    0.0      0.0
  SINCE JUL 1      0.0                       0.0    0.0      0.0
  SNOW DEPTH       0

DEGREE DAYS
 HEATING
  TODAY            0                         9     -9       12
  MONTH TO DATE   24                        99    -75       80
  SINCE SEP 1     41                       143   -102       96
  SINCE JUL 1     41                       144   -103       96

 COOLING
  TODAY            4                         0      4        0
  MONTH TO DATE   74                        14     60        3
  SINCE SEP 1    276                       154    122      231
  SINCE JAN 1   1304                      1188    116     1541
..................................................................


WIND (MPH)
  HIGHEST WIND SPEED    20   HIGHEST WIND DIRECTION    SW (220)
  HIGHEST GUST SPEED    26   HIGHEST GUST DIRECTION    SW (230)
  AVERAGE WIND SPEED     8.0


SKY COVER
  AVERAGE SKY COVER 0.9


WEATHER CONDITIONS
 THE FOLLOWING WEATHER WAS RECORDED TODAY.
  LIGHT RAIN
  FOG


RELATIVE HUMIDITY (PERCENT)
 HIGHEST    93           500 AM
 LOWEST     68          1200 PM
 AVERAGE    81

..........................................................


THE NEWARK NJ CLIMATE NORMALS FOR TOMORROW
                         NORMAL    RECORD    YEAR
 MAXIMUM TEMPERATURE (F)   65        84      1958
 MINIMUM TEMPERATURE (F)   48        31      1944


SUNRISE AND SUNSET
OCTOBER 15 2017.......SUNRISE   708 AM EDT   SUNSET   616 PM EDT
OCTOBER 16 2017.......SUNRISE   709 AM EDT   SUNSET   615 PM EDT


-  INDICATES NEGATIVE NUMBERS.
R  INDICATES RECORD WAS SET OR TIED.
MM INDICATES DATA IS MISSING.
T  INDICATES TRACE AMOUNT.




$$
