000
CDUS41 KOKX 260622
CLIEWR


CLIMATE REPORT
NATIONAL WEATHER SERVICE NEW YORK NY
222 AM EDT THU MAR 26 2015


...................................

...THE NEWARK NJ CLIMATE SUMMARY FOR MARCH 25 2015...

CLIMATE NORMAL PERIOD 1981 TO 2010
CLIMATE RECORD PERIOD 1929 TO 2015


WEATHER ITEM   OBSERVED TIME   RECORD YEAR NORMAL DEPARTURE LAST
                VALUE   (LST)  VALUE       VALUE  FROM      YEAR
                                                  NORMAL
..................................................................
TEMPERATURE (F)
 YESTERDAY
  MAXIMUM         47   1217 PM  79    1963  54     -7       39
  MINIMUM         29    522 AM  18    1956  36     -7       22
                                      1940
  AVERAGE         38                        45     -7       31

PRECIPITATION (IN)
  YESTERDAY        0.06          1.21 1969   0.15  -0.09      T
  MONTH TO DATE    3.90                      3.32   0.58     0.89
  SINCE MAR 1      3.90                      3.32   0.58     0.89
  SINCE JAN 1     10.38                      9.74   0.64     8.61

SNOWFALL (IN)
  YESTERDAY        0.0           3.0  1933   0.1   -0.1       T
  MONTH TO DATE   16.3                       4.1   12.2      0.2
  SINCE OCT 1     46.4                      27.1   19.3     60.7
  SINCE JUL 1     46.4                      27.1   19.3     60.7
  SNOW DEPTH       0

DEGREE DAYS
 HEATING
  YESTERDAY       27                        20      7       34
  MONTH TO DATE  707                       596    111      700
  SINCE MAR 1    707                       596    111      700
  SINCE JUL 1   4610                      4231    379     4575

 COOLING
  YESTERDAY        0                         0      0        0
  MONTH TO DATE    0                         0      0        0
  SINCE MAR 1      0                         0      0        0
  SINCE JAN 1      0                         0      0        0
..................................................................


WIND (MPH)
  HIGHEST WIND SPEED    15   HIGHEST WIND DIRECTION    SE (150)
  HIGHEST GUST SPEED    18   HIGHEST GUST DIRECTION    SE (130)
  AVERAGE WIND SPEED     4.0


SKY COVER
  AVERAGE SKY COVER 0.7


WEATHER CONDITIONS
 THE FOLLOWING WEATHER WAS RECORDED YESTERDAY.
  LIGHT RAIN
  FOG


RELATIVE HUMIDITY (PERCENT)
 HIGHEST    92           800 PM
 LOWEST     26          1100 AM
 AVERAGE    59

..........................................................


THE NEWARK NJ CLIMATE NORMALS FOR TODAY
                         NORMAL    RECORD    YEAR
 MAXIMUM TEMPERATURE (F)   54        73      1986
                                             1943
 MINIMUM TEMPERATURE (F)   37        19      1960


SUNRISE AND SUNSET
MARCH 26 2015.........SUNRISE   651 AM EDT   SUNSET   715 PM EDT
MARCH 27 2015.........SUNRISE   649 AM EDT   SUNSET   716 PM EDT


-  INDICATES NEGATIVE NUMBERS.
R  INDICATES RECORD WAS SET OR TIED.
MM INDICATES DATA IS MISSING.
T  INDICATES TRACE AMOUNT.




$$
