000
CDUS41 KOKX 200615
CLIEWR


CLIMATE REPORT
NATIONAL WEATHER SERVICE NEW YORK NY
215 AM EDT MON OCT 20 2014


...................................

...THE NEWARK NJ CLIMATE SUMMARY FOR OCTOBER 19 2014...

CLIMATE NORMAL PERIOD 1981 TO 2010
CLIMATE RECORD PERIOD 1929 TO 2014


WEATHER ITEM   OBSERVED TIME   RECORD YEAR NORMAL DEPARTURE LAST
                VALUE   (LST)  VALUE       VALUE  FROM      YEAR
                                                  NORMAL
..................................................................
TEMPERATURE (F)
 YESTERDAY
  MAXIMUM         56   1245 PM  82    1945  64     -8       64
  MINIMUM         43   1159 PM  30    1976  47     -4       46
                                      1948
  AVERAGE         50                        56     -6       55

PRECIPITATION (IN)
  YESTERDAY        0.00          4.04 1996   0.12  -0.12     0.03
  MONTH TO DATE    2.35                      2.23   0.12     0.43
  SINCE SEP 1      3.87                      6.05  -2.18     1.97
  SINCE JAN 1     38.49                     37.42   1.07    35.27

SNOWFALL (IN)
  YESTERDAY        0.0           T    1972   0.0    0.0      0.0
  MONTH TO DATE    0.0                       0.0    0.0      0.0
  SINCE OCT 1      0.0                       0.0    0.0      0.0
  SINCE JUL 1      0.0                       0.0    0.0      0.0
  SNOW DEPTH       0

DEGREE DAYS
 HEATING
  YESTERDAY       15                        10      5       10
  MONTH TO DATE   86                       136    -50       51
  SINCE SEP 1    105                       180    -75       98
  SINCE JUL 1    105                       181    -76       98

 COOLING
  YESTERDAY        0                         0      0        0
  MONTH TO DATE   21                        14      7       47
  SINCE SEP 1    190                       154     36      166
  SINCE JAN 1   1175                      1188    -13     1337
..................................................................


WIND (MPH)
  HIGHEST WIND SPEED    26   HIGHEST WIND DIRECTION    NW (300)
  HIGHEST GUST SPEED    37   HIGHEST GUST DIRECTION    NW (300)
  AVERAGE WIND SPEED    14.4


SKY COVER
  AVERAGE SKY COVER 0.6


WEATHER CONDITIONS
 THE FOLLOWING WEATHER WAS RECORDED YESTERDAY.
  NO SIGNIFICANT WEATHER WAS OBSERVED.


RELATIVE HUMIDITY (PERCENT)
 HIGHEST    61          1200 AM
 LOWEST     32           100 PM
 AVERAGE    47

..........................................................


THE NEWARK NJ CLIMATE NORMALS FOR TODAY
                         NORMAL    RECORD    YEAR
 MAXIMUM TEMPERATURE (F)   64        80      1969
                                             1947
 MINIMUM TEMPERATURE (F)   47        31      1974
                                             1972
                                             1952


SUNRISE AND SUNSET
OCTOBER 20 2014.......SUNRISE   713 AM EDT   SUNSET   609 PM EDT
OCTOBER 21 2014.......SUNRISE   714 AM EDT   SUNSET   608 PM EDT


-  INDICATES NEGATIVE NUMBERS.
R  INDICATES RECORD WAS SET OR TIED.
MM INDICATES DATA IS MISSING.
T  INDICATES TRACE AMOUNT.




$$
