000
CDUS41 KOKX 180617
CLIEWR


CLIMATE REPORT
NATIONAL WEATHER SERVICE NEW YORK NY
217 AM EDT MON AUG 18 2014


...................................

...THE NEWARK NJ CLIMATE SUMMARY FOR AUGUST 17 2014...

CLIMATE NORMAL PERIOD 1981 TO 2010
CLIMATE RECORD PERIOD 1929 TO 2014


WEATHER ITEM   OBSERVED TIME   RECORD YEAR NORMAL DEPARTURE LAST
                VALUE   (LST)  VALUE       VALUE  FROM      YEAR
                                                  NORMAL
..................................................................
TEMPERATURE (F)
 YESTERDAY
  MAXIMUM         86    316 PM  97    1987  84      2       83
  MINIMUM         65    538 AM  55    1979  68     -3       62
  AVERAGE         76                        76      0       73

PRECIPITATION (IN)
  YESTERDAY        T             3.44 1974   0.11  -0.11     0.00
  MONTH TO DATE    1.17                      2.25  -1.08     2.80
  SINCE JUN 1     10.68                     11.03  -0.35    15.28
  SINCE JAN 1     34.03                     29.92   4.11    31.53

SNOWFALL (IN)
  YESTERDAY        0.0           0.0  2002   0.0    0.0      0.0
                                      2001
  MONTH TO DATE    0.0                       0.0    0.0      0.0
  SINCE OCT 1     61.1                      28.5   32.6     29.5
  SINCE JUL 1      0.0                       0.0    0.0      0.0
  SNOW DEPTH       0

DEGREE DAYS
 HEATING
  YESTERDAY        0                         0      0        0
  MONTH TO DATE    0                         0      0        0
  SINCE JUN 1      0                        17    -17        8
  SINCE JUL 1      0                         0      0        0

 COOLING
  YESTERDAY       11                        11      0        8
  MONTH TO DATE  171                       198    -27      151
  SINCE JUN 1    798                       820    -22      915
  SINCE JAN 1    860                       896    -36     1015
..................................................................


WIND (MPH)
  HIGHEST WIND SPEED    17   HIGHEST WIND DIRECTION    NW (330)
  HIGHEST GUST SPEED    24   HIGHEST GUST DIRECTION    NW (300)
  AVERAGE WIND SPEED     9.9


SKY COVER
  AVERAGE SKY COVER 0.6


WEATHER CONDITIONS
 THE FOLLOWING WEATHER WAS RECORDED YESTERDAY.
  LIGHT RAIN


RELATIVE HUMIDITY (PERCENT)
 HIGHEST    68           400 AM
 LOWEST     34           600 PM
 AVERAGE    51

..........................................................


THE NEWARK NJ CLIMATE NORMALS FOR TODAY
                         NORMAL    RECORD    YEAR
 MAXIMUM TEMPERATURE (F)   84        97      2002
 MINIMUM TEMPERATURE (F)   68        52      1941


SUNRISE AND SUNSET
AUGUST 18 2014........SUNRISE   610 AM EDT   SUNSET   750 PM EDT
AUGUST 19 2014........SUNRISE   611 AM EDT   SUNSET   749 PM EDT


-  INDICATES NEGATIVE NUMBERS.
R  INDICATES RECORD WAS SET OR TIED.
MM INDICATES DATA IS MISSING.
T  INDICATES TRACE AMOUNT.




$$
