000
CDUS41 KOKX 212032
CLIEWR


CLIMATE REPORT
NATIONAL WEATHER SERVICE NEW YORK NY
432 PM EDT SAT MAY 21 2016


...................................

...THE NEWARK NJ CLIMATE SUMMARY FOR MAY 21 2016...
VALID TODAY AS OF 0400 PM LOCAL TIME.

CLIMATE NORMAL PERIOD 1981 TO 2010
CLIMATE RECORD PERIOD 1929 TO 2016


WEATHER ITEM   OBSERVED TIME   RECORD YEAR NORMAL DEPARTURE LAST
                VALUE   (LST)  VALUE       VALUE  FROM      YEAR
                                                  NORMAL
..................................................................
TEMPERATURE (F)
 TODAY
  MAXIMUM         64    113 PM  96    1996  74    -10       62
  MINIMUM         56    507 AM  42    2002  55      1       51
                                      1950
  AVERAGE         60                        64     -4       57

PRECIPITATION (IN)
  TODAY            T             1.62 2012   0.14  -0.14      T
  MONTH TO DATE    2.07                      2.66  -0.59     0.90
  SINCE MAR 1      4.57                     11.04  -6.47     7.20
  SINCE JAN 1     12.62                     17.46  -4.84    13.68

SNOWFALL (IN)
  TODAY            0.0           0.0  2002   0.0    0.0      0.0
                                      2001
  MONTH TO DATE    0.0                       0.0    0.0      0.0
  SINCE OCT 1     36.4                      28.5    7.9     46.4
  SINCE JUL 1     36.4                      28.5    7.9     46.4
  SNOW DEPTH       0

DEGREE DAYS
 HEATING
  TODAY            5                         3      2        8
  MONTH TO DATE  165                       111     54       43
  SINCE MAR 1   1021                      1196   -175     1206
  SINCE JUL 1   3894                      4831   -937     5109

 COOLING
  TODAY            0                         2     -2        0
  MONTH TO DATE    2                        29    -27       73
  SINCE MAR 1     20                        41    -21       76
  SINCE JAN 1     20                        41    -21       76
..................................................................


WIND (MPH)
  HIGHEST WIND SPEED    14   HIGHEST WIND DIRECTION    SE (140)
  HIGHEST GUST SPEED    18   HIGHEST GUST DIRECTION     E (110)
  AVERAGE WIND SPEED     3.5


SKY COVER
  AVERAGE SKY COVER 0.9


WEATHER CONDITIONS
 THE FOLLOWING WEATHER WAS RECORDED TODAY.
  NO SIGNIFICANT WEATHER WAS OBSERVED.


RELATIVE HUMIDITY (PERCENT)
 HIGHEST    62           300 AM
 LOWEST     44           100 PM
 AVERAGE    53

..........................................................


THE NEWARK NJ CLIMATE NORMALS FOR TOMORROW
                         NORMAL    RECORD    YEAR
 MAXIMUM TEMPERATURE (F)   74        98      1992
 MINIMUM TEMPERATURE (F)   55        44      2002
                                             1957


SUNRISE AND SUNSET
MAY 21 2016...........SUNRISE   534 AM EDT   SUNSET   813 PM EDT
MAY 22 2016...........SUNRISE   533 AM EDT   SUNSET   814 PM EDT


-  INDICATES NEGATIVE NUMBERS.
R  INDICATES RECORD WAS SET OR TIED.
MM INDICATES DATA IS MISSING.
T  INDICATES TRACE AMOUNT.




$$
