000
CDUS41 KOKX 012235
CLIEWR


CLIMATE REPORT
NATIONAL WEATHER SERVICE NEW YORK NY
535 PM EST SUN MAR 1 2015


...................................

...THE NEWARK NJ CLIMATE SUMMARY FOR MARCH 1 2015...
VALID TODAY AS OF 0500 PM LOCAL TIME.

CLIMATE NORMAL PERIOD 1981 TO 2010
CLIMATE RECORD PERIOD 1929 TO 2015


WEATHER ITEM   OBSERVED TIME   RECORD YEAR NORMAL DEPARTURE LAST
                VALUE   (LST)  VALUE       VALUE  FROM      YEAR
                                                  NORMAL
..................................................................
TEMPERATURE (F)
 TODAY
  MAXIMUM         29   1159 AM  75    1972  46    -17       40
  MINIMUM         17    347 AM   7    1980  30    -13       17
  AVERAGE         23                        38    -15       29

PRECIPITATION (IN)
  TODAY            0.25          1.96 1987   0.12   0.13     0.00
  MONTH TO DATE    0.25                      0.12   0.13     0.00
  SINCE MAR 1      0.25                      0.12   0.13     0.00
  SINCE JAN 1      6.73                      6.54   0.19     7.72

SNOWFALL (IN)
  TODAY           MM             4.8  1952   0.2   MM        0.0
  MONTH TO DATE   MM                         0.2   MM        0.0
  SINCE OCT 1     30.1                      23.2    6.9     60.5
  SINCE JUL 1     30.1                      23.2    6.9     60.5
  SNOW DEPTH       3

DEGREE DAYS
 HEATING
  TODAY           42                        27     15       36
  MONTH TO DATE   42                        27     15       36
  SINCE MAR 1     42                        27     15       36
  SINCE JUL 1   3945                      3662    283     3911

 COOLING
  TODAY            0                         0      0        0
  MONTH TO DATE    0                         0      0        0
  SINCE MAR 1      0                         0      0        0
  SINCE JAN 1      0                         0      0        0
..................................................................


WIND (MPH)
  HIGHEST WIND SPEED    17   HIGHEST WIND DIRECTION    SW (210)
  HIGHEST GUST SPEED    22   HIGHEST GUST DIRECTION    SW (210)
  AVERAGE WIND SPEED     3.6


SKY COVER
  AVERAGE SKY COVER 0.8


WEATHER CONDITIONS
 THE FOLLOWING WEATHER WAS RECORDED TODAY.
  SNOW
  LIGHT SNOW
  SLEET
  FOG


RELATIVE HUMIDITY (PERCENT)
 HIGHEST    88           200 PM
 LOWEST     35          1000 AM
 AVERAGE    62

..........................................................


THE NEWARK NJ CLIMATE NORMALS FOR TOMORROW
                         NORMAL    RECORD    YEAR
 MAXIMUM TEMPERATURE (F)   46        78      1972
 MINIMUM TEMPERATURE (F)   30        12      1950


SUNRISE AND SUNSET
MARCH  1 2015.........SUNRISE   631 AM EST   SUNSET   548 PM EST
MARCH  2 2015.........SUNRISE   629 AM EST   SUNSET   549 PM EST


-  INDICATES NEGATIVE NUMBERS.
R  INDICATES RECORD WAS SET OR TIED.
MM INDICATES DATA IS MISSING.
T  INDICATES TRACE AMOUNT.




$$
