000
CDUS41 KOKX 202049
CLIEWR


CLIMATE REPORT
NATIONAL WEATHER SERVICE NEW YORK NY
449 PM EDT TUE JUN 20 2017


...................................

...THE NEWARK NJ CLIMATE SUMMARY FOR JUNE 20 2017...
VALID TODAY AS OF 0400 PM LOCAL TIME.

CLIMATE NORMAL PERIOD 1981 TO 2010
CLIMATE RECORD PERIOD 1929 TO 2017


WEATHER ITEM   OBSERVED TIME   RECORD YEAR NORMAL DEPARTURE LAST
                VALUE   (LST)  VALUE       VALUE  FROM      YEAR
                                                  NORMAL
..................................................................
TEMPERATURE (F)
 TODAY
  MAXIMUM         87    228 PM  98    2012  83      4       85
  MINIMUM         69    518 AM  52    1956  65      4       65
  AVERAGE         78                        74      4       75

PRECIPITATION (IN)
  TODAY            0.02          0.65 1955   0.12  -0.10     0.00
  MONTH TO DATE    3.17                      2.77   0.40     1.63
  SINCE JUN 1      3.17                      2.77   0.40     1.63
  SINCE JAN 1     25.71                     21.66   4.05    16.03

SNOWFALL (IN)
  TODAY            0.0           0.0  2002   0.0    0.0      0.0
                                      2001
  MONTH TO DATE    0.0                       0.0    0.0      0.0
  SINCE OCT 1     30.0                      28.5    1.5     32.8
  SINCE JUL 1     30.0                      28.5    1.5     32.8
  SNOW DEPTH       0

DEGREE DAYS
 HEATING
  TODAY            0                         0      0        0
  MONTH TO DATE   18                        15      3        4
  SINCE JUN 1     18                        15      3        4
  SINCE JUL 1   4233                      4870   -637     3899

 COOLING
  TODAY           13                         9      4       10
  MONTH TO DATE  145                       135     10      132
  SINCE JUN 1    145                       135     10      132
  SINCE JAN 1    240                       211     29      250
..................................................................


WIND (MPH)
  HIGHEST WIND SPEED    28   HIGHEST WIND DIRECTION     W (260)
  HIGHEST GUST SPEED    32   HIGHEST GUST DIRECTION     W (250)
  AVERAGE WIND SPEED    14.1


SKY COVER
  AVERAGE SKY COVER 0.6


WEATHER CONDITIONS
 THE FOLLOWING WEATHER WAS RECORDED TODAY.
  LIGHT RAIN


RELATIVE HUMIDITY (PERCENT)
 HIGHEST   100          1200 AM
 LOWEST     30           200 PM
 AVERAGE    65

..........................................................


THE NEWARK NJ CLIMATE NORMALS FOR TOMORROW
                         NORMAL    RECORD    YEAR
 MAXIMUM TEMPERATURE (F)   83       100      1953
 MINIMUM TEMPERATURE (F)   65        46      1940


SUNRISE AND SUNSET
JUNE 20 2017..........SUNRISE   526 AM EDT   SUNSET   831 PM EDT
JUNE 21 2017..........SUNRISE   526 AM EDT   SUNSET   831 PM EDT


-  INDICATES NEGATIVE NUMBERS.
R  INDICATES RECORD WAS SET OR TIED.
MM INDICATES DATA IS MISSING.
T  INDICATES TRACE AMOUNT.




$$
