956
CDUS41 KOKX 200617
CLIEWR


CLIMATE REPORT
NATIONAL WEATHER SERVICE NEW YORK NY
116 AM EST MON FEB 20 2017


...................................

...THE NEWARK NJ CLIMATE SUMMARY FOR FEBRUARY 19 2017...

CLIMATE NORMAL PERIOD 1981 TO 2010
CLIMATE RECORD PERIOD 1929 TO 2017


WEATHER ITEM   OBSERVED TIME   RECORD YEAR NORMAL DEPARTURE LAST
                VALUE   (LST)  VALUE       VALUE  FROM      YEAR
                                                  NORMAL
..................................................................
TEMPERATURE (F)
 YESTERDAY
  MAXIMUM         69R   310 PM  66    1997  43     26       38
  MINIMUM         47    552 AM   1    1936  28     19       19
  AVERAGE         58                        35     23       29

PRECIPITATION (IN)
  YESTERDAY        0.00          1.06 1940   0.10  -0.10     0.00
  MONTH TO DATE    1.55                      1.91  -0.36     2.59
  SINCE DEC 1      9.11                      9.26  -0.15    11.00
  SINCE JAN 1      6.20                      5.45   0.75     6.60

SNOWFALL (IN)
  YESTERDAY        0.0          16.6  1979   0.3   -0.3      0.0
  MONTH TO DATE    7.9                       6.5    1.4      5.2
  SINCE OCT 1     20.6                      20.2    0.4     31.2
  SINCE JUL 1     20.6                      20.2    0.4     31.2
  SNOW DEPTH       0

DEGREE DAYS
 HEATING
  YESTERDAY        7                        30    -23       36
  MONTH TO DATE  512                       595    -83      600
  SINCE DEC 1   2185                      2511   -326     2041
  SINCE JUL 1   2868                      3379   -511     2673

 COOLING
  YESTERDAY        0                         0      0        0
  MONTH TO DATE    0                         0      0        0
  SINCE DEC 1      0                         0      0        0
  SINCE JAN 1      0                         0      0        0
..................................................................


WIND (MPH)
  HIGHEST WIND SPEED    23   HIGHEST WIND DIRECTION     W (290)
  HIGHEST GUST SPEED    33   HIGHEST GUST DIRECTION     W (290)
  AVERAGE WIND SPEED     9.0


SKY COVER
  AVERAGE SKY COVER 0.5


WEATHER CONDITIONS
 THE FOLLOWING WEATHER WAS RECORDED YESTERDAY.
  NO SIGNIFICANT WEATHER WAS OBSERVED.


RELATIVE HUMIDITY (PERCENT)
 HIGHEST    60           600 AM
 LOWEST     26           400 PM
 AVERAGE    43

..........................................................


THE NEWARK NJ CLIMATE NORMALS FOR TODAY
                         NORMAL    RECORD    YEAR
 MAXIMUM TEMPERATURE (F)   43        70      1939
 MINIMUM TEMPERATURE (F)   28         1      2015


SUNRISE AND SUNSET
FEBRUARY 20 2017......SUNRISE   643 AM EST   SUNSET   538 PM EST
FEBRUARY 21 2017......SUNRISE   642 AM EST   SUNSET   539 PM EST


-  INDICATES NEGATIVE NUMBERS.
R  INDICATES RECORD WAS SET OR TIED.
MM INDICATES DATA IS MISSING.
T  INDICATES TRACE AMOUNT.




$$
