000
CDUS41 KOKX 200633
CLIEWR


CLIMATE REPORT
NATIONAL WEATHER SERVICE NEW YORK NY
232 AM EDT WED JUL 20 2016


...................................

...THE NEWARK NJ CLIMATE SUMMARY FOR JULY 19 2016...

CLIMATE NORMAL PERIOD 1981 TO 2010
CLIMATE RECORD PERIOD 1929 TO 2016


WEATHER ITEM   OBSERVED TIME   RECORD YEAR NORMAL DEPARTURE LAST
                VALUE   (LST)  VALUE       VALUE  FROM      YEAR
                                                  NORMAL
..................................................................
TEMPERATURE (F)
 YESTERDAY
  MAXIMUM         85    445 PM 100    2013  86     -1       98
                                      1999
                                      1977
  MINIMUM         72   1134 PM  60    1962  69      3       74
  AVERAGE         79                        78      1       86

PRECIPITATION (IN)
  YESTERDAY        0.00          1.13 2002   0.17  -0.17     0.00
  MONTH TO DATE    2.30                      2.79  -0.49     1.83
  SINCE JUN 1      4.70                      6.81  -2.11     7.73
  SINCE JAN 1     19.10                     25.70  -6.60    25.34

SNOWFALL (IN)
  YESTERDAY        0.0           0.0  2002   0.0    0.0      0.0
                                      2001
  MONTH TO DATE    0.0                       0.0    0.0      0.0
  SINCE OCT 1     32.8                      28.5    4.3     46.4
  SINCE JUL 1      0.0                       0.0    0.0      0.0
  SNOW DEPTH       0

DEGREE DAYS
 HEATING
  YESTERDAY        0                         0      0        0
  MONTH TO DATE    0                         0      0        0
  SINCE JUN 1      4                        17    -13       29
  SINCE JUL 1      0                         0      0        0

 COOLING
  YESTERDAY       14                        13      1       21
  MONTH TO DATE  264                       235     29      242
  SINCE JUN 1    514                       474     40      491
  SINCE JAN 1    632                       550     82      651
..................................................................


WIND (MPH)
  HIGHEST WIND SPEED    21   HIGHEST WIND DIRECTION    NW (330)
  HIGHEST GUST SPEED    28   HIGHEST GUST DIRECTION     W (290)
  AVERAGE WIND SPEED    11.8


SKY COVER
  AVERAGE SKY COVER 0.6


WEATHER CONDITIONS
 THE FOLLOWING WEATHER WAS RECORDED YESTERDAY.
  LIGHT RAIN
  HAZE


RELATIVE HUMIDITY (PERCENT)
 HIGHEST    87           200 AM
 LOWEST     31           400 PM
 AVERAGE    59

..........................................................


THE NEWARK NJ CLIMATE NORMALS FOR TODAY
                         NORMAL    RECORD    YEAR
 MAXIMUM TEMPERATURE (F)   86       101      1980
 MINIMUM TEMPERATURE (F)   69        59      1997


SUNRISE AND SUNSET
JULY 20 2016..........SUNRISE   543 AM EDT   SUNSET   823 PM EDT
JULY 21 2016..........SUNRISE   544 AM EDT   SUNSET   822 PM EDT


-  INDICATES NEGATIVE NUMBERS.
R  INDICATES RECORD WAS SET OR TIED.
MM INDICATES DATA IS MISSING.
T  INDICATES TRACE AMOUNT.




$$
