028
CDUS41 KOKX 080631
CLIEWR


CLIMATE REPORT
NATIONAL WEATHER SERVICE NEW YORK NY
131 AM EST FRI DEC 8 2017


...................................

...THE NEWARK NJ CLIMATE SUMMARY FOR DECEMBER 7 2017...

CLIMATE NORMAL PERIOD 1981 TO 2010
CLIMATE RECORD PERIOD 1929 TO 2017


WEATHER ITEM   OBSERVED TIME   RECORD YEAR NORMAL DEPARTURE LAST
                VALUE   (LST)  VALUE       VALUE  FROM      YEAR
                                                  NORMAL
..................................................................
TEMPERATURE (F)
 YESTERDAY
  MAXIMUM         46    200 PM  76    1998  46      0       48
  MINIMUM         31    613 AM  16    1954  32     -1       37
  AVERAGE         39                        39      0       43

PRECIPITATION (IN)
  YESTERDAY        0.00          1.90 2011   0.13  -0.13     0.05
  MONTH TO DATE    0.31                      0.92  -0.61     0.76
  SINCE DEC 1      0.31                      0.92  -0.61     0.76
  SINCE JAN 1     46.16                     43.36   2.80    36.26

SNOWFALL (IN)
  YESTERDAY        0.0           1.7  1959   0.1   -0.1      0.0
  MONTH TO DATE    0.0                       0.7   -0.7       T
  SINCE OCT 1      T                         1.1   -1.1       T
  SINCE JUL 1      T                         1.1   -1.1       T
  SNOW DEPTH       0

DEGREE DAYS
 HEATING
  YESTERDAY       26                        26      0       22
  MONTH TO DATE  140                       173    -33      144
  SINCE DEC 1    140                       173    -33      144
  SINCE JUL 1    825                      1041   -216      827

 COOLING
  YESTERDAY        0                         0      0        0
  MONTH TO DATE    0                         0      0        0
  SINCE DEC 1      0                         0      0        0
  SINCE JAN 1   1316                      1192    124     1571
..................................................................


WIND (MPH)
  HIGHEST WIND SPEED    30   HIGHEST WIND DIRECTION     W (260)
  HIGHEST GUST SPEED    35   HIGHEST GUST DIRECTION     W (270)
  AVERAGE WIND SPEED    11.6


SKY COVER
  AVERAGE SKY COVER 0.4


WEATHER CONDITIONS
 THE FOLLOWING WEATHER WAS RECORDED YESTERDAY.
  NO SIGNIFICANT WEATHER WAS OBSERVED.


RELATIVE HUMIDITY (PERCENT)
 HIGHEST    63           600 AM
 LOWEST     31          1100 AM
 AVERAGE    47

..........................................................


THE NEWARK NJ CLIMATE NORMALS FOR TODAY
                         NORMAL    RECORD    YEAR
 MAXIMUM TEMPERATURE (F)   46        66      1980
 MINIMUM TEMPERATURE (F)   32        14      1934


SUNRISE AND SUNSET
DECEMBER  8 2017......SUNRISE   708 AM EST   SUNSET   429 PM EST
DECEMBER  9 2017......SUNRISE   709 AM EST   SUNSET   429 PM EST


-  INDICATES NEGATIVE NUMBERS.
R  INDICATES RECORD WAS SET OR TIED.
MM INDICATES DATA IS MISSING.
T  INDICATES TRACE AMOUNT.




$$
