000
CDUS41 KOKX 200625
CLIEWR


CLIMATE REPORT
NATIONAL WEATHER SERVICE NEW YORK NY
225 AM EDT THU APR 20 2017


...................................

...THE NEWARK NJ CLIMATE SUMMARY FOR APRIL 19 2017...

CLIMATE NORMAL PERIOD 1981 TO 2010
CLIMATE RECORD PERIOD 1929 TO 2017


WEATHER ITEM   OBSERVED TIME   RECORD YEAR NORMAL DEPARTURE LAST
                VALUE   (LST)  VALUE       VALUE  FROM      YEAR
                                                  NORMAL
..................................................................
TEMPERATURE (F)
 YESTERDAY
  MAXIMUM         52    144 PM  92    1976  63    -11       74
  MINIMUM         46    608 AM  33    2001  45      1       54
  AVERAGE         49                        54     -5       64

PRECIPITATION (IN)
  YESTERDAY        T             1.97 1978   0.13  -0.13     0.00
  MONTH TO DATE    2.12                      2.74  -0.62     0.95
  SINCE MAR 1      7.19                      6.92   0.27     2.33
  SINCE JAN 1     13.93                     13.34   0.59    10.38

SNOWFALL (IN)
  YESTERDAY        0.0           4.1  1983   0.0    0.0      0.0
  MONTH TO DATE    0.0                       0.8   -0.8       T
  SINCE OCT 1     30.0                      28.4    1.6     32.8
  SINCE JUL 1     30.0                      28.4    1.6     32.8
  SNOW DEPTH       0

DEGREE DAYS
 HEATING
  YESTERDAY       16                        11      5        1
  MONTH TO DATE  188                       273    -85      287
  SINCE MAR 1    960                       982    -22      781
  SINCE JUL 1   3969                      4617   -648     3654

 COOLING
  YESTERDAY        0                         0      0        0
  MONTH TO DATE   19                         0     19        6
  SINCE MAR 1     19                         1     18       11
  SINCE JAN 1     19                         1     18       11
..................................................................


WIND (MPH)
  HIGHEST WIND SPEED    20   HIGHEST WIND DIRECTION    SE (130)
  HIGHEST GUST SPEED    27   HIGHEST GUST DIRECTION    SE (120)
  AVERAGE WIND SPEED    10.2


SKY COVER
  AVERAGE SKY COVER 0.9


WEATHER CONDITIONS
 THE FOLLOWING WEATHER WAS RECORDED YESTERDAY.
  LIGHT RAIN


RELATIVE HUMIDITY (PERCENT)
 HIGHEST    80           500 PM
 LOWEST     63           100 PM
 AVERAGE    72

..........................................................


THE NEWARK NJ CLIMATE NORMALS FOR TODAY
                         NORMAL    RECORD    YEAR
 MAXIMUM TEMPERATURE (F)   64        91      1941
 MINIMUM TEMPERATURE (F)   45        34      1953


SUNRISE AND SUNSET
APRIL 20 2017.........SUNRISE   610 AM EDT   SUNSET   742 PM EDT
APRIL 21 2017.........SUNRISE   609 AM EDT   SUNSET   743 PM EDT


-  INDICATES NEGATIVE NUMBERS.
R  INDICATES RECORD WAS SET OR TIED.
MM INDICATES DATA IS MISSING.
T  INDICATES TRACE AMOUNT.




$$
