000
CDUS41 KOKX 080617
CLIEWR


CLIMATE REPORT
NATIONAL WEATHER SERVICE NEW YORK NY
217 AM EDT TUE APR 8 2014


...................................

...THE NEWARK NJ CLIMATE SUMMARY FOR APRIL 7 2014...

CLIMATE NORMAL PERIOD 1981 TO 2010
CLIMATE RECORD PERIOD 1929 TO 2014


WEATHER ITEM   OBSERVED TIME   RECORD YEAR NORMAL DEPARTURE LAST
                VALUE   (LST)  VALUE       VALUE  FROM      YEAR
                                                  NORMAL
..................................................................
TEMPERATURE (F)
 YESTERDAY
  MAXIMUM         51    129 PM  92    2010  59     -8       60
  MINIMUM         40    442 AM  16    1982  41     -1       38
  AVERAGE         46                        50     -4       49

PRECIPITATION (IN)
  YESTERDAY        0.47          1.78 1953   0.14   0.33      T
  MONTH TO DATE    0.84                      1.02  -0.18      T
  SINCE MAR 1      4.49                      5.20  -0.71     3.00
  SINCE JAN 1     12.21                     11.62   0.59     9.34

SNOWFALL (IN)
  YESTERDAY        0.0           4.4  2003   0.1   -0.1      0.0
  MONTH TO DATE    0.0                       0.4   -0.4      0.0
  SINCE OCT 1     60.7                      28.0   32.7     29.5
  SINCE JUL 1     60.7                      28.0   32.7     29.5
  SNOW DEPTH       0

DEGREE DAYS
 HEATING
  YESTERDAY       19                        15      4       16
  MONTH TO DATE  118                       115      3      134
  SINCE MAR 1    952                       824    128      893
  SINCE JUL 1   4827                      4459    368     4273

 COOLING
  YESTERDAY        0                         0      0        0
  MONTH TO DATE    0                         0      0        0
  SINCE MAR 1      0                         1     -1        0
  SINCE JAN 1      0                         1     -1        0
..................................................................


WIND (MPH)
  HIGHEST WIND SPEED    16   HIGHEST WIND DIRECTION     E (90)
  HIGHEST GUST SPEED    23   HIGHEST GUST DIRECTION     E (90)
  AVERAGE WIND SPEED     5.9


SKY COVER
  AVERAGE SKY COVER 1.0


WEATHER CONDITIONS
 THE FOLLOWING WEATHER WAS RECORDED YESTERDAY.
  HEAVY RAIN
  RAIN
  LIGHT RAIN
  FOG
  HAZE


RELATIVE HUMIDITY (PERCENT)
 HIGHEST   100          1000 PM
 LOWEST     36          1100 AM
 AVERAGE    68

..........................................................


THE NEWARK NJ CLIMATE NORMALS FOR TODAY
                         NORMAL    RECORD    YEAR
 MAXIMUM TEMPERATURE (F)   59        88      1991
 MINIMUM TEMPERATURE (F)   41        23      1982


SUNRISE AND SUNSET
APRIL  8 2014.........SUNRISE   629 AM EDT   SUNSET   729 PM EDT
APRIL  9 2014.........SUNRISE   627 AM EDT   SUNSET   730 PM EDT


-  INDICATES NEGATIVE NUMBERS.
R  INDICATES RECORD WAS SET OR TIED.
MM INDICATES DATA IS MISSING.
T  INDICATES TRACE AMOUNT.




$$
