000
CDUS41 KOKX 140713
CLIEWR


CLIMATE REPORT
NATIONAL WEATHER SERVICE NEW YORK NY
312 AM EDT TUE MAR 14 2017


...................................

...THE NEWARK NJ CLIMATE SUMMARY FOR MARCH 13 2017...

CLIMATE NORMAL PERIOD 1981 TO 2010
CLIMATE RECORD PERIOD 1929 TO 2017


WEATHER ITEM   OBSERVED TIME   RECORD YEAR NORMAL DEPARTURE LAST
                VALUE   (LST)  VALUE       VALUE  FROM      YEAR
                                                  NORMAL
..................................................................
TEMPERATURE (F)
 YESTERDAY
  MAXIMUM         37    313 PM  86    1990  50    -13       62
  MINIMUM         20    620 AM  18    1948  33    -13       49
  AVERAGE         29                        41    -12       56

PRECIPITATION (IN)
  YESTERDAY        T             3.99 2010   0.12  -0.12      T
  MONTH TO DATE    0.51                      1.62  -1.11     0.27
  SINCE MAR 1      0.51                      1.62  -1.11     0.27
  SINCE JAN 1      7.25                      8.04  -0.79     8.32

SNOWFALL (IN)
  YESTERDAY        0.3          11.9  1993   0.1    0.2      0.0
  MONTH TO DATE    2.7                       2.6    0.1      1.4
  SINCE OCT 1     23.3                      25.6   -2.3     32.6
  SINCE JUL 1     23.3                      25.6   -2.3     32.6
  SNOW DEPTH       0

DEGREE DAYS
 HEATING
  YESTERDAY       36                        24     12        9
  MONTH TO DATE  333                       334     -1      223
  SINCE MAR 1    333                       334     -1      223
  SINCE JUL 1   3342                      3969   -627     3096

 COOLING
  YESTERDAY        0                         0      0        0
  MONTH TO DATE    0                         0      0        5
  SINCE MAR 1      0                         0      0        5
  SINCE JAN 1      0                         0      0        5
..................................................................


WIND (MPH)
  HIGHEST WIND SPEED    15   HIGHEST WIND DIRECTION    NW (300)
  HIGHEST GUST SPEED    20   HIGHEST GUST DIRECTION     E (80)
  AVERAGE WIND SPEED     7.4


SKY COVER
  AVERAGE SKY COVER 0.6


WEATHER CONDITIONS
 THE FOLLOWING WEATHER WAS RECORDED YESTERDAY.
  LIGHT SNOW


RELATIVE HUMIDITY (PERCENT)
 HIGHEST    61          1000 PM
 LOWEST     25           200 PM
 AVERAGE    43

..........................................................


THE NEWARK NJ CLIMATE NORMALS FOR TODAY
                         NORMAL    RECORD    YEAR
 MAXIMUM TEMPERATURE (F)   50        79      2007
 MINIMUM TEMPERATURE (F)   33        17      1932


SUNRISE AND SUNSET
MARCH 14 2017.........SUNRISE   710 AM EDT   SUNSET   703 PM EDT
MARCH 15 2017.........SUNRISE   708 AM EDT   SUNSET   704 PM EDT


-  INDICATES NEGATIVE NUMBERS.
R  INDICATES RECORD WAS SET OR TIED.
MM INDICATES DATA IS MISSING.
T  INDICATES TRACE AMOUNT.




$$
