000
CDUS41 KOKX 252032
CLIEWR


CLIMATE REPORT
NATIONAL WEATHER SERVICE NEW YORK NY
432 PM EDT SAT OCT 25 2014


...................................

...THE NEWARK NJ CLIMATE SUMMARY FOR OCTOBER 25 2014...
VALID TODAY AS OF 0400 PM LOCAL TIME.

CLIMATE NORMAL PERIOD 1981 TO 2010
CLIMATE RECORD PERIOD 1929 TO 2014


WEATHER ITEM   OBSERVED TIME   RECORD YEAR NORMAL DEPARTURE LAST
                VALUE   (LST)  VALUE       VALUE  FROM      YEAR
                                                  NORMAL
..................................................................
TEMPERATURE (F)
 TODAY
  MAXIMUM         70    146 PM  79    2001  62      8       55
                                      1963
  MINIMUM         48    552 AM  33    1939  45      3       37
                                      1937
  AVERAGE         59                        54      5       46

PRECIPITATION (IN)
  TODAY            0.00          1.66 1980   0.12  -0.12     0.00
  MONTH TO DATE    4.12                      2.92   1.20     0.43
  SINCE SEP 1      5.64                      6.74  -1.10     1.97
  SINCE JAN 1     40.26                     38.11   2.15    35.27

SNOWFALL (IN)
  TODAY            0.0           T    1960   0.0    0.0      0.0
  MONTH TO DATE    T                         0.0    0.0      0.0
  SINCE OCT 1      T                         0.0    0.0      0.0
  SINCE JUL 1      T                         0.0    0.0      0.0
  SNOW DEPTH       0

DEGREE DAYS
 HEATING
  TODAY            6                        12     -6       19
  MONTH TO DATE  139                       201    -62      128
  SINCE SEP 1    158                       245    -87      175
  SINCE JUL 1    158                       246    -88      175

 COOLING
  TODAY            0                         0      0        0
  MONTH TO DATE   21                        14      7       47
  SINCE SEP 1    190                       154     36      166
  SINCE JAN 1   1175                      1188    -13     1337
..................................................................


WIND (MPH)
  HIGHEST WIND SPEED    21   HIGHEST WIND DIRECTION    SW (230)
  HIGHEST GUST SPEED    26   HIGHEST GUST DIRECTION    SW (240)
  AVERAGE WIND SPEED     8.4


SKY COVER
  AVERAGE SKY COVER 0.4


WEATHER CONDITIONS
 THE FOLLOWING WEATHER WAS RECORDED TODAY.
  NO SIGNIFICANT WEATHER WAS OBSERVED.


RELATIVE HUMIDITY (PERCENT)
 HIGHEST    61           600 AM
 LOWEST     37           200 PM
 AVERAGE    49

..........................................................


THE NEWARK NJ CLIMATE NORMALS FOR TOMORROW
                         NORMAL    RECORD    YEAR
 MAXIMUM TEMPERATURE (F)   62        79      1964
                                             1963
 MINIMUM TEMPERATURE (F)   45        31      1952
                                             1936
                                             1933


SUNRISE AND SUNSET
OCTOBER 25 2014.......SUNRISE   719 AM EDT   SUNSET   602 PM EDT
OCTOBER 26 2014.......SUNRISE   720 AM EDT   SUNSET   601 PM EDT


-  INDICATES NEGATIVE NUMBERS.
R  INDICATES RECORD WAS SET OR TIED.
MM INDICATES DATA IS MISSING.
T  INDICATES TRACE AMOUNT.




$$
