000
CDUS41 KOKX 220620
CLIEWR


CLIMATE REPORT
NATIONAL WEATHER SERVICE NEW YORK NY
119 AM EST SUN FEB 22 2015


...................................

...THE NEWARK NJ CLIMATE SUMMARY FOR FEBRUARY 21 2015...

CLIMATE NORMAL PERIOD 1981 TO 2010
CLIMATE RECORD PERIOD 1929 TO 2015


WEATHER ITEM   OBSERVED TIME   RECORD YEAR NORMAL DEPARTURE LAST
                VALUE   (LST)  VALUE       VALUE  FROM      YEAR
                                                  NORMAL
..................................................................
TEMPERATURE (F)
 YESTERDAY
  MAXIMUM         32   1159 PM  69    1953  44    -12       45
  MINIMUM          7   1229 AM   6    1950  28    -21       35
                                      1934
  AVERAGE         20                        36    -16       40

PRECIPITATION (IN)
  YESTERDAY        0.59          1.50 1951   0.11   0.48     0.11
  MONTH TO DATE    1.98                      2.12  -0.14     4.91
  SINCE DEC 1     11.31                      9.47   1.84    12.31
  SINCE JAN 1      6.40                      5.66   0.74     7.69

SNOWFALL (IN)
  YESTERDAY        4.1 R         4.1  1993   0.3    3.8      0.0
  MONTH TO DATE   13.2                       7.2    6.0     30.0
  SINCE OCT 1     29.8                      20.9    8.9     60.2
  SINCE JUL 1     29.8                      20.9    8.9     60.2
  SNOW DEPTH       5

DEGREE DAYS
 HEATING
  YESTERDAY       45                        29     16       25
  MONTH TO DATE  896                       653    243      740
  SINCE DEC 1   2784                      2569    215     2768
  SINCE JUL 1   3616                      3437    179     3638

 COOLING
  YESTERDAY        0                         0      0        0
  MONTH TO DATE    0                         0      0        0
  SINCE DEC 1      0                         0      0        0
  SINCE JAN 1      0                         0      0        0
..................................................................


WIND (MPH)
  HIGHEST WIND SPEED    17   HIGHEST WIND DIRECTION     S (200)
  HIGHEST GUST SPEED    21   HIGHEST GUST DIRECTION     S (200)
  AVERAGE WIND SPEED     4.9


SKY COVER
  AVERAGE SKY COVER 0.8


WEATHER CONDITIONS
 THE FOLLOWING WEATHER WAS RECORDED YESTERDAY.
  LT FREEZING RAIN
  SNOW
  LIGHT SNOW
  SLEET
  FOG


RELATIVE HUMIDITY (PERCENT)
 HIGHEST   100           700 PM
 LOWEST     45           900 AM
 AVERAGE    73

..........................................................


THE NEWARK NJ CLIMATE NORMALS FOR TODAY
                         NORMAL    RECORD    YEAR
 MAXIMUM TEMPERATURE (F)   44        70      1997
 MINIMUM TEMPERATURE (F)   28         8      1963


SUNRISE AND SUNSET
FEBRUARY 22 2015......SUNRISE   641 AM EST   SUNSET   540 PM EST
FEBRUARY 23 2015......SUNRISE   640 AM EST   SUNSET   541 PM EST


-  INDICATES NEGATIVE NUMBERS.
R  INDICATES RECORD WAS SET OR TIED.
MM INDICATES DATA IS MISSING.
T  INDICATES TRACE AMOUNT.




$$
