000
CDUS41 KOKX 110623
CLIEWR


CLIMATE REPORT
NATIONAL WEATHER SERVICE NEW YORK NY
122 AM EST SAT NOV 11 2017


...................................

...THE NEWARK NJ CLIMATE SUMMARY FOR NOVEMBER 10 2017...

CLIMATE NORMAL PERIOD 1981 TO 2010
CLIMATE RECORD PERIOD 1929 TO 2017


WEATHER ITEM   OBSERVED TIME   RECORD YEAR NORMAL DEPARTURE LAST
                VALUE   (LST)  VALUE       VALUE  FROM      YEAR
                                                  NORMAL
..................................................................
TEMPERATURE (F)
 YESTERDAY
  MAXIMUM         50   1254 AM  73    1999  57     -7       58
                                      1985
                                      1966
  MINIMUM         25R  1159 PM  27    2004  41    -16       41
  AVERAGE         38                        49    -11       50

PRECIPITATION (IN)
  YESTERDAY        0.01          1.98 1990   0.11  -0.10     0.00
  MONTH TO DATE    0.75                      1.17  -0.42     0.20
  SINCE SEP 1      7.41                      8.59  -1.18     5.37
  SINCE JAN 1     45.09                     39.96   5.13    29.18

SNOWFALL (IN)
  YESTERDAY        0.0           0.2  1987   0.0    0.0      0.0
  MONTH TO DATE    T                         0.0    0.0      0.0
  SINCE OCT 1      T                         0.0    0.0      0.0
  SINCE JUL 1      T                         0.0    0.0      0.0
  SNOW DEPTH       0

DEGREE DAYS
 HEATING
  YESTERDAY       27                        16     11       15
  MONTH TO DATE  134                       149    -15      111
  SINCE SEP 1    261                       469   -208      342
  SINCE JUL 1    261                       470   -209      342

 COOLING
  YESTERDAY        0                         0      0        0
  MONTH TO DATE    0                         0      0        1
  SINCE SEP 1    288                       157    131      261
  SINCE JAN 1   1316                      1191    125     1571
..................................................................


WIND (MPH)
  HIGHEST WIND SPEED    31   HIGHEST WIND DIRECTION    NW (330)
  HIGHEST GUST SPEED    38   HIGHEST GUST DIRECTION     N (350)
  AVERAGE WIND SPEED    17.9


SKY COVER
  AVERAGE SKY COVER 0.4


WEATHER CONDITIONS
 THE FOLLOWING WEATHER WAS RECORDED YESTERDAY.
  LIGHT RAIN


RELATIVE HUMIDITY (PERCENT)
 HIGHEST    93           200 AM
 LOWEST     28           400 PM
 AVERAGE    61

..........................................................


THE NEWARK NJ CLIMATE NORMALS FOR TODAY
                         NORMAL    RECORD    YEAR
 MAXIMUM TEMPERATURE (F)   56        75      1949
 MINIMUM TEMPERATURE (F)   40        25      1956
                                             1933


SUNRISE AND SUNSET
NOVEMBER 11 2017......SUNRISE   639 AM EST   SUNSET   442 PM EST
NOVEMBER 12 2017......SUNRISE   640 AM EST   SUNSET   441 PM EST


-  INDICATES NEGATIVE NUMBERS.
R  INDICATES RECORD WAS SET OR TIED.
MM INDICATES DATA IS MISSING.
T  INDICATES TRACE AMOUNT.




$$
