000
CDUS41 KOKX 140616
CLIEWR


CLIMATE REPORT
NATIONAL WEATHER SERVICE NEW YORK NY
116 AM EST SUN JAN 14 2018


...................................

...THE NEWARK NJ CLIMATE SUMMARY FOR JANUARY 13 2018...

CLIMATE NORMAL PERIOD 1981 TO 2010
CLIMATE RECORD PERIOD 1929 TO 2018


WEATHER ITEM   OBSERVED TIME   RECORD YEAR NORMAL DEPARTURE LAST
                VALUE   (LST)  VALUE       VALUE  FROM      YEAR
                                                  NORMAL
..................................................................
TEMPERATURE (F)
 YESTERDAY
  MAXIMUM         61    554 AM  70    1932  38     23       61
  MINIMUM         18   1159 PM   0    1981  24     -6       33
  AVERAGE         40                        31      9       47

PRECIPITATION (IN)
  YESTERDAY        0.06          1.27 1948   0.12  -0.06      T
  MONTH TO DATE    1.32                      1.54  -0.22     1.76
  SINCE DEC 1      2.96                      5.35  -2.39     4.67
  SINCE JAN 1      1.32                      1.54  -0.22     1.76

SNOWFALL (IN)
  YESTERDAY        0.0          12.1  1964   0.2   -0.2      0.0
  MONTH TO DATE    8.4                       3.2    5.2      7.4
  SINCE OCT 1     16.1                       9.0    7.1     10.8
  SINCE JUL 1     16.1                       9.0    7.1     10.8
  SNOW DEPTH       0

DEGREE DAYS
 HEATING
  YESTERDAY       25                        34     -9       18
  MONTH TO DATE  506                       432     74      377
  SINCE DEC 1   1441                      1314    127     1217
  SINCE JUL 1   2126                      2182    -56     1900

 COOLING
  YESTERDAY        0                         0      0        0
  MONTH TO DATE    0                         0      0        0
  SINCE DEC 1      0                         0      0        0
  SINCE JAN 1      0                         0      0        0
..................................................................


WIND (MPH)
  HIGHEST WIND SPEED    31   HIGHEST WIND DIRECTION    NW (310)
  HIGHEST GUST SPEED    41   HIGHEST GUST DIRECTION     W (280)
  AVERAGE WIND SPEED    17.7


SKY COVER
  AVERAGE SKY COVER 0.5


WEATHER CONDITIONS
 THE FOLLOWING WEATHER WAS RECORDED YESTERDAY.
  LIGHT RAIN
  FOG
  FOG W/VISIBILITY <= 1/4 MILE


RELATIVE HUMIDITY (PERCENT)
 HIGHEST    93           100 AM
 LOWEST     43           400 PM
 AVERAGE    68

..........................................................


THE NEWARK NJ CLIMATE NORMALS FOR TODAY
                         NORMAL    RECORD    YEAR
 MAXIMUM TEMPERATURE (F)   38        70      1932
 MINIMUM TEMPERATURE (F)   24         7      1988
                                             1957


SUNRISE AND SUNSET
JANUARY 14 2018.......SUNRISE   719 AM EST   SUNSET   453 PM EST
JANUARY 15 2018.......SUNRISE   719 AM EST   SUNSET   454 PM EST


-  INDICATES NEGATIVE NUMBERS.
R  INDICATES RECORD WAS SET OR TIED.
MM INDICATES DATA IS MISSING.
T  INDICATES TRACE AMOUNT.




$$
