000
CDUS41 KOKX 230708
CLIEWR


CLIMATE REPORT
NATIONAL WEATHER SERVICE NEW YORK NY
308 AM EDT MON MAR 23 2015


...................................

...THE NEWARK NJ CLIMATE SUMMARY FOR MARCH 22 2015...

CLIMATE NORMAL PERIOD 1981 TO 2010
CLIMATE RECORD PERIOD 1929 TO 2015


WEATHER ITEM   OBSERVED TIME   RECORD YEAR NORMAL DEPARTURE LAST
                VALUE   (LST)  VALUE       VALUE  FROM      YEAR
                                                  NORMAL
..................................................................
TEMPERATURE (F)
 YESTERDAY
  MAXIMUM         45    246 PM  80    1938  53     -8       66
  MINIMUM         28   1159 PM  17    1934  35     -7       39
  AVERAGE         37                        44     -7       53

PRECIPITATION (IN)
  YESTERDAY        0.00          2.60 1977   0.14  -0.14     0.00
  MONTH TO DATE    3.84                      2.88   0.96     0.89
  SINCE MAR 1      3.84                      2.88   0.96     0.89
  SINCE JAN 1     10.32                      9.30   1.02     8.61

SNOWFALL (IN)
  YESTERDAY        0.0           7.7  1967   0.1   -0.1      0.0
  MONTH TO DATE   16.3                       3.8   12.5      0.2
  SINCE OCT 1     46.4                      26.8   19.6     60.7
  SINCE JUL 1     46.4                      26.8   19.6     60.7
  SNOW DEPTH       0

DEGREE DAYS
 HEATING
  YESTERDAY       28                        21      7       12
  MONTH TO DATE  618                       535     83      601
  SINCE MAR 1    618                       535     83      601
  SINCE JUL 1   4521                      4170    351     4476

 COOLING
  YESTERDAY        0                         0      0        0
  MONTH TO DATE    0                         0      0        0
  SINCE MAR 1      0                         0      0        0
  SINCE JAN 1      0                         0      0        0
..................................................................


WIND (MPH)
  HIGHEST WIND SPEED    25   HIGHEST WIND DIRECTION    NW (300)
  HIGHEST GUST SPEED    36   HIGHEST GUST DIRECTION     W (280)
  AVERAGE WIND SPEED    14.7


SKY COVER
  AVERAGE SKY COVER 0.3


WEATHER CONDITIONS
 THE FOLLOWING WEATHER WAS RECORDED YESTERDAY.
  NO SIGNIFICANT WEATHER WAS OBSERVED.


RELATIVE HUMIDITY (PERCENT)
 HIGHEST    62          1200 AM
 LOWEST     22           300 PM
 AVERAGE    42

..........................................................


THE NEWARK NJ CLIMATE NORMALS FOR TODAY
                         NORMAL    RECORD    YEAR
 MAXIMUM TEMPERATURE (F)   53        82      1938
 MINIMUM TEMPERATURE (F)   36        13      1934


SUNRISE AND SUNSET
MARCH 23 2015.........SUNRISE   656 AM EDT   SUNSET   712 PM EDT
MARCH 24 2015.........SUNRISE   654 AM EDT   SUNSET   713 PM EDT


-  INDICATES NEGATIVE NUMBERS.
R  INDICATES RECORD WAS SET OR TIED.
MM INDICATES DATA IS MISSING.
T  INDICATES TRACE AMOUNT.




$$
