000
CDUS41 KOKX 120634
CLIEWR


CLIMATE REPORT
NATIONAL WEATHER SERVICE NEW YORK NY
134 AM EST FRI DEC 12 2014


...................................

...THE NEWARK NJ CLIMATE SUMMARY FOR DECEMBER 11 2014...

CLIMATE NORMAL PERIOD 1981 TO 2010
CLIMATE RECORD PERIOD 1929 TO 2014


WEATHER ITEM   OBSERVED TIME   RECORD YEAR NORMAL DEPARTURE LAST
                VALUE   (LST)  VALUE       VALUE  FROM      YEAR
                                                  NORMAL
..................................................................
TEMPERATURE (F)
 YESTERDAY
  MAXIMUM         39    324 PM  65    1971  45     -6       33
                                      1966
  MINIMUM         31    730 AM  11    1977  31      0       23
                                      1934
  AVERAGE         35                        38     -3       28

PRECIPITATION (IN)
  YESTERDAY        T             2.04 1992   0.13  -0.13     0.00
  MONTH TO DATE    3.12                      1.44   1.68     1.67
  SINCE DEC 1      3.12                      1.44   1.68     1.67
  SINCE JAN 1     47.54                     43.88   3.66    39.99

SNOWFALL (IN)
  YESTERDAY        0.2           3.7  1960   0.1    0.1      0.0
  MONTH TO DATE    0.3                       1.2   -0.9      3.1
  SINCE OCT 1      1.7                       1.6    0.1      3.1
  SINCE JUL 1      1.7                       1.6    0.1      3.1
  SNOW DEPTH       T

DEGREE DAYS
 HEATING
  YESTERDAY       30                        27      3       37
  MONTH TO DATE  282                       279      3      274
  SINCE DEC 1    282                       279      3      274
  SINCE JUL 1   1114                      1147    -33     1144

 COOLING
  YESTERDAY        0                         0      0        0
  MONTH TO DATE    0                         0      0        0
  SINCE DEC 1      0                         0      0        0
  SINCE JAN 1   1175                      1192    -17     1337
..................................................................


WIND (MPH)
  HIGHEST WIND SPEED    23   HIGHEST WIND DIRECTION     W (260)
  HIGHEST GUST SPEED    29   HIGHEST GUST DIRECTION    SW (240)
  AVERAGE WIND SPEED    14.5


SKY COVER
  AVERAGE SKY COVER 0.7


WEATHER CONDITIONS
 THE FOLLOWING WEATHER WAS RECORDED YESTERDAY.
  LIGHT SNOW


RELATIVE HUMIDITY (PERCENT)
 HIGHEST    85           300 AM
 LOWEST     50           300 PM
 AVERAGE    68

..........................................................


THE NEWARK NJ CLIMATE NORMALS FOR TODAY
                         NORMAL    RECORD    YEAR
 MAXIMUM TEMPERATURE (F)   45        68      1931
 MINIMUM TEMPERATURE (F)   31         6      1988


SUNRISE AND SUNSET
DECEMBER 12 2014......SUNRISE   711 AM EST   SUNSET   429 PM EST
DECEMBER 13 2014......SUNRISE   712 AM EST   SUNSET   430 PM EST


-  INDICATES NEGATIVE NUMBERS.
R  INDICATES RECORD WAS SET OR TIED.
MM INDICATES DATA IS MISSING.
T  INDICATES TRACE AMOUNT.




$$
