000
CDUS41 KOKX 122035
CLIEWR


CLIMATE REPORT
NATIONAL WEATHER SERVICE NEW YORK NY
435 PM EDT SAT APR 12 2014


...................................

...THE NEWARK NJ CLIMATE SUMMARY FOR APRIL 12 2014...
VALID TODAY AS OF 0400 PM LOCAL TIME.

CLIMATE NORMAL PERIOD 1981 TO 2010
CLIMATE RECORD PERIOD 1929 TO 2014


WEATHER ITEM   OBSERVED TIME   RECORD YEAR NORMAL DEPARTURE LAST
                VALUE   (LST)  VALUE       VALUE  FROM      YEAR
                                                  NORMAL
..................................................................
TEMPERATURE (F)
 TODAY
  MAXIMUM         74    202 PM  90    1977  61     13       49
  MINIMUM         50    555 AM  27    1976  43      7       42
                                      1940
  AVERAGE         62                        52     10       46

PRECIPITATION (IN)
  TODAY            0.00          2.50 1933   0.15  -0.15     0.69
  MONTH TO DATE    1.17                      1.77  -0.60     1.16
  SINCE MAR 1      4.82                      5.95  -1.13     4.16
  SINCE JAN 1     12.54                     12.37   0.17    10.50

SNOWFALL (IN)
  TODAY            0.0           1.1  1959   0.1   -0.1      0.0
  MONTH TO DATE    0.0                       0.6   -0.6      0.0
  SINCE OCT 1     60.7                      28.2   32.5     29.5
  SINCE JUL 1     60.7                      28.2   32.5     29.5
  SNOW DEPTH       0

DEGREE DAYS
 HEATING
  TODAY            3                        14    -11       19
  MONTH TO DATE  154                       187    -33      168
  SINCE MAR 1    988                       896     92      927
  SINCE JUL 1   4863                      4531    332     4307

 COOLING
  TODAY            0                         0      0        0
  MONTH TO DATE    0                         0      0        3
  SINCE MAR 1      0                         1     -1        3
  SINCE JAN 1      0                         1     -1        3
..................................................................


WIND (MPH)
  HIGHEST WIND SPEED    15   HIGHEST WIND DIRECTION     W (260)
  HIGHEST GUST SPEED    25   HIGHEST GUST DIRECTION    NW (300)
  AVERAGE WIND SPEED     6.0


SKY COVER
  AVERAGE SKY COVER 0.5


WEATHER CONDITIONS
 THE FOLLOWING WEATHER WAS RECORDED TODAY.
  NO SIGNIFICANT WEATHER WAS OBSERVED.


RELATIVE HUMIDITY (PERCENT)
 HIGHEST    83           200 AM
 LOWEST     17           200 PM
 AVERAGE    50

..........................................................


THE NEWARK NJ CLIMATE NORMALS FOR TOMORROW
                         NORMAL    RECORD    YEAR
 MAXIMUM TEMPERATURE (F)   61        86      1977
 MINIMUM TEMPERATURE (F)   43        26      1940


SUNRISE AND SUNSET
APRIL 12 2014.........SUNRISE   623 AM EDT   SUNSET   733 PM EDT
APRIL 13 2014.........SUNRISE   621 AM EDT   SUNSET   734 PM EDT


-  INDICATES NEGATIVE NUMBERS.
R  INDICATES RECORD WAS SET OR TIED.
MM INDICATES DATA IS MISSING.
T  INDICATES TRACE AMOUNT.




$$
