000
CDUS41 KOKX 100621
CLIEWR


CLIMATE REPORT
NATIONAL WEATHER SERVICE NEW YORK NY
221 AM EDT THU APR 10 2014


...................................

...THE NEWARK NJ CLIMATE SUMMARY FOR APRIL 9 2014...

CLIMATE NORMAL PERIOD 1981 TO 2010
CLIMATE RECORD PERIOD 1929 TO 2014


WEATHER ITEM   OBSERVED TIME   RECORD YEAR NORMAL DEPARTURE LAST
                VALUE   (LST)  VALUE       VALUE  FROM      YEAR
                                                  NORMAL
..................................................................
TEMPERATURE (F)
 YESTERDAY
  MAXIMUM         65    204 PM  85    2013  60      5       85
  MINIMUM         44   1158 PM  26    1977  42      2       51
  AVERAGE         55                        51      4       68

PRECIPITATION (IN)
  YESTERDAY        0.00          2.39 1980   0.15  -0.15     0.01
  MONTH TO DATE    1.17                      1.32  -0.15     0.01
  SINCE MAR 1      4.82                      5.50  -0.68     3.01
  SINCE JAN 1     12.54                     11.92   0.62     9.35

SNOWFALL (IN)
  YESTERDAY        0.0           1.0  1982   0.1   -0.1      0.0
  MONTH TO DATE    0.0                       0.5   -0.5      0.0
  SINCE OCT 1     60.7                      28.1   32.6     29.5
  SINCE JUL 1     60.7                      28.1   32.6     29.5
  SNOW DEPTH       0

DEGREE DAYS
 HEATING
  YESTERDAY       10                        15     -5        0
  MONTH TO DATE  137                       145     -8      139
  SINCE MAR 1    971                       854    117      898
  SINCE JUL 1   4846                      4489    357     4278

 COOLING
  YESTERDAY        0                         0      0        3
  MONTH TO DATE    0                         0      0        3
  SINCE MAR 1      0                         1     -1        3
  SINCE JAN 1      0                         1     -1        3
..................................................................


WIND (MPH)
  HIGHEST WIND SPEED    28   HIGHEST WIND DIRECTION    NW (320)
  HIGHEST GUST SPEED    36   HIGHEST GUST DIRECTION     N (340)
  AVERAGE WIND SPEED    12.9


SKY COVER
  AVERAGE SKY COVER 0.2


WEATHER CONDITIONS
 THE FOLLOWING WEATHER WAS RECORDED YESTERDAY.
  NO SIGNIFICANT WEATHER WAS OBSERVED.


RELATIVE HUMIDITY (PERCENT)
 HIGHEST    65           400 AM
 LOWEST     21           300 PM
 AVERAGE    43

..........................................................


THE NEWARK NJ CLIMATE NORMALS FOR TODAY
                         NORMAL    RECORD    YEAR
 MAXIMUM TEMPERATURE (F)   60        82      1955
 MINIMUM TEMPERATURE (F)   42        28      1997


SUNRISE AND SUNSET
APRIL 10 2014.........SUNRISE   626 AM EDT   SUNSET   731 PM EDT
APRIL 11 2014.........SUNRISE   624 AM EDT   SUNSET   732 PM EDT


-  INDICATES NEGATIVE NUMBERS.
R  INDICATES RECORD WAS SET OR TIED.
MM INDICATES DATA IS MISSING.
T  INDICATES TRACE AMOUNT.




$$
