000
CDUS41 KOKX 170630
CLIEWR


CLIMATE REPORT
NATIONAL WEATHER SERVICE NEW YORK NY
229 AM EDT WED AUG 17 2016


...................................

...THE NEWARK NJ CLIMATE SUMMARY FOR AUGUST 16 2016...

CLIMATE NORMAL PERIOD 1981 TO 2010
CLIMATE RECORD PERIOD 1929 TO 2016


WEATHER ITEM   OBSERVED TIME   RECORD YEAR NORMAL DEPARTURE LAST
                VALUE   (LST)  VALUE       VALUE  FROM      YEAR
                                                  NORMAL
..................................................................
TEMPERATURE (F)
 YESTERDAY
  MAXIMUM         93    355 PM  99    1944  84      9       96
  MINIMUM         77    523 AM  57    1945  68      9       72
  AVERAGE         85                        76      9       84

PRECIPITATION (IN)
  YESTERDAY        0.01          1.61 1947   0.12  -0.11     0.08
  MONTH TO DATE    0.49                      2.14  -1.65     1.21
  SINCE JUN 1      8.97                     10.92  -1.95     9.80
  SINCE JAN 1     23.37                     29.81  -6.44    27.41

SNOWFALL (IN)
  YESTERDAY        0.0           0.0  2002   0.0    0.0      0.0
                                      2001
  MONTH TO DATE    0.0                       0.0    0.0      0.0
  SINCE OCT 1     32.8                      28.5    4.3     46.4
  SINCE JUL 1      0.0                       0.0    0.0      0.0
  SNOW DEPTH       0

DEGREE DAYS
 HEATING
  YESTERDAY        0                         0      0        0
  MONTH TO DATE    0                         0      0        0
  SINCE JUN 1      4                        17    -13       29
  SINCE JUL 1      0                         0      0        0

 COOLING
  YESTERDAY       20                        11      9       19
  MONTH TO DATE  253                       187     66      216
  SINCE JUN 1    973                       809    164      906
  SINCE JAN 1   1091                       885    206     1066
..................................................................


WIND (MPH)
  HIGHEST WIND SPEED    28   HIGHEST WIND DIRECTION     W (260)
  HIGHEST GUST SPEED    37   HIGHEST GUST DIRECTION     W (250)
  AVERAGE WIND SPEED    10.4


SKY COVER
  AVERAGE SKY COVER 0.8


WEATHER CONDITIONS
 THE FOLLOWING WEATHER WAS RECORDED YESTERDAY.
  THUNDERSTORM
  RAIN
  FOG


RELATIVE HUMIDITY (PERCENT)
 HIGHEST    85           600 AM
 LOWEST     50          1000 AM
 AVERAGE    68

..........................................................


THE NEWARK NJ CLIMATE NORMALS FOR TODAY
                         NORMAL    RECORD    YEAR
 MAXIMUM TEMPERATURE (F)   84        97      2015
                                             1987
 MINIMUM TEMPERATURE (F)   68        55      1979


SUNRISE AND SUNSET
AUGUST 17 2016........SUNRISE   609 AM EDT   SUNSET   751 PM EDT
AUGUST 18 2016........SUNRISE   610 AM EDT   SUNSET   750 PM EDT


-  INDICATES NEGATIVE NUMBERS.
R  INDICATES RECORD WAS SET OR TIED.
MM INDICATES DATA IS MISSING.
T  INDICATES TRACE AMOUNT.




$$
