000
CDUS41 KOKX 300616
CLIEWR


CLIMATE REPORT
NATIONAL WEATHER SERVICE NEW YORK NY
115 AM EST THU NOV 30 2017


...................................

...THE NEWARK NJ CLIMATE SUMMARY FOR NOVEMBER 29 2017...

CLIMATE NORMAL PERIOD 1981 TO 2010
CLIMATE RECORD PERIOD 1929 TO 2017


WEATHER ITEM   OBSERVED TIME   RECORD YEAR NORMAL DEPARTURE LAST
                VALUE   (LST)  VALUE       VALUE  FROM      YEAR
                                                  NORMAL
..................................................................
TEMPERATURE (F)
 YESTERDAY
  MAXIMUM         66    205 PM  70    1990  49     17       60
  MINIMUM         39   1159 PM  15    1955  35      4       49
  AVERAGE         53                        42     11       55

PRECIPITATION (IN)
  YESTERDAY        0.00          2.02 2016   0.13  -0.13     2.02
  MONTH TO DATE    1.49                      3.51  -2.02     5.45
  SINCE SEP 1      8.15                     10.93  -2.78    10.62
  SINCE JAN 1     45.83                     42.30   3.53    34.43

SNOWFALL (IN)
  YESTERDAY        0.0           3.0  1995   0.1   -0.1      0.0
  MONTH TO DATE    T                         0.4   -0.4       T
  SINCE OCT 1      T                         0.4   -0.4       T
  SINCE JUL 1      T                         0.4   -0.4       T
  SNOW DEPTH       0

DEGREE DAYS
 HEATING
  YESTERDAY       12                        23    -11       10
  MONTH TO DATE  535                       524     11      442
  SINCE SEP 1    662                       844   -182      673
  SINCE JUL 1    662                       845   -183      673

 COOLING
  YESTERDAY        0                         0      0        0
  MONTH TO DATE    0                         0      0        1
  SINCE SEP 1    288                       157    131      261
  SINCE JAN 1   1316                      1191    125     1571
..................................................................


WIND (MPH)
  HIGHEST WIND SPEED    25   HIGHEST WIND DIRECTION    NW (330)
  HIGHEST GUST SPEED    34   HIGHEST GUST DIRECTION    NW (320)
  AVERAGE WIND SPEED    12.7


SKY COVER
  AVERAGE SKY COVER 0.2


WEATHER CONDITIONS
 THE FOLLOWING WEATHER WAS RECORDED YESTERDAY.
  FOG


RELATIVE HUMIDITY (PERCENT)
 HIGHEST    92           500 AM
 LOWEST     20           300 PM
 AVERAGE    56

..........................................................


THE NEWARK NJ CLIMATE NORMALS FOR TODAY
                         NORMAL    RECORD    YEAR
 MAXIMUM TEMPERATURE (F)   49        71      1991
 MINIMUM TEMPERATURE (F)   35        16      1976


SUNRISE AND SUNSET
NOVEMBER 30 2017......SUNRISE   700 AM EST   SUNSET   430 PM EST
DECEMBER  1 2017......SUNRISE   701 AM EST   SUNSET   430 PM EST


-  INDICATES NEGATIVE NUMBERS.
R  INDICATES RECORD WAS SET OR TIED.
MM INDICATES DATA IS MISSING.
T  INDICATES TRACE AMOUNT.




$$
