000
CDUS41 KOKX 192035
CLIEWR


CLIMATE REPORT
NATIONAL WEATHER SERVICE NEW YORK NY
435 PM EDT MON SEP 19 2016


...................................

...THE NEWARK NJ CLIMATE SUMMARY FOR SEPTEMBER 19 2016...
VALID TODAY AS OF 0400 PM LOCAL TIME.

CLIMATE NORMAL PERIOD 1981 TO 2010
CLIMATE RECORD PERIOD 1929 TO 2016


WEATHER ITEM   OBSERVED TIME   RECORD YEAR NORMAL DEPARTURE LAST
                VALUE   (LST)  VALUE       VALUE  FROM      YEAR
                                                  NORMAL
..................................................................
TEMPERATURE (F)
 TODAY
  MAXIMUM         76    339 AM  93    1983  76      0       83
  MINIMUM         70    626 AM  44    1959  59     11       64
                                      1943
  AVERAGE         73                        67      6       74

PRECIPITATION (IN)
  TODAY            1.03          1.79 1989   0.13   0.90     0.00
  MONTH TO DATE    1.25                      2.31  -1.06     1.02
  SINCE SEP 1      1.25                      2.31  -1.06     1.02
  SINCE JAN 1     25.06                     33.68  -8.62    28.62

SNOWFALL (IN)
  TODAY            0.0           0.0  2002   0.0    0.0      0.0
                                      2001
  MONTH TO DATE    0.0                       0.0    0.0      0.0
  SINCE OCT 1     32.8                      28.5    4.3     46.4
  SINCE JUL 1      0.0                       0.0    0.0      0.0
  SNOW DEPTH       0

DEGREE DAYS
 HEATING
  TODAY            0                         2     -2        0
  MONTH TO DATE    0                        11    -11        0
  SINCE SEP 1      0                        11    -11        0
  SINCE JUL 1      0                        12    -12        0

 COOLING
  TODAY            8                         4      4        9
  MONTH TO DATE  181                       113     68      216
  SINCE SEP 1    181                       113     68      216
  SINCE JAN 1   1491                      1147    344     1498
..................................................................


WIND (MPH)
  HIGHEST WIND SPEED    13   HIGHEST WIND DIRECTION     W (280)
  HIGHEST GUST SPEED    17   HIGHEST GUST DIRECTION     S (190)
  AVERAGE WIND SPEED     5.8


SKY COVER
  AVERAGE SKY COVER 1.0


WEATHER CONDITIONS
 THE FOLLOWING WEATHER WAS RECORDED TODAY.
  THUNDERSTORM
  HEAVY RAIN
  RAIN
  LIGHT RAIN
  FOG


RELATIVE HUMIDITY (PERCENT)
 HIGHEST    93           600 AM
 LOWEST     87          1200 AM
 AVERAGE    90

..........................................................


THE NEWARK NJ CLIMATE NORMALS FOR TOMORROW
                         NORMAL    RECORD    YEAR
 MAXIMUM TEMPERATURE (F)   75        92      1983
 MINIMUM TEMPERATURE (F)   58        44      1979


SUNRISE AND SUNSET
SEPTEMBER 19 2016.....SUNRISE   642 AM EDT   SUNSET   658 PM EDT
SEPTEMBER 20 2016.....SUNRISE   643 AM EDT   SUNSET   656 PM EDT


-  INDICATES NEGATIVE NUMBERS.
R  INDICATES RECORD WAS SET OR TIED.
MM INDICATES DATA IS MISSING.
T  INDICATES TRACE AMOUNT.




$$
