000
CDUS41 KOKX 240619
CLIEWR


CLIMATE REPORT
NATIONAL WEATHER SERVICE NEW YORK NY
219 AM EDT TUE MAY 24 2016


...................................

...THE NEWARK NJ CLIMATE SUMMARY FOR MAY 23 2016...

CLIMATE NORMAL PERIOD 1981 TO 2010
CLIMATE RECORD PERIOD 1929 TO 2016


WEATHER ITEM   OBSERVED TIME   RECORD YEAR NORMAL DEPARTURE LAST
                VALUE   (LST)  VALUE       VALUE  FROM      YEAR
                                                  NORMAL
..................................................................
TEMPERATURE (F)
 YESTERDAY
  MAXIMUM         76   1152 AM  96    1964  74      2       71
  MINIMUM         53    458 AM  43    1931  55     -2       49
  AVERAGE         65                        65      0       60

PRECIPITATION (IN)
  YESTERDAY        0.01          3.92 1979   0.15  -0.14     0.00
  MONTH TO DATE    2.20                      2.96  -0.76     0.90
  SINCE MAR 1      4.70                     11.34  -6.64     7.20
  SINCE JAN 1     12.75                     17.76  -5.01    13.68

SNOWFALL (IN)
  YESTERDAY        0.0           0.0  2002   0.0    0.0      0.0
                                      2001
  MONTH TO DATE    0.0                       0.0    0.0      0.0
  SINCE OCT 1     36.4                      28.5    7.9     46.4
  SINCE JUL 1     36.4                      28.5    7.9     46.4
  SNOW DEPTH       0

DEGREE DAYS
 HEATING
  YESTERDAY        0                         3     -3        5
  MONTH TO DATE  170                       117     53       48
  SINCE MAR 1   1026                      1202   -176     1211
  SINCE JUL 1   3899                      4837   -938     5114

 COOLING
  YESTERDAY        0                         3     -3        0
  MONTH TO DATE    2                        35    -33       74
  SINCE MAR 1     20                        47    -27       77
  SINCE JAN 1     20                        47    -27       77
..................................................................


WIND (MPH)
  HIGHEST WIND SPEED    14   HIGHEST WIND DIRECTION    SE (140)
  HIGHEST GUST SPEED    18   HIGHEST GUST DIRECTION    SE (130)
  AVERAGE WIND SPEED     5.9


SKY COVER
  AVERAGE SKY COVER 0.6


WEATHER CONDITIONS
 THE FOLLOWING WEATHER WAS RECORDED YESTERDAY.
  RAIN
  LIGHT RAIN


RELATIVE HUMIDITY (PERCENT)
 HIGHEST    93           200 AM
 LOWEST     43           400 PM
 AVERAGE    68

..........................................................


THE NEWARK NJ CLIMATE NORMALS FOR TODAY
                         NORMAL    RECORD    YEAR
 MAXIMUM TEMPERATURE (F)   75        93      1964
 MINIMUM TEMPERATURE (F)   56        40      1963


SUNRISE AND SUNSET
MAY 24 2016...........SUNRISE   532 AM EDT   SUNSET   816 PM EDT
MAY 25 2016...........SUNRISE   531 AM EDT   SUNSET   816 PM EDT


-  INDICATES NEGATIVE NUMBERS.
R  INDICATES RECORD WAS SET OR TIED.
MM INDICATES DATA IS MISSING.
T  INDICATES TRACE AMOUNT.




$$
