000
CDUS41 KOKX 120619
CLIEWR


CLIMATE REPORT
NATIONAL WEATHER SERVICE NEW YORK NY
218 AM EDT FRI SEP 12 2014


...................................

...THE NEWARK NJ CLIMATE SUMMARY FOR SEPTEMBER 11 2014...

CLIMATE NORMAL PERIOD 1981 TO 2010
CLIMATE RECORD PERIOD 1929 TO 2014


WEATHER ITEM   OBSERVED TIME   RECORD YEAR NORMAL DEPARTURE LAST
                VALUE   (LST)  VALUE       VALUE  FROM      YEAR
                                                  NORMAL
..................................................................
TEMPERATURE (F)
 YESTERDAY
  MAXIMUM         86    339 PM  99    1983  79      7       96
  MINIMUM         66    142 AM  47    1932  62      4       75
  AVERAGE         76                        70      6       86

PRECIPITATION (IN)
  YESTERDAY        T             3.64 1954   0.12  -0.12     0.00
  MONTH TO DATE    0.36                      1.26  -0.90     0.14
  SINCE SEP 1      0.36                      1.26  -0.90     0.14
  SINCE JAN 1     34.98                     32.63   2.35    33.44

SNOWFALL (IN)
  YESTERDAY        0.0           0.0  2002   0.0    0.0      0.0
                                      2001
  MONTH TO DATE    0.0                       0.0    0.0      0.0
  SINCE OCT 1     61.1                      28.5   32.6     29.5
  SINCE JUL 1      0.0                       0.0    0.0      0.0
  SNOW DEPTH       0

DEGREE DAYS
 HEATING
  YESTERDAY        0                         1     -1        0
  MONTH TO DATE    0                         2     -2        3
  SINCE SEP 1      0                         2     -2        3
  SINCE JUL 1      0                         3     -3        3

 COOLING
  YESTERDAY       11                         6      5       21
  MONTH TO DATE  130                        77     53       96
  SINCE SEP 1    130                        77     53       96
  SINCE JAN 1   1115                      1111      4     1267
..................................................................


WIND (MPH)
  HIGHEST WIND SPEED    20   HIGHEST WIND DIRECTION     N (340)
  HIGHEST GUST SPEED    25   HIGHEST GUST DIRECTION    NW (310)
  AVERAGE WIND SPEED    10.8


SKY COVER
  AVERAGE SKY COVER 0.8


WEATHER CONDITIONS
 THE FOLLOWING WEATHER WAS RECORDED YESTERDAY.
  LIGHT RAIN


RELATIVE HUMIDITY (PERCENT)
 HIGHEST    93           200 AM
 LOWEST     58           200 PM
 AVERAGE    76

..........................................................


THE NEWARK NJ CLIMATE NORMALS FOR TODAY
                         NORMAL    RECORD    YEAR
 MAXIMUM TEMPERATURE (F)   78        95      1961
 MINIMUM TEMPERATURE (F)   61        47      1958


SUNRISE AND SUNSET
SEPTEMBER 12 2014.....SUNRISE   634 AM EDT   SUNSET   711 PM EDT
SEPTEMBER 13 2014.....SUNRISE   635 AM EDT   SUNSET   709 PM EDT


-  INDICATES NEGATIVE NUMBERS.
R  INDICATES RECORD WAS SET OR TIED.
MM INDICATES DATA IS MISSING.
T  INDICATES TRACE AMOUNT.




$$
