000
CDUS41 KOKX 122036
CLIEWR


CLIMATE REPORT
NATIONAL WEATHER SERVICE NEW YORK NY
435 PM EDT MON JUN 12 2017


...................................

...THE NEWARK NJ CLIMATE SUMMARY FOR JUNE 12 2017...
VALID TODAY AS OF 0400 PM LOCAL TIME.

CLIMATE NORMAL PERIOD 1981 TO 2010
CLIMATE RECORD PERIOD 1929 TO 2017


WEATHER ITEM   OBSERVED TIME   RECORD YEAR NORMAL DEPARTURE LAST
                VALUE   (LST)  VALUE       VALUE  FROM      YEAR
                                                  NORMAL
..................................................................
TEMPERATURE (F)
 TODAY
  MAXIMUM         97R   258 PM  95    1973  81     16       88
  MINIMUM         69    454 AM  47    1951  62      7       63
  AVERAGE         83                        72     11       76

PRECIPITATION (IN)
  TODAY            0.00          1.74 1968   0.14  -0.14     0.00
  MONTH TO DATE    0.23                      1.72  -1.49     1.63
  SINCE JUN 1      0.23                      1.72  -1.49     1.63
  SINCE JAN 1     22.77                     20.61   2.16    16.03

SNOWFALL (IN)
  TODAY            0.0           0.0  2002   0.0    0.0      0.0
                                      2001
  MONTH TO DATE    0.0                       0.0    0.0      0.0
  SINCE OCT 1     30.0                      28.5    1.5     32.8
  SINCE JUL 1     30.0                      28.5    1.5     32.8
  SNOW DEPTH       0

DEGREE DAYS
 HEATING
  TODAY            0                         1     -1        0
  MONTH TO DATE   18                        14      4        4
  SINCE JUN 1     18                        14      4        4
  SINCE JUL 1   4233                      4869   -636     3899

 COOLING
  TODAY           18                         7     11       11
  MONTH TO DATE   59                        69    -10       75
  SINCE JUN 1     59                        69    -10       75
  SINCE JAN 1    154                       145      9      193
..................................................................


WIND (MPH)
  HIGHEST WIND SPEED    18   HIGHEST WIND DIRECTION     W (280)
  HIGHEST GUST SPEED    23   HIGHEST GUST DIRECTION     W (270)
  AVERAGE WIND SPEED     7.8


SKY COVER
  AVERAGE SKY COVER 0.1


WEATHER CONDITIONS
 THE FOLLOWING WEATHER WAS RECORDED TODAY.
  NO SIGNIFICANT WEATHER WAS OBSERVED.


RELATIVE HUMIDITY (PERCENT)
 HIGHEST    78           500 AM
 LOWEST     27           300 PM
 AVERAGE    53

..........................................................


THE NEWARK NJ CLIMATE NORMALS FOR TOMORROW
                         NORMAL    RECORD    YEAR
 MAXIMUM TEMPERATURE (F)   81        98      1961
 MINIMUM TEMPERATURE (F)   63        51      1982
                                             1950


SUNRISE AND SUNSET
JUNE 12 2017..........SUNRISE   525 AM EDT   SUNSET   828 PM EDT
JUNE 13 2017..........SUNRISE   525 AM EDT   SUNSET   829 PM EDT


-  INDICATES NEGATIVE NUMBERS.
R  INDICATES RECORD WAS SET OR TIED.
MM INDICATES DATA IS MISSING.
T  INDICATES TRACE AMOUNT.




$$
