000
CDUS41 KOKX 040623
CLIEWR


CLIMATE REPORT
NATIONAL WEATHER SERVICE NEW YORK NY
122 AM EST SUN DEC 4 2016


...................................

...THE NEWARK NJ CLIMATE SUMMARY FOR DECEMBER 3 2016...

CLIMATE NORMAL PERIOD 1981 TO 2010
CLIMATE RECORD PERIOD 1929 TO 2016


WEATHER ITEM   OBSERVED TIME   RECORD YEAR NORMAL DEPARTURE LAST
                VALUE   (LST)  VALUE       VALUE  FROM      YEAR
                                                  NORMAL
..................................................................
TEMPERATURE (F)
 YESTERDAY
  MAXIMUM         50    124 PM  70    1998  48      2       55
  MINIMUM         41    714 AM   9    1976  34      7       44
  AVERAGE         46                        41      5       50

PRECIPITATION (IN)
  YESTERDAY        T             1.43 1967   0.14  -0.14      T
  MONTH TO DATE    0.11                      0.40  -0.29     0.52
  SINCE DEC 1      0.11                      0.40  -0.29     0.52
  SINCE JAN 1     35.61                     42.84  -7.23    35.10

SNOWFALL (IN)
  YESTERDAY        0.0           1.6  1952   0.1   -0.1      0.0
  MONTH TO DATE    0.0                       0.3   -0.3      0.0
  SINCE OCT 1      T                         0.7   -0.7      0.0
  SINCE JUL 1      T                         0.7   -0.7      0.0
  SNOW DEPTH       0

DEGREE DAYS
 HEATING
  YESTERDAY       19                        24     -5       15
  MONTH TO DATE   55                        72    -17       47
  SINCE DEC 1     55                        72    -17       47
  SINCE JUL 1    738                       940   -202      679

 COOLING
  YESTERDAY        0                         0      0        0
  MONTH TO DATE    0                         0      0        0
  SINCE DEC 1      0                         0      0        0
  SINCE JAN 1   1571                      1192    379     1555
..................................................................


WIND (MPH)
  HIGHEST WIND SPEED    31   HIGHEST WIND DIRECTION    NW (310)
  HIGHEST GUST SPEED    37   HIGHEST GUST DIRECTION    NW (300)
  AVERAGE WIND SPEED    17.1


SKY COVER
  AVERAGE SKY COVER 0.7


WEATHER CONDITIONS
 THE FOLLOWING WEATHER WAS RECORDED YESTERDAY.
  NO SIGNIFICANT WEATHER WAS OBSERVED.


RELATIVE HUMIDITY (PERCENT)
 HIGHEST    62           100 AM
 LOWEST     39           100 PM
 AVERAGE    51

..........................................................


THE NEWARK NJ CLIMATE NORMALS FOR TODAY
                         NORMAL    RECORD    YEAR
 MAXIMUM TEMPERATURE (F)   47        75      1998
 MINIMUM TEMPERATURE (F)   33         9      1940


SUNRISE AND SUNSET
DECEMBER  4 2016......SUNRISE   705 AM EST   SUNSET   429 PM EST
DECEMBER  5 2016......SUNRISE   706 AM EST   SUNSET   429 PM EST


-  INDICATES NEGATIVE NUMBERS.
R  INDICATES RECORD WAS SET OR TIED.
MM INDICATES DATA IS MISSING.
T  INDICATES TRACE AMOUNT.




$$
