000
CDUS41 KOKX 142031
CLIEWR


CLIMATE REPORT
NATIONAL WEATHER SERVICE NEW YORK NY
431 PM EDT SUN SEP 14 2014


...................................

...THE NEWARK NJ CLIMATE SUMMARY FOR SEPTEMBER 14 2014...
VALID TODAY AS OF 0400 PM LOCAL TIME.

CLIMATE NORMAL PERIOD 1981 TO 2010
CLIMATE RECORD PERIOD 1929 TO 2014


WEATHER ITEM   OBSERVED TIME   RECORD YEAR NORMAL DEPARTURE LAST
                VALUE   (LST)  VALUE       VALUE  FROM      YEAR
                                                  NORMAL
..................................................................
TEMPERATURE (F)
 TODAY
  MAXIMUM         72    259 PM  92    2008  78     -6       69
                                      1931
  MINIMUM         53    609 AM  45    1975  61     -8       53
  AVERAGE         63                        69     -6       61

PRECIPITATION (IN)
  TODAY            0.00          3.40 1944   0.13  -0.13     0.00
  MONTH TO DATE    0.58                      1.64  -1.06     0.74
  SINCE SEP 1      0.58                      1.64  -1.06     0.74
  SINCE JAN 1     35.20                     33.01   2.19    34.04

SNOWFALL (IN)
  TODAY            0.0           0.0  2002   0.0    0.0      0.0
                                      2001
  MONTH TO DATE    0.0                       0.0    0.0      0.0
  SINCE OCT 1     61.1                      28.5   32.6     29.5
  SINCE JUL 1      0.0                       0.0    0.0      0.0
  SNOW DEPTH       0

DEGREE DAYS
 HEATING
  TODAY            2                         1      1        4
  MONTH TO DATE    3                         5     -2        7
  SINCE SEP 1      3                         5     -2        7
  SINCE JUL 1      3                         6     -3        7

 COOLING
  TODAY            0                         5     -5        0
  MONTH TO DATE  136                        92     44      114
  SINCE SEP 1    136                        92     44      114
  SINCE JAN 1   1121                      1126     -5     1285
..................................................................


WIND (MPH)
  HIGHEST WIND SPEED    18   HIGHEST WIND DIRECTION     N (350)
  HIGHEST GUST SPEED    22   HIGHEST GUST DIRECTION     N (340)
  AVERAGE WIND SPEED     7.2


SKY COVER
  AVERAGE SKY COVER 0.4


WEATHER CONDITIONS
 THE FOLLOWING WEATHER WAS RECORDED TODAY.
  NO SIGNIFICANT WEATHER WAS OBSERVED.


RELATIVE HUMIDITY (PERCENT)
 HIGHEST    77           400 AM
 LOWEST     35           200 PM
 AVERAGE    56

..........................................................


THE NEWARK NJ CLIMATE NORMALS FOR TOMORROW
                         NORMAL    RECORD    YEAR
 MAXIMUM TEMPERATURE (F)   77        94      1993
 MINIMUM TEMPERATURE (F)   60        47      1975


SUNRISE AND SUNSET
SEPTEMBER 14 2014.....SUNRISE   636 AM EDT   SUNSET   707 PM EDT
SEPTEMBER 15 2014.....SUNRISE   637 AM EDT   SUNSET   706 PM EDT


-  INDICATES NEGATIVE NUMBERS.
R  INDICATES RECORD WAS SET OR TIED.
MM INDICATES DATA IS MISSING.
T  INDICATES TRACE AMOUNT.




$$
