000
CDUS41 KOKX 022031
CLIEWR


CLIMATE REPORT
NATIONAL WEATHER SERVICE NEW YORK NY
431 PM EDT WED APR 2 2014


...................................

...THE NEWARK NJ CLIMATE SUMMARY FOR APRIL 2 2014...
VALID TODAY AS OF 0400 PM LOCAL TIME.

CLIMATE NORMAL PERIOD 1981 TO 2010
CLIMATE RECORD PERIOD 1929 TO 2014


WEATHER ITEM   OBSERVED TIME   RECORD YEAR NORMAL DEPARTURE LAST
                VALUE   (LST)  VALUE       VALUE  FROM      YEAR
                                                  NORMAL
..................................................................
TEMPERATURE (F)
 TODAY
  MAXIMUM         49    259 PM  83    1967  57     -8       46
  MINIMUM         41    307 AM  28    1964  39      2       32
  AVERAGE         45                        48     -3       39

PRECIPITATION (IN)
  TODAY            0.02          1.93 1970   0.16  -0.14     0.00
  MONTH TO DATE    0.02                      0.30  -0.28      T
  SINCE MAR 1      3.67                      4.48  -0.81     3.00
  SINCE JAN 1     11.39                     10.90   0.49     9.34

SNOWFALL (IN)
  TODAY            0.0           0.7  1965   0.0    0.0      0.0
  MONTH TO DATE    0.0                       0.1   -0.1      0.0
  SINCE OCT 1     60.7                      27.7   33.0     29.5
  SINCE JUL 1     60.7                      27.7   33.0     29.5
  SNOW DEPTH       0

DEGREE DAYS
 HEATING
  TODAY           20                        17      3       26
  MONTH TO DATE   36                        35      1       40
  SINCE MAR 1    870                       744    126      799
  SINCE JUL 1   4745                      4379    366     4179

 COOLING
  TODAY            0                         0      0        0
  MONTH TO DATE    0                         0      0        0
  SINCE MAR 1      0                         1     -1        0
  SINCE JAN 1      0                         1     -1        0
..................................................................


WIND (MPH)
  HIGHEST WIND SPEED     8   HIGHEST WIND DIRECTION     S (190)
  HIGHEST GUST SPEED    10   HIGHEST GUST DIRECTION     S (170)
  AVERAGE WIND SPEED     2.6


SKY COVER
  AVERAGE SKY COVER 0.7


WEATHER CONDITIONS
 THE FOLLOWING WEATHER WAS RECORDED TODAY.
  LIGHT RAIN


RELATIVE HUMIDITY (PERCENT)
 HIGHEST    86          1200 PM
 LOWEST     70          1200 AM
 AVERAGE    78

..........................................................


THE NEWARK NJ CLIMATE NORMALS FOR TOMORROW
                         NORMAL    RECORD    YEAR
 MAXIMUM TEMPERATURE (F)   57        81      1967
 MINIMUM TEMPERATURE (F)   39        24      1954


SUNRISE AND SUNSET
APRIL  2 2014.........SUNRISE   639 AM EDT   SUNSET   722 PM EDT
APRIL  3 2014.........SUNRISE   637 AM EDT   SUNSET   723 PM EDT


-  INDICATES NEGATIVE NUMBERS.
R  INDICATES RECORD WAS SET OR TIED.
MM INDICATES DATA IS MISSING.
T  INDICATES TRACE AMOUNT.




$$
