000
CDUS41 KOKX 262245
CLIEWR


CLIMATE REPORT
NATIONAL WEATHER SERVICE NEW YORK NY
645 PM EDT SUN JUL 26 2015


...................................

...THE NEWARK NJ CLIMATE SUMMARY FOR JULY 26 2015...
VALID TODAY AS OF 0500 PM LOCAL TIME.

CLIMATE NORMAL PERIOD 1981 TO 2010
CLIMATE RECORD PERIOD 1929 TO 2015


WEATHER ITEM   OBSERVED TIME   RECORD YEAR NORMAL DEPARTURE LAST
                VALUE   (LST)  VALUE       VALUE  FROM      YEAR
                                                  NORMAL
..................................................................
TEMPERATURE (F)
 TODAY
  MAXIMUM         93    332 PM  99    2005  86      7       82
                                      1989
                                      1940
  MINIMUM         71    443 AM  57    1953  69      2       66
  AVERAGE         82                        78      4       74

PRECIPITATION (IN)
  TODAY            0.00          2.72 1985   0.16  -0.16     0.18
  MONTH TO DATE    1.84                      3.90  -2.06     4.85
  SINCE JUN 1      7.74                      7.92  -0.18     9.26
  SINCE JAN 1     25.35                     26.81  -1.46    32.61

SNOWFALL (IN)
  TODAY            0.0           0.0  2002   0.0    0.0      0.0
                                      2001
  MONTH TO DATE    0.0                       0.0    0.0      0.0
  SINCE OCT 1     46.4                      28.5   17.9     61.1
  SINCE JUL 1      0.0                       0.0    0.0      0.0
  SNOW DEPTH       0

DEGREE DAYS
 HEATING
  TODAY            0                         0      0        0
  MONTH TO DATE    0                         0      0        0
  SINCE JUN 1     29                        17     12        0
  SINCE JUL 1      0                         0      0        0

 COOLING
  TODAY           17                        13      4        9
  MONTH TO DATE  351                       326     25      331
  SINCE JUN 1    600                       565     35      573
  SINCE JAN 1    760                       641    119      635
..................................................................


WIND (MPH)
  HIGHEST WIND SPEED    21   HIGHEST WIND DIRECTION    SW (210)
  HIGHEST GUST SPEED    35   HIGHEST GUST DIRECTION    SW (230)
  AVERAGE WIND SPEED    10.0


SKY COVER
  AVERAGE SKY COVER 0.7


WEATHER CONDITIONS
 THE FOLLOWING WEATHER WAS RECORDED TODAY.
  NO SIGNIFICANT WEATHER WAS OBSERVED.


RELATIVE HUMIDITY (PERCENT)
 HIGHEST    68           400 AM
 LOWEST     41           400 PM
 AVERAGE    55

..........................................................


THE NEWARK NJ CLIMATE NORMALS FOR TOMORROW
                         NORMAL    RECORD    YEAR
 MAXIMUM TEMPERATURE (F)   86       101      2005
 MINIMUM TEMPERATURE (F)   69        57      1977
                                             1962


SUNRISE AND SUNSET
JULY 26 2015..........SUNRISE   548 AM EDT   SUNSET   818 PM EDT
JULY 27 2015..........SUNRISE   548 AM EDT   SUNSET   817 PM EDT


-  INDICATES NEGATIVE NUMBERS.
R  INDICATES RECORD WAS SET OR TIED.
MM INDICATES DATA IS MISSING.
T  INDICATES TRACE AMOUNT.




$$
