000
CDUS41 KOKX 170841
CLIEWR


CLIMATE REPORT
NATIONAL WEATHER SERVICE NEW YORK NY
340 AM EST WED JAN 17 2018


...................................

...THE NEWARK NJ CLIMATE SUMMARY FOR JANUARY 16 2018...

CLIMATE NORMAL PERIOD 1981 TO 2010
CLIMATE RECORD PERIOD 1929 TO 2018


WEATHER ITEM   OBSERVED TIME   RECORD YEAR NORMAL DEPARTURE LAST
                VALUE   (LST)  VALUE       VALUE  FROM      YEAR
                                                  NORMAL
..................................................................
TEMPERATURE (F)
 YESTERDAY
  MAXIMUM         38    458 PM  58    1995  38      0       44
  MINIMUM         22    211 AM   0    2004  24     -2       25
  AVERAGE         30                        31     -1       35

PRECIPITATION (IN)
  YESTERDAY        0.00          1.38 1941   0.12  -0.12      T
  MONTH TO DATE    1.32                      1.90  -0.58     1.86
  SINCE DEC 1      2.96                      5.71  -2.75     4.77
  SINCE JAN 1      1.32                      1.90  -0.58     1.86

SNOWFALL (IN)
  YESTERDAY        0.0           5.4  1965   0.2   -0.2      0.0
  MONTH TO DATE    8.4                       4.0    4.4      8.8
  SINCE OCT 1     16.1                       9.8    6.3     12.2
  SINCE JUL 1     16.1                       9.8    6.3     12.2
  SNOW DEPTH       0

DEGREE DAYS
 HEATING
  YESTERDAY       35                        34      1       30
  MONTH TO DATE  626                       534     92      471
  SINCE DEC 1   1561                      1416    145     1311
  SINCE JUL 1   2246                      2284    -38     1994

 COOLING
  YESTERDAY        0                         0      0        0
  MONTH TO DATE    0                         0      0        0
  SINCE DEC 1      0                         0      0        0
  SINCE JAN 1      0                         0      0        0
..................................................................


WIND (MPH)
  HIGHEST WIND SPEED    10   HIGHEST WIND DIRECTION     N (20)
  HIGHEST GUST SPEED    12   HIGHEST GUST DIRECTION    NW (320)
  AVERAGE WIND SPEED     5.3


SKY COVER
  AVERAGE SKY COVER 1.0


WEATHER CONDITIONS
 THE FOLLOWING WEATHER WAS RECORDED YESTERDAY.
  NO SIGNIFICANT WEATHER WAS OBSERVED.


RELATIVE HUMIDITY (PERCENT)
 HIGHEST    82          1200 PM
 LOWEST     68           500 AM
 AVERAGE    75

..........................................................


THE NEWARK NJ CLIMATE NORMALS FOR TODAY
                         NORMAL    RECORD    YEAR
 MAXIMUM TEMPERATURE (F)   38        62      1990
 MINIMUM TEMPERATURE (F)   24        -7      1982


SUNRISE AND SUNSET
JANUARY 17 2018.......SUNRISE   718 AM EST   SUNSET   456 PM EST
JANUARY 18 2018.......SUNRISE   717 AM EST   SUNSET   457 PM EST


-  INDICATES NEGATIVE NUMBERS.
R  INDICATES RECORD WAS SET OR TIED.
MM INDICATES DATA IS MISSING.
T  INDICATES TRACE AMOUNT.




$$
