193
CDUS41 KOKX 230619
CLIEWR


CLIMATE REPORT
NATIONAL WEATHER SERVICE NEW YORK NY
218 AM EDT SAT APR 23 2016


...................................

...THE NEWARK NJ CLIMATE SUMMARY FOR APRIL 22 2016...

CLIMATE NORMAL PERIOD 1981 TO 2010
CLIMATE RECORD PERIOD 1929 TO 2016


WEATHER ITEM   OBSERVED TIME   RECORD YEAR NORMAL DEPARTURE LAST
                VALUE   (LST)  VALUE       VALUE  FROM      YEAR
                                                  NORMAL
..................................................................
TEMPERATURE (F)
 YESTERDAY
  MAXIMUM         83    206 PM  87    1985  65     18       73
  MINIMUM         61    559 AM  32    1947  46     15       46
  AVERAGE         72                        55     17       60

PRECIPITATION (IN)
  YESTERDAY        T             2.64 2012   0.13  -0.13     0.06
  MONTH TO DATE    0.95                      3.14  -2.19     1.67
  SINCE MAR 1      2.33                      7.32  -4.99     6.30
  SINCE JAN 1     10.38                     13.74  -3.36    12.78

SNOWFALL (IN)
  YESTERDAY        0.0           T    1972   0.1   -0.1      0.0
  MONTH TO DATE    T                         0.9   -0.9      0.0
  SINCE OCT 1     36.4                      28.5    7.9     46.4
  SINCE JUL 1     36.4                      28.5    7.9     46.4
  SNOW DEPTH       0

DEGREE DAYS
 HEATING
  YESTERDAY        0                        10    -10        5
  MONTH TO DATE  296                       305     -9      235
  SINCE MAR 1    790                      1014   -224     1074
  SINCE JUL 1   3663                      4649   -986     4977

 COOLING
  YESTERDAY        7                         1      6        0
  MONTH TO DATE   13                         1     12        3
  SINCE MAR 1     18                         2     16        3
  SINCE JAN 1     18                         2     16        3
..................................................................


WIND (MPH)
  HIGHEST WIND SPEED    18   HIGHEST WIND DIRECTION    SW (240)
  HIGHEST GUST SPEED    23   HIGHEST GUST DIRECTION     W (260)
  AVERAGE WIND SPEED     8.6


SKY COVER
  AVERAGE SKY COVER 0.9


WEATHER CONDITIONS
 THE FOLLOWING WEATHER WAS RECORDED YESTERDAY.
  THUNDERSTORM
  LIGHT RAIN


RELATIVE HUMIDITY (PERCENT)
 HIGHEST    73           700 AM
 LOWEST     40           200 PM
 AVERAGE    57

..........................................................


THE NEWARK NJ CLIMATE NORMALS FOR TODAY
                         NORMAL    RECORD    YEAR
 MAXIMUM TEMPERATURE (F)   65        88      1996
 MINIMUM TEMPERATURE (F)   46        32      1933


SUNRISE AND SUNSET
APRIL 23 2016.........SUNRISE   605 AM EDT   SUNSET   745 PM EDT
APRIL 24 2016.........SUNRISE   604 AM EDT   SUNSET   746 PM EDT


-  INDICATES NEGATIVE NUMBERS.
R  INDICATES RECORD WAS SET OR TIED.
MM INDICATES DATA IS MISSING.
T  INDICATES TRACE AMOUNT.




$$
