558
CDUS41 KOKX 180621
CLIEWR


CLIMATE REPORT
NATIONAL WEATHER SERVICE NEW YORK NY
221 AM EDT WED MAY 18 2016


...................................

...THE NEWARK NJ CLIMATE SUMMARY FOR MAY 17 2016...

CLIMATE NORMAL PERIOD 1981 TO 2010
CLIMATE RECORD PERIOD 1929 TO 2016


WEATHER ITEM   OBSERVED TIME   RECORD YEAR NORMAL DEPARTURE LAST
                VALUE   (LST)  VALUE       VALUE  FROM      YEAR
                                                  NORMAL
..................................................................
TEMPERATURE (F)
 YESTERDAY
  MAXIMUM         66   1246 PM  94    1974  72     -6       84
  MINIMUM         52   1159 PM  39    1956  54     -2       68
  AVERAGE         59                        63     -4       76

PRECIPITATION (IN)
  YESTERDAY        T             0.71 1989   0.14  -0.14      T
  MONTH TO DATE    2.07                      2.13  -0.06     0.90
  SINCE MAR 1      4.57                     10.51  -5.94     7.20
  SINCE JAN 1     12.62                     16.93  -4.31    13.68

SNOWFALL (IN)
  YESTERDAY        0.0           0.0  2002   0.0    0.0      0.0
                                      2001
  MONTH TO DATE    0.0                       0.0    0.0      0.0
  SINCE OCT 1     36.4                      28.5    7.9     46.4
  SINCE JUL 1     36.4                      28.5    7.9     46.4
  SNOW DEPTH       0

DEGREE DAYS
 HEATING
  YESTERDAY        6                         4      2        0
  MONTH TO DATE  151                        97     54       31
  SINCE MAR 1   1007                      1182   -175     1194
  SINCE JUL 1   3880                      4817   -937     5097

 COOLING
  YESTERDAY        0                         2     -2       11
  MONTH TO DATE    2                        21    -19       66
  SINCE MAR 1     20                        33    -13       69
  SINCE JAN 1     20                        33    -13       69
..................................................................


WIND (MPH)
  HIGHEST WIND SPEED    18   HIGHEST WIND DIRECTION    SW (220)
  HIGHEST GUST SPEED    25   HIGHEST GUST DIRECTION     W (260)
  AVERAGE WIND SPEED     9.3


SKY COVER
  AVERAGE SKY COVER 0.9


WEATHER CONDITIONS
 THE FOLLOWING WEATHER WAS RECORDED YESTERDAY.
  LIGHT RAIN


RELATIVE HUMIDITY (PERCENT)
 HIGHEST    89          1100 PM
 LOWEST     34           100 PM
 AVERAGE    62

..........................................................


THE NEWARK NJ CLIMATE NORMALS FOR TODAY
                         NORMAL    RECORD    YEAR
 MAXIMUM TEMPERATURE (F)   73        90      1986
                                             1977
                                             1936
 MINIMUM TEMPERATURE (F)   54        43      2003
                                             1983
                                             1955


SUNRISE AND SUNSET
MAY 18 2016...........SUNRISE   537 AM EDT   SUNSET   810 PM EDT
MAY 19 2016...........SUNRISE   536 AM EDT   SUNSET   811 PM EDT


-  INDICATES NEGATIVE NUMBERS.
R  INDICATES RECORD WAS SET OR TIED.
MM INDICATES DATA IS MISSING.
T  INDICATES TRACE AMOUNT.




$$
