000
CDUS41 KOKX 270622
CLIEWR


CLIMATE REPORT
NATIONAL WEATHER SERVICE NEW YORK NY
221 AM EDT SAT JUN 27 2015


...................................

...THE NEWARK NJ CLIMATE SUMMARY FOR JUNE 26 2015...

CLIMATE NORMAL PERIOD 1981 TO 2010
CLIMATE RECORD PERIOD 1929 TO 2015


WEATHER ITEM   OBSERVED TIME   RECORD YEAR NORMAL DEPARTURE LAST
                VALUE   (LST)  VALUE       VALUE  FROM      YEAR
                                                  NORMAL
..................................................................
TEMPERATURE (F)
 YESTERDAY
  MAXIMUM         81    239 PM 102    1952  84     -3       89
                                      1943
  MINIMUM         70   1158 PM  55    1986  66      4       71
  AVERAGE         76                        75      1       80

PRECIPITATION (IN)
  YESTERDAY        0.00          1.18 1940   0.13  -0.13     0.17
  MONTH TO DATE    4.52                      3.53   0.99     4.41
  SINCE JUN 1      4.52                      3.53   0.99     4.41
  SINCE JAN 1     22.13                     22.42  -0.29    27.76

SNOWFALL (IN)
  YESTERDAY        0.0           0.0  2002   0.0    0.0      0.0
                                      2001
  MONTH TO DATE    0.0                       0.0    0.0      0.0
  SINCE OCT 1     46.4                      28.5   17.9     61.1
  SINCE JUL 1     46.4                      28.5   17.9     61.1
  SNOW DEPTH       0

DEGREE DAYS
 HEATING
  YESTERDAY        0                         0      0        0
  MONTH TO DATE   29                        15     14        0
  SINCE JUN 1     29                        15     14        0
  SINCE JUL 1   5143                      4870    273     5166

 COOLING
  YESTERDAY       11                        10      1       15
  MONTH TO DATE  227                       194     33      201
  SINCE JUN 1    227                       194     33      201
  SINCE JAN 1    387                       270    117      263
..................................................................


WIND (MPH)
  HIGHEST WIND SPEED    15   HIGHEST WIND DIRECTION     N (20)
  HIGHEST GUST SPEED    18   HIGHEST GUST DIRECTION    SE (150)
  AVERAGE WIND SPEED     6.9


SKY COVER
  AVERAGE SKY COVER 0.8


WEATHER CONDITIONS
 THE FOLLOWING WEATHER WAS RECORDED YESTERDAY.
  NO SIGNIFICANT WEATHER WAS OBSERVED.


RELATIVE HUMIDITY (PERCENT)
 HIGHEST    73          1200 AM
 LOWEST     45           200 PM
 AVERAGE    59

..........................................................


THE NEWARK NJ CLIMATE NORMALS FOR TODAY
                         NORMAL    RECORD    YEAR
 MAXIMUM TEMPERATURE (F)   85       101      1966
 MINIMUM TEMPERATURE (F)   67        52      1940


SUNRISE AND SUNSET
JUNE 27 2015..........SUNRISE   527 AM EDT   SUNSET   832 PM EDT
JUNE 28 2015..........SUNRISE   528 AM EDT   SUNSET   832 PM EDT


-  INDICATES NEGATIVE NUMBERS.
R  INDICATES RECORD WAS SET OR TIED.
MM INDICATES DATA IS MISSING.
T  INDICATES TRACE AMOUNT.




$$
