000
CDUS41 KOKX 142031
CLIEWR


CLIMATE REPORT
NATIONAL WEATHER SERVICE NEW YORK NY
431 PM EDT TUE OCT 14 2014


...................................

...THE NEWARK NJ CLIMATE SUMMARY FOR OCTOBER 14 2014...
VALID TODAY AS OF 0400 PM LOCAL TIME.

CLIMATE NORMAL PERIOD 1981 TO 2010
CLIMATE RECORD PERIOD 1929 TO 2014


WEATHER ITEM   OBSERVED TIME   RECORD YEAR NORMAL DEPARTURE LAST
                VALUE   (LST)  VALUE       VALUE  FROM      YEAR
                                                  NORMAL
..................................................................
TEMPERATURE (F)
 TODAY
  MAXIMUM         79   1238 PM  85    1975  66     13       67
  MINIMUM         63    213 AM  32    1932  48     15       49
  AVERAGE         71                        57     14       58

PRECIPITATION (IN)
  TODAY            0.00          1.57 1955   0.12  -0.12     0.00
  MONTH TO DATE    1.31                      1.66  -0.35     0.38
  SINCE SEP 1      2.83                      5.48  -2.65     1.92
  SINCE JAN 1     37.45                     36.85   0.60    35.22

SNOWFALL (IN)
  TODAY            0.0           0.0  2002   0.0    0.0      0.0
                                      2001
  MONTH TO DATE    0.0                       0.0    0.0      0.0
  SINCE OCT 1      0.0                       0.0    0.0      0.0
  SINCE JUL 1      0.0                       0.0    0.0      0.0
  SNOW DEPTH       0

DEGREE DAYS
 HEATING
  TODAY            0                         8     -8        7
  MONTH TO DATE   69                        90    -21       31
  SINCE SEP 1     88                       134    -46       78
  SINCE JUL 1     88                       135    -47       78

 COOLING
  TODAY            6                         0      6        0
  MONTH TO DATE   11                        14     -3       44
  SINCE SEP 1    180                       154     26      163
  SINCE JAN 1   1165                      1188    -23     1334
..................................................................


WIND (MPH)
  HIGHEST WIND SPEED    17   HIGHEST WIND DIRECTION     S (180)
  HIGHEST GUST SPEED    23   HIGHEST GUST DIRECTION     S (180)
  AVERAGE WIND SPEED     5.2


SKY COVER
  AVERAGE SKY COVER 0.8


WEATHER CONDITIONS
 THE FOLLOWING WEATHER WAS RECORDED TODAY.
  NO SIGNIFICANT WEATHER WAS OBSERVED.


RELATIVE HUMIDITY (PERCENT)
 HIGHEST    93          1200 AM
 LOWEST     60          1200 PM
 AVERAGE    77

..........................................................


THE NEWARK NJ CLIMATE NORMALS FOR TOMORROW
                         NORMAL    RECORD    YEAR
 MAXIMUM TEMPERATURE (F)   66        86      1956
 MINIMUM TEMPERATURE (F)   48        32      1937


SUNRISE AND SUNSET
OCTOBER 14 2014.......SUNRISE   707 AM EDT   SUNSET   618 PM EDT
OCTOBER 15 2014.......SUNRISE   708 AM EDT   SUNSET   616 PM EDT


-  INDICATES NEGATIVE NUMBERS.
R  INDICATES RECORD WAS SET OR TIED.
MM INDICATES DATA IS MISSING.
T  INDICATES TRACE AMOUNT.




$$
