000
CDUS41 KOKX 282032
CLIEWR


CLIMATE REPORT
NATIONAL WEATHER SERVICE NEW YORK NY
432 PM EDT TUE MAR 28 2017


...................................

...THE NEWARK NJ CLIMATE SUMMARY FOR MARCH 28 2017...
VALID TODAY AS OF 0400 PM LOCAL TIME.

CLIMATE NORMAL PERIOD 1981 TO 2010
CLIMATE RECORD PERIOD 1929 TO 2017


WEATHER ITEM   OBSERVED TIME   RECORD YEAR NORMAL DEPARTURE LAST
                VALUE   (LST)  VALUE       VALUE  FROM      YEAR
                                                  NORMAL
..................................................................
TEMPERATURE (F)
 TODAY
  MAXIMUM         49    109 AM  87    1945  55     -6       65
  MINIMUM         44    548 AM  19    1982  37      7       43
  AVERAGE         47                        46      1       54

PRECIPITATION (IN)
  TODAY            0.49          2.30 2005   0.14   0.35     0.38
  MONTH TO DATE    2.49                      3.75  -1.26     1.38
  SINCE MAR 1      2.49                      3.75  -1.26     1.38
  SINCE JAN 1      9.23                     10.17  -0.94     9.43

SNOWFALL (IN)
  TODAY            0.0           1.1  1984   0.1   -0.1      0.0
  MONTH TO DATE    9.4                       4.4    5.0      1.6
  SINCE OCT 1     30.0                      27.4    2.6     32.8
  SINCE JUL 1     30.0                      27.4    2.6     32.8
  SNOW DEPTH       0

DEGREE DAYS
 HEATING
  TODAY           18                        19     -1       11
  MONTH TO DATE  710                       654     56      451
  SINCE MAR 1    710                       654     56      451
  SINCE JUL 1   3719                      4289   -570     3324

 COOLING
  TODAY            0                         0      0        0
  MONTH TO DATE    0                         0      0        5
  SINCE MAR 1      0                         0      0        5
  SINCE JAN 1      0                         0      0        5
..................................................................


WIND (MPH)
  HIGHEST WIND SPEED    17   HIGHEST WIND DIRECTION    NE (30)
  HIGHEST GUST SPEED    20   HIGHEST GUST DIRECTION    NE (30)
  AVERAGE WIND SPEED     6.8


SKY COVER
  AVERAGE SKY COVER 1.0


WEATHER CONDITIONS
 THE FOLLOWING WEATHER WAS RECORDED TODAY.
  HEAVY RAIN
  RAIN
  LIGHT RAIN
  FOG


RELATIVE HUMIDITY (PERCENT)
 HIGHEST   100           400 AM
 LOWEST     86          1200 AM
 AVERAGE    93

..........................................................


THE NEWARK NJ CLIMATE NORMALS FOR TOMORROW
                         NORMAL    RECORD    YEAR
 MAXIMUM TEMPERATURE (F)   55        89      1945
 MINIMUM TEMPERATURE (F)   38        23      1959


SUNRISE AND SUNSET
MARCH 28 2017.........SUNRISE   646 AM EDT   SUNSET   717 PM EDT
MARCH 29 2017.........SUNRISE   645 AM EDT   SUNSET   719 PM EDT


-  INDICATES NEGATIVE NUMBERS.
R  INDICATES RECORD WAS SET OR TIED.
MM INDICATES DATA IS MISSING.
T  INDICATES TRACE AMOUNT.




$$
