000
CDUS41 KOKX 210616
CLIEWR


CLIMATE REPORT
NATIONAL WEATHER SERVICE NEW YORK NY
216 AM EDT SAT OCT 21 2017


...................................

...THE NEWARK NJ CLIMATE SUMMARY FOR OCTOBER 20 2017...

CLIMATE NORMAL PERIOD 1981 TO 2010
CLIMATE RECORD PERIOD 1929 TO 2017


WEATHER ITEM   OBSERVED TIME   RECORD YEAR NORMAL DEPARTURE LAST
                VALUE   (LST)  VALUE       VALUE  FROM      YEAR
                                                  NORMAL
..................................................................
TEMPERATURE (F)
 YESTERDAY
  MAXIMUM         76    317 PM  80    1969  64     12       71
                                      1947
  MINIMUM         55    626 AM  31    1974  47      8       60
                                      1972
                                      1952
  AVERAGE         66                        55     11       66

PRECIPITATION (IN)
  YESTERDAY        0.00          2.11 1976   0.11  -0.11     0.00
  MONTH TO DATE    0.65                      2.34  -1.69     0.66
  SINCE SEP 1      2.37                      6.16  -3.79     2.83
  SINCE JAN 1     40.05                     37.53   2.52    26.64

SNOWFALL (IN)
  YESTERDAY        0.0           0.3  1952   0.0    0.0      0.0
  MONTH TO DATE    0.0                       0.0    0.0      0.0
  SINCE OCT 1      0.0                       0.0    0.0      0.0
  SINCE JUL 1      0.0                       0.0    0.0      0.0
  SNOW DEPTH       0

DEGREE DAYS
 HEATING
  YESTERDAY        0                        10    -10        0
  MONTH TO DATE   54                       146    -92       86
  SINCE SEP 1     71                       190   -119      102
  SINCE JUL 1     71                       191   -120      102

 COOLING
  YESTERDAY        1                         0      1        1
  MONTH TO DATE   75                        14     61       31
  SINCE SEP 1    277                       154    123      259
  SINCE JAN 1   1305                      1188    117     1569
..................................................................


WIND (MPH)
  HIGHEST WIND SPEED    21   HIGHEST WIND DIRECTION    NW (330)
  HIGHEST GUST SPEED    28   HIGHEST GUST DIRECTION    NW (310)
  AVERAGE WIND SPEED     9.1


SKY COVER
  AVERAGE SKY COVER 0.2


WEATHER CONDITIONS
 THE FOLLOWING WEATHER WAS RECORDED YESTERDAY.
  NO SIGNIFICANT WEATHER WAS OBSERVED.


RELATIVE HUMIDITY (PERCENT)
 HIGHEST    72           400 AM
 LOWEST     16           200 PM
 AVERAGE    44

..........................................................


THE NEWARK NJ CLIMATE NORMALS FOR TODAY
                         NORMAL    RECORD    YEAR
 MAXIMUM TEMPERATURE (F)   64        84      1947
 MINIMUM TEMPERATURE (F)   46        31      1974
                                             1952


SUNRISE AND SUNSET
OCTOBER 21 2017.......SUNRISE   715 AM EDT   SUNSET   607 PM EDT
OCTOBER 22 2017.......SUNRISE   716 AM EDT   SUNSET   606 PM EDT


-  INDICATES NEGATIVE NUMBERS.
R  INDICATES RECORD WAS SET OR TIED.
MM INDICATES DATA IS MISSING.
T  INDICATES TRACE AMOUNT.




$$
