000
CDUS41 KOKX 180714
CLIEWR


CLIMATE REPORT
NATIONAL WEATHER SERVICE NEW YORK NY
314 AM EDT FRI APR 18 2014


...................................

...THE NEWARK NJ CLIMATE SUMMARY FOR APRIL 17 2014...

CLIMATE NORMAL PERIOD 1981 TO 2010
CLIMATE RECORD PERIOD 1929 TO 2014


WEATHER ITEM   OBSERVED TIME   RECORD YEAR NORMAL DEPARTURE LAST
                VALUE   (LST)  VALUE       VALUE  FROM      YEAR
                                                  NORMAL
..................................................................
TEMPERATURE (F)
 YESTERDAY
  MAXIMUM         47   1203 PM  97    2002  63    -16       72
  MINIMUM         34    505 AM  30    1980  44    -10       54
  AVERAGE         41                        54    -13       63

PRECIPITATION (IN)
  YESTERDAY        0.00          1.20 1954   0.13  -0.13     0.02
  MONTH TO DATE    1.96                      2.47  -0.51     1.18
  SINCE MAR 1      5.61                      6.65  -1.04     4.18
  SINCE JAN 1     13.33                     13.07   0.26    10.52

SNOWFALL (IN)
  YESTERDAY        0.0           0.0  2002   0.0    0.0      0.0
                                      2001
  MONTH TO DATE    0.4                       0.7   -0.3      0.0
  SINCE OCT 1     61.1                      28.3   32.8     29.5
  SINCE JUL 1     61.1                      28.3   32.8     29.5
  SNOW DEPTH       0

DEGREE DAYS
 HEATING
  YESTERDAY       24                        12     12        2
  MONTH TO DATE  217                       250    -33      219
  SINCE MAR 1   1051                       959     92      978
  SINCE JUL 1   4926                      4594    332     4358

 COOLING
  YESTERDAY        0                         0      0        0
  MONTH TO DATE    8                         0      8        3
  SINCE MAR 1      8                         1      7        3
  SINCE JAN 1      8                         1      7        3
..................................................................


WIND (MPH)
  HIGHEST WIND SPEED    15   HIGHEST WIND DIRECTION     S (160)
  HIGHEST GUST SPEED    21   HIGHEST GUST DIRECTION     S (160)
  AVERAGE WIND SPEED     9.3


SKY COVER
  AVERAGE SKY COVER 0.4


WEATHER CONDITIONS
 THE FOLLOWING WEATHER WAS RECORDED YESTERDAY.
  NO SIGNIFICANT WEATHER WAS OBSERVED.


RELATIVE HUMIDITY (PERCENT)
 HIGHEST    70           900 PM
 LOWEST     40          1000 AM
 AVERAGE    55

..........................................................


THE NEWARK NJ CLIMATE NORMALS FOR TODAY
                         NORMAL    RECORD    YEAR
 MAXIMUM TEMPERATURE (F)   63        93      2002
                                             1976
 MINIMUM TEMPERATURE (F)   45        32      1943


SUNRISE AND SUNSET
APRIL 18 2014.........SUNRISE   614 AM EDT   SUNSET   739 PM EDT
APRIL 19 2014.........SUNRISE   612 AM EDT   SUNSET   740 PM EDT


-  INDICATES NEGATIVE NUMBERS.
R  INDICATES RECORD WAS SET OR TIED.
MM INDICATES DATA IS MISSING.
T  INDICATES TRACE AMOUNT.




$$
