726
CDUS41 KOKX 160621
CLIEWR


CLIMATE REPORT
NATIONAL WEATHER SERVICE NEW YORK NY
221 AM EDT SUN APR 16 2017


...................................

...THE NEWARK NJ CLIMATE SUMMARY FOR APRIL 15 2017...

CLIMATE NORMAL PERIOD 1981 TO 2010
CLIMATE RECORD PERIOD 1929 TO 2017


WEATHER ITEM   OBSERVED TIME   RECORD YEAR NORMAL DEPARTURE LAST
                VALUE   (LST)  VALUE       VALUE  FROM      YEAR
                                                  NORMAL
..................................................................
TEMPERATURE (F)
 YESTERDAY
  MAXIMUM         67    255 PM  88    1960  62      5       65
  MINIMUM         47    538 AM  25    1943  44      3       39
  AVERAGE         57                        53      4       52

PRECIPITATION (IN)
  YESTERDAY        T             6.18 2007   0.14  -0.14     0.00
  MONTH TO DATE    2.07                      2.20  -0.13     0.95
  SINCE MAR 1      7.14                      6.38   0.76     2.33
  SINCE JAN 1     13.88                     12.80   1.08    10.38

SNOWFALL (IN)
  YESTERDAY        0.0           0.3  2014   0.1   -0.1      0.0
  MONTH TO DATE    0.0                       0.7   -0.7       T
  SINCE OCT 1     30.0                      28.3    1.7     32.8
  SINCE JUL 1     30.0                      28.3    1.7     32.8
  SNOW DEPTH       0

DEGREE DAYS
 HEATING
  YESTERDAY        8                        13     -5       13
  MONTH TO DATE  163                       226    -63      268
  SINCE MAR 1    935                       935      0      762
  SINCE JUL 1   3944                      4570   -626     3635

 COOLING
  YESTERDAY        0                         0      0        0
  MONTH TO DATE    9                         0      9        6
  SINCE MAR 1      9                         1      8       11
  SINCE JAN 1      9                         1      8       11
..................................................................


WIND (MPH)
  HIGHEST WIND SPEED    17   HIGHEST WIND DIRECTION     S (190)
  HIGHEST GUST SPEED    23   HIGHEST GUST DIRECTION     S (180)
  AVERAGE WIND SPEED     7.9


SKY COVER
  AVERAGE SKY COVER 0.7


WEATHER CONDITIONS
 THE FOLLOWING WEATHER WAS RECORDED YESTERDAY.
  LIGHT RAIN


RELATIVE HUMIDITY (PERCENT)
 HIGHEST    84          1100 PM
 LOWEST     42          1100 AM
 AVERAGE    63

..........................................................


THE NEWARK NJ CLIMATE NORMALS FOR TODAY
                         NORMAL    RECORD    YEAR
 MAXIMUM TEMPERATURE (F)   62        92      2002
 MINIMUM TEMPERATURE (F)   44        26      1943


SUNRISE AND SUNSET
APRIL 16 2017.........SUNRISE   616 AM EDT   SUNSET   737 PM EDT
APRIL 17 2017.........SUNRISE   615 AM EDT   SUNSET   738 PM EDT


-  INDICATES NEGATIVE NUMBERS.
R  INDICATES RECORD WAS SET OR TIED.
MM INDICATES DATA IS MISSING.
T  INDICATES TRACE AMOUNT.




$$
