000
CDUS41 KOKX 082144
CLIEWR


CLIMATE REPORT
NATIONAL WEATHER SERVICE NEW YORK NY
443 PM EST WED MAR 8 2017


...................................

...THE NEWARK NJ CLIMATE SUMMARY FOR MARCH 8 2017...
VALID TODAY AS OF 0400 PM LOCAL TIME.

CLIMATE NORMAL PERIOD 1981 TO 2010
CLIMATE RECORD PERIOD 1929 TO 2017


WEATHER ITEM   OBSERVED TIME   RECORD YEAR NORMAL DEPARTURE LAST
                VALUE   (LST)  VALUE       VALUE  FROM      YEAR
                                                  NORMAL
..................................................................
TEMPERATURE (F)
 TODAY
  MAXIMUM         62    251 PM  77    1987  48     14       65
  MINIMUM         49    840 AM  13    1986  31     18       45
  AVERAGE         56                        40     16       55

PRECIPITATION (IN)
  TODAY            T             1.31 1941   0.13  -0.13     0.00
  MONTH TO DATE    0.25                      0.99  -0.74     0.24
  SINCE MAR 1      0.25                      0.99  -0.74     0.24
  SINCE JAN 1      6.99                      7.41  -0.42     8.29

SNOWFALL (IN)
  TODAY            0.0          12.0  1941   0.2   -0.2      0.0
  MONTH TO DATE    T                         1.7   -1.7      1.4
  SINCE OCT 1     20.6                      24.7   -4.1     32.6
  SINCE JUL 1     20.6                      24.7   -4.1     32.6
  SNOW DEPTH       0

DEGREE DAYS
 HEATING
  TODAY            9                        25    -16       10
  MONTH TO DATE  182                       211    -29      189
  SINCE MAR 1    182                       211    -29      189
  SINCE JUL 1   3191                      3846   -655     3062

 COOLING
  TODAY            0                         0      0        0
  MONTH TO DATE    0                         0      0        0
  SINCE MAR 1      0                         0      0        0
  SINCE JAN 1      0                         0      0        0
..................................................................


WIND (MPH)
  HIGHEST WIND SPEED    37   HIGHEST WIND DIRECTION    NW (300)
  HIGHEST GUST SPEED    47   HIGHEST GUST DIRECTION    NW (300)
  AVERAGE WIND SPEED    15.3


SKY COVER
  AVERAGE SKY COVER 0.7


WEATHER CONDITIONS
 THE FOLLOWING WEATHER WAS RECORDED TODAY.
  LIGHT RAIN


RELATIVE HUMIDITY (PERCENT)
 HIGHEST    77          1200 AM
 LOWEST     19           400 PM
 AVERAGE    48

..........................................................


THE NEWARK NJ CLIMATE NORMALS FOR TOMORROW
                         NORMAL    RECORD    YEAR
 MAXIMUM TEMPERATURE (F)   48        82      2016
 MINIMUM TEMPERATURE (F)   32        10      1996


SUNRISE AND SUNSET
MARCH  8 2017.........SUNRISE   619 AM EST   SUNSET   556 PM EST
MARCH  9 2017.........SUNRISE   618 AM EST   SUNSET   557 PM EST


-  INDICATES NEGATIVE NUMBERS.
R  INDICATES RECORD WAS SET OR TIED.
MM INDICATES DATA IS MISSING.
T  INDICATES TRACE AMOUNT.




$$
