000
CDUS41 KOKX 102030
CLIEWR


CLIMATE REPORT
NATIONAL WEATHER SERVICE NEW YORK NY
430 PM EDT SUN SEP 10 2017


...................................

...THE NEWARK NJ CLIMATE SUMMARY FOR SEPTEMBER 10 2017...
VALID TODAY AS OF 0400 PM LOCAL TIME.

CLIMATE NORMAL PERIOD 1981 TO 2010
CLIMATE RECORD PERIOD 1929 TO 2017


WEATHER ITEM   OBSERVED TIME   RECORD YEAR NORMAL DEPARTURE LAST
                VALUE   (LST)  VALUE       VALUE  FROM      YEAR
                                                  NORMAL
..................................................................
TEMPERATURE (F)
 TODAY
  MAXIMUM         75    215 PM  98    1983  79     -4       92
  MINIMUM         55    421 AM  44    1938  62     -7       76
  AVERAGE         65                        70     -5       84

PRECIPITATION (IN)
  TODAY            0.00          1.45 1957   0.11  -0.11     0.01
  MONTH TO DATE    1.51                      1.14   0.37     0.22
  SINCE SEP 1      1.51                      1.14   0.37     0.22
  SINCE JAN 1     39.19                     32.51   6.68    24.03

SNOWFALL (IN)
  TODAY            0.0           0.0  2002   0.0    0.0      0.0
                                      2001
  MONTH TO DATE    0.0                       0.0    0.0      0.0
  SINCE OCT 1     30.0                      28.5    1.5     32.8
  SINCE JUL 1      0.0                       0.0    0.0      0.0
  SNOW DEPTH       0

DEGREE DAYS
 HEATING
  TODAY            0                         1     -1        0
  MONTH TO DATE   10                         1      9        0
  SINCE SEP 1     10                         1      9        0
  SINCE JUL 1     10                         2      8        0

 COOLING
  TODAY            0                         6     -6       19
  MONTH TO DATE   22                        71    -49      119
  SINCE SEP 1     22                        71    -49      119
  SINCE JAN 1   1050                      1105    -55     1429
..................................................................


WIND (MPH)
  HIGHEST WIND SPEED    21   HIGHEST WIND DIRECTION     N (20)
  HIGHEST GUST SPEED    26   HIGHEST GUST DIRECTION     N (20)
  AVERAGE WIND SPEED    11.5


SKY COVER
  AVERAGE SKY COVER 0.3


WEATHER CONDITIONS
 THE FOLLOWING WEATHER WAS RECORDED TODAY.
  NO SIGNIFICANT WEATHER WAS OBSERVED.


RELATIVE HUMIDITY (PERCENT)
 HIGHEST    83           500 AM
 LOWEST     35           200 PM
 AVERAGE    59

..........................................................


THE NEWARK NJ CLIMATE NORMALS FOR TOMORROW
                         NORMAL    RECORD    YEAR
 MAXIMUM TEMPERATURE (F)   79        99      1983
 MINIMUM TEMPERATURE (F)   62        47      1932


SUNRISE AND SUNSET
SEPTEMBER 10 2017.....SUNRISE   633 AM EDT   SUNSET   714 PM EDT
SEPTEMBER 11 2017.....SUNRISE   634 AM EDT   SUNSET   712 PM EDT


-  INDICATES NEGATIVE NUMBERS.
R  INDICATES RECORD WAS SET OR TIED.
MM INDICATES DATA IS MISSING.
T  INDICATES TRACE AMOUNT.




$$
