000
CDUS41 KOKX 180747
CLIEWR


CLIMATE REPORT
NATIONAL WEATHER SERVICE NEW YORK NY
347 AM EDT THU AUG 18 2016


...................................

...THE NEWARK NJ CLIMATE SUMMARY FOR AUGUST 17 2016...

CLIMATE NORMAL PERIOD 1981 TO 2010
CLIMATE RECORD PERIOD 1929 TO 2016


WEATHER ITEM   OBSERVED TIME   RECORD YEAR NORMAL DEPARTURE LAST
                VALUE   (LST)  VALUE       VALUE  FROM      YEAR
                                                  NORMAL
..................................................................
TEMPERATURE (F)
 YESTERDAY
  MAXIMUM         88    247 PM  97    2015  84      4       97
                                      1987
  MINIMUM         76    620 AM  55    1979  68      8       73
  AVERAGE         82                        76      6       85

PRECIPITATION (IN)
  YESTERDAY        0.20          3.44 1974   0.11   0.09     0.00
  MONTH TO DATE    0.69                      2.25  -1.56     1.21
  SINCE JUN 1      9.17                     11.03  -1.86     9.80
  SINCE JAN 1     23.57                     29.92  -6.35    27.41

SNOWFALL (IN)
  YESTERDAY        0.0           0.0  2002   0.0    0.0      0.0
                                      2001
  MONTH TO DATE    0.0                       0.0    0.0      0.0
  SINCE OCT 1     32.8                      28.5    4.3     46.4
  SINCE JUL 1      0.0                       0.0    0.0      0.0
  SNOW DEPTH       0

DEGREE DAYS
 HEATING
  YESTERDAY        0                         0      0        0
  MONTH TO DATE    0                         0      0        0
  SINCE JUN 1      4                        17    -13       29
  SINCE JUL 1      0                         0      0        0

 COOLING
  YESTERDAY       17                        11      6       20
  MONTH TO DATE  270                       198     72      236
  SINCE JUN 1    990                       820    170      926
  SINCE JAN 1   1108                       896    212     1086
..................................................................


WIND (MPH)
  HIGHEST WIND SPEED    36   HIGHEST WIND DIRECTION     W (250)
  HIGHEST GUST SPEED    45   HIGHEST GUST DIRECTION     W (250)
  AVERAGE WIND SPEED    10.8


SKY COVER
  AVERAGE SKY COVER 0.8


WEATHER CONDITIONS
 THE FOLLOWING WEATHER WAS RECORDED YESTERDAY.
  THUNDERSTORM
  RAIN
  FOG


RELATIVE HUMIDITY (PERCENT)
 HIGHEST    94           100 AM
 LOWEST     40           300 PM
 AVERAGE    67

..........................................................


THE NEWARK NJ CLIMATE NORMALS FOR TODAY
                         NORMAL    RECORD    YEAR
 MAXIMUM TEMPERATURE (F)   84        97      2002
 MINIMUM TEMPERATURE (F)   68        52      1941


SUNRISE AND SUNSET
AUGUST 18 2016........SUNRISE   610 AM EDT   SUNSET   750 PM EDT
AUGUST 19 2016........SUNRISE   611 AM EDT   SUNSET   748 PM EDT


-  INDICATES NEGATIVE NUMBERS.
R  INDICATES RECORD WAS SET OR TIED.
MM INDICATES DATA IS MISSING.
T  INDICATES TRACE AMOUNT.




$$
