793
CDUS41 KOKX 140627
CLIEWR


CLIMATE REPORT
NATIONAL WEATHER SERVICE NEW YORK NY
225 AM EDT FRI JUL 14 2017


...................................

...THE NEWARK NJ CLIMATE SUMMARY FOR JULY 13 2017...

CLIMATE NORMAL PERIOD 1981 TO 2010
CLIMATE RECORD PERIOD 1929 TO 2017


WEATHER ITEM   OBSERVED TIME   RECORD YEAR NORMAL DEPARTURE LAST
                VALUE   (LST)  VALUE       VALUE  FROM      YEAR
                                                  NORMAL
..................................................................
TEMPERATURE (F)
 YESTERDAY
  MAXIMUM         93   1053 AM 100    1966  86      7       88
  MINIMUM         73   1159 PM  57    1940  69      4       69
  AVERAGE         83                        78      5       79

PRECIPITATION (IN)
  YESTERDAY        0.03          3.25 1972   0.16  -0.13     0.00
  MONTH TO DATE    2.70                      1.82   0.88     1.38
  SINCE JUN 1      7.99                      5.84   2.15     3.78
  SINCE JAN 1     30.53                     24.73   5.80    18.18

SNOWFALL (IN)
  YESTERDAY        0.0           0.0  2002   0.0    0.0      0.0
                                      2001
  MONTH TO DATE    0.0                       0.0    0.0      0.0
  SINCE OCT 1     30.0                      28.5    1.5     32.8
  SINCE JUL 1      0.0                       0.0    0.0      0.0
  SNOW DEPTH       0

DEGREE DAYS
 HEATING
  YESTERDAY        0                         0      0        0
  MONTH TO DATE    0                         0      0        0
  SINCE JUN 1     18                        17      1        4
  SINCE JUL 1      0                         0      0        0

 COOLING
  YESTERDAY       18                        13      5       14
  MONTH TO DATE  180                       157     23      155
  SINCE JUN 1    437                       396     41      405
  SINCE JAN 1    532                       472     60      523
..................................................................


WIND (MPH)
  HIGHEST WIND SPEED    18   HIGHEST WIND DIRECTION     W (260)
  HIGHEST GUST SPEED    24   HIGHEST GUST DIRECTION     W (270)
  AVERAGE WIND SPEED     9.6


SKY COVER
  AVERAGE SKY COVER 0.8


WEATHER CONDITIONS
 THE FOLLOWING WEATHER WAS RECORDED YESTERDAY.
  LIGHT RAIN


RELATIVE HUMIDITY (PERCENT)
 HIGHEST    82           800 PM
 LOWEST     46          1100 AM
 AVERAGE    64

..........................................................


THE NEWARK NJ CLIMATE NORMALS FOR TODAY
                         NORMAL    RECORD    YEAR
 MAXIMUM TEMPERATURE (F)   86       102      1954
 MINIMUM TEMPERATURE (F)   69        55      1940


SUNRISE AND SUNSET
JULY 14 2017..........SUNRISE   538 AM EDT   SUNSET   827 PM EDT
JULY 15 2017..........SUNRISE   539 AM EDT   SUNSET   826 PM EDT


-  INDICATES NEGATIVE NUMBERS.
R  INDICATES RECORD WAS SET OR TIED.
MM INDICATES DATA IS MISSING.
T  INDICATES TRACE AMOUNT.




$$
