000
CDUS41 KOKX 140620
CLIEWR


CLIMATE REPORT
NATIONAL WEATHER SERVICE NEW YORK NY
219 AM EDT WED SEP 14 2016


...................................

...THE NEWARK NJ CLIMATE SUMMARY FOR SEPTEMBER 13 2016...

CLIMATE NORMAL PERIOD 1981 TO 2010
CLIMATE RECORD PERIOD 1929 TO 2016


WEATHER ITEM   OBSERVED TIME   RECORD YEAR NORMAL DEPARTURE LAST
                VALUE   (LST)  VALUE       VALUE  FROM      YEAR
                                                  NORMAL
..................................................................
TEMPERATURE (F)
 YESTERDAY
  MAXIMUM         84   1237 PM  94    2005  78      6       80
                                      1952
  MINIMUM         60    530 AM  49    1985  61     -1       60
                                      1963
                                      1958
  AVERAGE         72                        69      3       70

PRECIPITATION (IN)
  YESTERDAY        0.00          4.56 1944   0.13  -0.13     0.01
  MONTH TO DATE    0.22                      1.51  -1.29     1.02
  SINCE SEP 1      0.22                      1.51  -1.29     1.02
  SINCE JAN 1     24.03                     32.88  -8.85    28.62

SNOWFALL (IN)
  YESTERDAY        0.0           0.0  2002   0.0    0.0      0.0
                                      2001
  MONTH TO DATE    0.0                       0.0    0.0      0.0
  SINCE OCT 1     32.8                      28.5    4.3     46.4
  SINCE JUL 1      0.0                       0.0    0.0      0.0
  SNOW DEPTH       0

DEGREE DAYS
 HEATING
  YESTERDAY        0                         1     -1        0
  MONTH TO DATE    0                         4     -4        0
  SINCE SEP 1      0                         4     -4        0
  SINCE JUL 1      0                         5     -5        0

 COOLING
  YESTERDAY        7                         5      2        5
  MONTH TO DATE  140                        87     53      167
  SINCE SEP 1    140                        87     53      167
  SINCE JAN 1   1450                      1121    329     1449
..................................................................


WIND (MPH)
  HIGHEST WIND SPEED    20   HIGHEST WIND DIRECTION     S (200)
  HIGHEST GUST SPEED    23   HIGHEST GUST DIRECTION     S (200)
  AVERAGE WIND SPEED     7.7


SKY COVER
  AVERAGE SKY COVER 0.2


WEATHER CONDITIONS
 THE FOLLOWING WEATHER WAS RECORDED YESTERDAY.
  NO SIGNIFICANT WEATHER WAS OBSERVED.


RELATIVE HUMIDITY (PERCENT)
 HIGHEST    90           500 AM
 LOWEST     40           100 PM
 AVERAGE    65

..........................................................


THE NEWARK NJ CLIMATE NORMALS FOR TODAY
                         NORMAL    RECORD    YEAR
 MAXIMUM TEMPERATURE (F)   78        92      2008
                                             1931
 MINIMUM TEMPERATURE (F)   61        45      1975


SUNRISE AND SUNSET
SEPTEMBER 14 2016.....SUNRISE   637 AM EDT   SUNSET   707 PM EDT
SEPTEMBER 15 2016.....SUNRISE   638 AM EDT   SUNSET   705 PM EDT


-  INDICATES NEGATIVE NUMBERS.
R  INDICATES RECORD WAS SET OR TIED.
MM INDICATES DATA IS MISSING.
T  INDICATES TRACE AMOUNT.




$$
