000
CDUS41 KOKX 142035
CLIEWR


CLIMATE REPORT
NATIONAL WEATHER SERVICE NEW YORK NY
435 PM EDT THU AUG 14 2014


...................................

...THE NEWARK NJ CLIMATE SUMMARY FOR AUGUST 14 2014...
VALID TODAY AS OF 0400 PM LOCAL TIME.

CLIMATE NORMAL PERIOD 1981 TO 2010
CLIMATE RECORD PERIOD 1929 TO 2014


WEATHER ITEM   OBSERVED TIME   RECORD YEAR NORMAL DEPARTURE LAST
                VALUE   (LST)  VALUE       VALUE  FROM      YEAR
                                                  NORMAL
..................................................................
TEMPERATURE (F)
 TODAY
  MAXIMUM         81    243 PM  98    2005  85     -4       76
                                      1988
                                      1944
  MINIMUM         62    500 AM  50    1941  68     -6       61
  AVERAGE         72                        76     -4       69

PRECIPITATION (IN)
  TODAY            0.00          6.40 2011   0.12  -0.12     0.00
  MONTH TO DATE    1.17                      1.90  -0.73     2.80
  SINCE JUN 1     10.68                     10.68   0.00    15.28
  SINCE JAN 1     34.03                     29.57   4.46    31.53

SNOWFALL (IN)
  TODAY            0.0           0.0  2002   0.0    0.0      0.0
                                      2001
  MONTH TO DATE    0.0                       0.0    0.0      0.0
  SINCE OCT 1     61.1                      28.5   32.6     29.5
  SINCE JUL 1      0.0                       0.0    0.0      0.0
  SNOW DEPTH       0

DEGREE DAYS
 HEATING
  TODAY            0                         0      0        0
  MONTH TO DATE    0                         0      0        0
  SINCE JUN 1      0                        17    -17        8
  SINCE JUL 1      0                         0      0        0

 COOLING
  TODAY            7                        11     -4        4
  MONTH TO DATE  153                       165    -12      134
  SINCE JUN 1    780                       787     -7      898
  SINCE JAN 1    842                       863    -21      998
..................................................................


WIND (MPH)
  HIGHEST WIND SPEED    20   HIGHEST WIND DIRECTION     W (250)
  HIGHEST GUST SPEED    30   HIGHEST GUST DIRECTION    SW (240)
  AVERAGE WIND SPEED    10.5


SKY COVER
  AVERAGE SKY COVER 0.3


WEATHER CONDITIONS
 THE FOLLOWING WEATHER WAS RECORDED TODAY.
  NO SIGNIFICANT WEATHER WAS OBSERVED.


RELATIVE HUMIDITY (PERCENT)
 HIGHEST    72           500 AM
 LOWEST     35           100 PM
 AVERAGE    54

..........................................................


THE NEWARK NJ CLIMATE NORMALS FOR TOMORROW
                         NORMAL    RECORD    YEAR
 MAXIMUM TEMPERATURE (F)   84        99      1988
                                             1947
                                             1944
 MINIMUM TEMPERATURE (F)   68        54      1964


SUNRISE AND SUNSET
AUGUST 14 2014........SUNRISE   606 AM EDT   SUNSET   756 PM EDT
AUGUST 15 2014........SUNRISE   607 AM EDT   SUNSET   755 PM EDT


-  INDICATES NEGATIVE NUMBERS.
R  INDICATES RECORD WAS SET OR TIED.
MM INDICATES DATA IS MISSING.
T  INDICATES TRACE AMOUNT.




$$
