000
CDUS41 KOKX 270618
CLIEWR


CLIMATE REPORT
NATIONAL WEATHER SERVICE NEW YORK NY
218 AM EDT WED APR 27 2016


...................................

...THE NEWARK NJ CLIMATE SUMMARY FOR APRIL 26 2016...

CLIMATE NORMAL PERIOD 1981 TO 2010
CLIMATE RECORD PERIOD 1929 TO 2016


WEATHER ITEM   OBSERVED TIME   RECORD YEAR NORMAL DEPARTURE LAST
                VALUE   (LST)  VALUE       VALUE  FROM      YEAR
                                                  NORMAL
..................................................................
TEMPERATURE (F)
 YESTERDAY
  MAXIMUM         68    138 PM  93    2009  66      2       63
  MINIMUM         46   1159 PM  34    1934  47     -1       43
  AVERAGE         57                        56      1       53

PRECIPITATION (IN)
  YESTERDAY        0.10          1.58 2004   0.13  -0.03     0.00
  MONTH TO DATE    1.09                      3.67  -2.58     1.67
  SINCE MAR 1      2.47                      7.85  -5.38     6.30
  SINCE JAN 1     10.52                     14.27  -3.75    12.78

SNOWFALL (IN)
  YESTERDAY        0.0           0.0  2002   0.0    0.0      0.0
                                      2001
  MONTH TO DATE    T                         0.9   -0.9       T
  SINCE OCT 1     36.4                      28.5    7.9     46.4
  SINCE JUL 1     36.4                      28.5    7.9     46.4
  SNOW DEPTH       0

DEGREE DAYS
 HEATING
  YESTERDAY        8                         9     -1       12
  MONTH TO DATE  318                       343    -25      299
  SINCE MAR 1    812                      1052   -240     1138
  SINCE JUL 1   3685                      4687  -1002     5041

 COOLING
  YESTERDAY        0                         1     -1        0
  MONTH TO DATE   13                         5      8        3
  SINCE MAR 1     18                         6     12        3
  SINCE JAN 1     18                         6     12        3
..................................................................


WIND (MPH)
  HIGHEST WIND SPEED    26   HIGHEST WIND DIRECTION     W (290)
  HIGHEST GUST SPEED    32   HIGHEST GUST DIRECTION    NW (310)
  AVERAGE WIND SPEED     8.0


SKY COVER
  AVERAGE SKY COVER 0.9


WEATHER CONDITIONS
 THE FOLLOWING WEATHER WAS RECORDED YESTERDAY.
  THUNDERSTORM
  LIGHT RAIN
  FOG
  HAZE


RELATIVE HUMIDITY (PERCENT)
 HIGHEST   100           800 AM
 LOWEST     63           100 PM
 AVERAGE    82

..........................................................


THE NEWARK NJ CLIMATE NORMALS FOR TODAY
                         NORMAL    RECORD    YEAR
 MAXIMUM TEMPERATURE (F)   66        94      1990
 MINIMUM TEMPERATURE (F)   48        33      1933


SUNRISE AND SUNSET
APRIL 27 2016.........SUNRISE   600 AM EDT   SUNSET   749 PM EDT
APRIL 28 2016.........SUNRISE   559 AM EDT   SUNSET   750 PM EDT


-  INDICATES NEGATIVE NUMBERS.
R  INDICATES RECORD WAS SET OR TIED.
MM INDICATES DATA IS MISSING.
T  INDICATES TRACE AMOUNT.




$$
