000
CDUS41 KOKX 230621
CLIEWR


CLIMATE REPORT
NATIONAL WEATHER SERVICE NEW YORK NY
220 AM EDT TUE SEP 23 2014


...................................

...THE NEWARK NJ CLIMATE SUMMARY FOR SEPTEMBER 22 2014...

CLIMATE NORMAL PERIOD 1981 TO 2010
CLIMATE RECORD PERIOD 1929 TO 2014


WEATHER ITEM   OBSERVED TIME   RECORD YEAR NORMAL DEPARTURE LAST
                VALUE   (LST)  VALUE       VALUE  FROM      YEAR
                                                  NORMAL
..................................................................
TEMPERATURE (F)
 YESTERDAY
  MAXIMUM         73   1248 PM  94    1970  74     -1       72
  MINIMUM         54   1159 PM  44    1997  57     -3       54
                                      1962
  AVERAGE         64                        66     -2       63

PRECIPITATION (IN)
  YESTERDAY        0.00          0.80 1990   0.13  -0.13     0.23
  MONTH TO DATE    1.18                      2.72  -1.54     1.54
  SINCE SEP 1      1.18                      2.72  -1.54     1.54
  SINCE JAN 1     35.80                     34.09   1.71    34.84

SNOWFALL (IN)
  YESTERDAY        0.0           0.0  2002   0.0    0.0      0.0
                                      2001
  MONTH TO DATE    0.0                       0.0    0.0      0.0
  SINCE OCT 1     61.1                      28.5   32.6     29.5
  SINCE JUL 1      0.0                       0.0    0.0      0.0
  SNOW DEPTH       0

DEGREE DAYS
 HEATING
  YESTERDAY        1                         2     -1        2
  MONTH TO DATE   12                        17     -5       26
  SINCE SEP 1     12                        17     -5       26
  SINCE JUL 1     12                        18     -6       26

 COOLING
  YESTERDAY        0                         3     -3        0
  MONTH TO DATE  144                       122     22      119
  SINCE SEP 1    144                       122     22      119
  SINCE JAN 1   1129                      1156    -27     1290
..................................................................


WIND (MPH)
  HIGHEST WIND SPEED    24   HIGHEST WIND DIRECTION     W (290)
  HIGHEST GUST SPEED    35   HIGHEST GUST DIRECTION    NW (310)
  AVERAGE WIND SPEED    12.8


SKY COVER
  AVERAGE SKY COVER 0.5


WEATHER CONDITIONS
 THE FOLLOWING WEATHER WAS RECORDED YESTERDAY.
  NO SIGNIFICANT WEATHER WAS OBSERVED.


RELATIVE HUMIDITY (PERCENT)
 HIGHEST    90          1200 AM
 LOWEST     39           400 PM
 AVERAGE    65

..........................................................


THE NEWARK NJ CLIMATE NORMALS FOR TODAY
                         NORMAL    RECORD    YEAR
 MAXIMUM TEMPERATURE (F)   74        94      1970
 MINIMUM TEMPERATURE (F)   57        40      1947


SUNRISE AND SUNSET
SEPTEMBER 23 2014.....SUNRISE   645 AM EDT   SUNSET   652 PM EDT
SEPTEMBER 24 2014.....SUNRISE   646 AM EDT   SUNSET   651 PM EDT


-  INDICATES NEGATIVE NUMBERS.
R  INDICATES RECORD WAS SET OR TIED.
MM INDICATES DATA IS MISSING.
T  INDICATES TRACE AMOUNT.




$$
