000
CDUS41 KOKX 052038
CLIEWR


CLIMATE REPORT
NATIONAL WEATHER SERVICE NEW YORK NY
438 PM EDT TUE SEP 5 2017


...................................

...THE NEWARK NJ CLIMATE SUMMARY FOR SEPTEMBER 5 2017...
VALID TODAY AS OF 0400 PM LOCAL TIME.

CLIMATE NORMAL PERIOD 1981 TO 2010
CLIMATE RECORD PERIOD 1929 TO 2017


WEATHER ITEM   OBSERVED TIME   RECORD YEAR NORMAL DEPARTURE LAST
                VALUE   (LST)  VALUE       VALUE  FROM      YEAR
                                                  NORMAL
..................................................................
TEMPERATURE (F)
 TODAY
  MAXIMUM         87    256 PM  94    1985  80      7       86
                                      1961
  MINIMUM         67    240 AM  50    1997  64      3       58
  AVERAGE         77                        72      5       72

PRECIPITATION (IN)
  TODAY            0.00          0.74 1986   0.12  -0.12     0.00
  MONTH TO DATE    1.08                      0.56   0.52     0.21
  SINCE SEP 1      1.08                      0.56   0.52     0.21
  SINCE JAN 1     38.76                     31.93   6.83    24.02

SNOWFALL (IN)
  TODAY            0.0           0.0  2002   0.0    0.0      0.0
                                      2001
  MONTH TO DATE    0.0                       0.0    0.0      0.0
  SINCE OCT 1     30.0                      28.5    1.5     32.8
  SINCE JUL 1      0.0                       0.0    0.0      0.0
  SNOW DEPTH       0

DEGREE DAYS
 HEATING
  TODAY            0                         0      0        0
  MONTH TO DATE    7                         0      7        0
  SINCE SEP 1      7                         0      7        0
  SINCE JUL 1      7                         1      6        0

 COOLING
  TODAY           12                         7      5        7
  MONTH TO DATE   19                        39    -20       38
  SINCE SEP 1     19                        39    -20       38
  SINCE JAN 1   1047                      1073    -26     1348
..................................................................


WIND (MPH)
  HIGHEST WIND SPEED    17   HIGHEST WIND DIRECTION     S (190)
  HIGHEST GUST SPEED    24   HIGHEST GUST DIRECTION     S (200)
  AVERAGE WIND SPEED     9.4


SKY COVER
  AVERAGE SKY COVER 0.5


WEATHER CONDITIONS
 THE FOLLOWING WEATHER WAS RECORDED TODAY.
  NO SIGNIFICANT WEATHER WAS OBSERVED.


RELATIVE HUMIDITY (PERCENT)
 HIGHEST    87           400 AM
 LOWEST     50           300 PM
 AVERAGE    69

..........................................................


THE NEWARK NJ CLIMATE NORMALS FOR TOMORROW
                         NORMAL    RECORD    YEAR
 MAXIMUM TEMPERATURE (F)   80        97      1983
 MINIMUM TEMPERATURE (F)   63        48      1938


SUNRISE AND SUNSET
SEPTEMBER  5 2017.....SUNRISE   628 AM EDT   SUNSET   722 PM EDT
SEPTEMBER  6 2017.....SUNRISE   629 AM EDT   SUNSET   720 PM EDT


-  INDICATES NEGATIVE NUMBERS.
R  INDICATES RECORD WAS SET OR TIED.
MM INDICATES DATA IS MISSING.
T  INDICATES TRACE AMOUNT.




$$
