000
CDUS41 KOKX 152036
CLIEWR


CLIMATE REPORT
NATIONAL WEATHER SERVICE NEW YORK NY
436 PM EDT SAT JUL 15 2017


...................................

...THE NEWARK NJ CLIMATE SUMMARY FOR JULY 15 2017...
VALID TODAY AS OF 0400 PM LOCAL TIME.

CLIMATE NORMAL PERIOD 1981 TO 2010
CLIMATE RECORD PERIOD 1929 TO 2017


WEATHER ITEM   OBSERVED TIME   RECORD YEAR NORMAL DEPARTURE LAST
                VALUE   (LST)  VALUE       VALUE  FROM      YEAR
                                                  NORMAL
..................................................................
TEMPERATURE (F)
 TODAY
  MAXIMUM         88    258 PM 104    1995  86      2       94
  MINIMUM         67    606 AM  55    1940  69     -2       78
  AVERAGE         78                        78      0       86

PRECIPITATION (IN)
  TODAY            0.01          2.20 1975   0.16  -0.15     0.00
  MONTH TO DATE    3.01                      2.14   0.87     1.50
  SINCE JUN 1      8.30                      6.16   2.14     3.90
  SINCE JAN 1     30.84                     25.05   5.79    18.30

SNOWFALL (IN)
  TODAY            0.0           0.0  2002   0.0    0.0      0.0
                                      2001
  MONTH TO DATE    0.0                       0.0    0.0      0.0
  SINCE OCT 1     30.0                      28.5    1.5     32.8
  SINCE JUL 1      0.0                       0.0    0.0      0.0
  SNOW DEPTH       0

DEGREE DAYS
 HEATING
  TODAY            0                         0      0        0
  MONTH TO DATE    0                         0      0        0
  SINCE JUN 1     18                        17      1        4
  SINCE JUL 1      0                         0      0        0

 COOLING
  TODAY           13                        13      0       21
  MONTH TO DATE  198                       183     15      195
  SINCE JUN 1    455                       422     33      445
  SINCE JAN 1    550                       498     52      563
..................................................................


WIND (MPH)
  HIGHEST WIND SPEED    18   HIGHEST WIND DIRECTION    NW (310)
  HIGHEST GUST SPEED    25   HIGHEST GUST DIRECTION    NW (310)
  AVERAGE WIND SPEED     7.7


SKY COVER
  AVERAGE SKY COVER 0.8


WEATHER CONDITIONS
 THE FOLLOWING WEATHER WAS RECORDED TODAY.
  LIGHT RAIN
  FOG


RELATIVE HUMIDITY (PERCENT)
 HIGHEST   100          1200 AM
 LOWEST     42           200 PM
 AVERAGE    71

..........................................................


THE NEWARK NJ CLIMATE NORMALS FOR TOMORROW
                         NORMAL    RECORD    YEAR
 MAXIMUM TEMPERATURE (F)   86       101      1988
 MINIMUM TEMPERATURE (F)   69        57      1946


SUNRISE AND SUNSET
JULY 15 2017..........SUNRISE   539 AM EDT   SUNSET   826 PM EDT
JULY 16 2017..........SUNRISE   539 AM EDT   SUNSET   826 PM EDT


-  INDICATES NEGATIVE NUMBERS.
R  INDICATES RECORD WAS SET OR TIED.
MM INDICATES DATA IS MISSING.
T  INDICATES TRACE AMOUNT.




$$
