000
CDUS41 KOKX 210621
CLIEWR


CLIMATE REPORT
NATIONAL WEATHER SERVICE NEW YORK NY
221 AM EDT SAT MAY 21 2016


...................................

...THE NEWARK NJ CLIMATE SUMMARY FOR MAY 20 2016...

CLIMATE NORMAL PERIOD 1981 TO 2010
CLIMATE RECORD PERIOD 1929 TO 2016


WEATHER ITEM   OBSERVED TIME   RECORD YEAR NORMAL DEPARTURE LAST
                VALUE   (LST)  VALUE       VALUE  FROM      YEAR
                                                  NORMAL
..................................................................
TEMPERATURE (F)
 YESTERDAY
  MAXIMUM         76        MM  99    1996  73      3       67
  MINIMUM         52        MM  41    2002  55     -3       54
  AVERAGE         64                        64      0       61

PRECIPITATION (IN)
  YESTERDAY        0.00          1.33 1972   0.13  -0.13     0.00
  MONTH TO DATE    2.07                      2.52  -0.45     0.90
  SINCE MAR 1      4.57                     10.90  -6.33     7.20
  SINCE JAN 1     12.62                     17.32  -4.70    13.68

SNOWFALL (IN)
  YESTERDAY        0.0           0.0  2002   0.0    0.0      0.0
                                      2001
  MONTH TO DATE    0.0                       0.0    0.0      0.0
  SINCE OCT 1     36.4                      28.5    7.9     46.4
  SINCE JUL 1     36.4                      28.5    7.9     46.4
  SNOW DEPTH       0

DEGREE DAYS
 HEATING
  YESTERDAY        1                         3     -2        4
  MONTH TO DATE  160                       108     52       35
  SINCE MAR 1   1016                      1193   -177     1198
  SINCE JUL 1   3889                      4828   -939     5101

 COOLING
  YESTERDAY        0                         2     -2        0
  MONTH TO DATE    2                        27    -25       73
  SINCE MAR 1     20                        39    -19       76
  SINCE JAN 1     20                        39    -19       76
..................................................................


WIND (MPH)
  HIGHEST WIND SPEED    13   HIGHEST WIND DIRECTION    NW (330)
  HIGHEST GUST SPEED    18   HIGHEST GUST DIRECTION    NW (330)
  AVERAGE WIND SPEED     5.6


SKY COVER
  AVERAGE SKY COVER 0.5


WEATHER CONDITIONS
 THE FOLLOWING WEATHER WAS RECORDED YESTERDAY.
  NO SIGNIFICANT WEATHER WAS OBSERVED.


RELATIVE HUMIDITY (PERCENT)
 HIGHEST    66           600 AM
 LOWEST     25           300 PM
 AVERAGE    46

..........................................................


THE NEWARK NJ CLIMATE NORMALS FOR TODAY
                         NORMAL    RECORD    YEAR
 MAXIMUM TEMPERATURE (F)   74        96      1996
 MINIMUM TEMPERATURE (F)   55        42      2002
                                             1950


SUNRISE AND SUNSET
MAY 21 2016...........SUNRISE   534 AM EDT   SUNSET   813 PM EDT
MAY 22 2016...........SUNRISE   533 AM EDT   SUNSET   814 PM EDT


-  INDICATES NEGATIVE NUMBERS.
R  INDICATES RECORD WAS SET OR TIED.
MM INDICATES DATA IS MISSING.
T  INDICATES TRACE AMOUNT.




$$
