548
CDUS41 KOKX 120618
CLIEWR


CLIMATE REPORT
NATIONAL WEATHER SERVICE NEW YORK NY
117 AM EST SUN NOV 12 2017


...................................

...THE NEWARK NJ CLIMATE SUMMARY FOR NOVEMBER 11 2017...

CLIMATE NORMAL PERIOD 1981 TO 2010
CLIMATE RECORD PERIOD 1929 TO 2017


WEATHER ITEM   OBSERVED TIME   RECORD YEAR NORMAL DEPARTURE LAST
                VALUE   (LST)  VALUE       VALUE  FROM      YEAR
                                                  NORMAL
..................................................................
TEMPERATURE (F)
 YESTERDAY
  MAXIMUM         41    153 PM  75    1949  56    -15       64
  MINIMUM         24R   650 AM  25    1956  40    -16       42
                                      1933
  AVERAGE         33                        48    -15       53

PRECIPITATION (IN)
  YESTERDAY        0.00          1.35 1995   0.11  -0.11     0.00
  MONTH TO DATE    0.75                      1.28  -0.53     0.20
  SINCE SEP 1      7.41                      8.70  -1.29     5.37
  SINCE JAN 1     45.09                     40.07   5.02    29.18

SNOWFALL (IN)
  YESTERDAY        0.0           1.3  1987   0.0    0.0      0.0
  MONTH TO DATE    T                         0.0    0.0      0.0
  SINCE OCT 1      T                         0.0    0.0      0.0
  SINCE JUL 1      T                         0.0    0.0      0.0
  SNOW DEPTH       0

DEGREE DAYS
 HEATING
  YESTERDAY       32                        17     15       12
  MONTH TO DATE  166                       166      0      123
  SINCE SEP 1    293                       486   -193      354
  SINCE JUL 1    293                       487   -194      354

 COOLING
  YESTERDAY        0                         0      0        0
  MONTH TO DATE    0                         0      0        1
  SINCE SEP 1    288                       157    131      261
  SINCE JAN 1   1316                      1191    125     1571
..................................................................


WIND (MPH)
  HIGHEST WIND SPEED    18   HIGHEST WIND DIRECTION    NW (310)
  HIGHEST GUST SPEED    24   HIGHEST GUST DIRECTION    NW (320)
  AVERAGE WIND SPEED     8.5


SKY COVER
  AVERAGE SKY COVER 0.4


WEATHER CONDITIONS
 THE FOLLOWING WEATHER WAS RECORDED YESTERDAY.
  NO SIGNIFICANT WEATHER WAS OBSERVED.


RELATIVE HUMIDITY (PERCENT)
 HIGHEST    55           300 AM
 LOWEST     22           200 PM
 AVERAGE    39

..........................................................


THE NEWARK NJ CLIMATE NORMALS FOR TODAY
                         NORMAL    RECORD    YEAR
 MAXIMUM TEMPERATURE (F)   56        74      1938
 MINIMUM TEMPERATURE (F)   40        29      1957
                                             1937


SUNRISE AND SUNSET
NOVEMBER 12 2017......SUNRISE   640 AM EST   SUNSET   441 PM EST
NOVEMBER 13 2017......SUNRISE   641 AM EST   SUNSET   440 PM EST


-  INDICATES NEGATIVE NUMBERS.
R  INDICATES RECORD WAS SET OR TIED.
MM INDICATES DATA IS MISSING.
T  INDICATES TRACE AMOUNT.




$$
