616
CDUS41 KOKX 010619
CLIEWR


CLIMATE REPORT
NATIONAL WEATHER SERVICE NEW YORK NY
118 AM EST MON FEB 1 2016


...................................

...THE NEWARK NJ CLIMATE SUMMARY FOR JANUARY 31 2016...

CLIMATE NORMAL PERIOD 1981 TO 2010
CLIMATE RECORD PERIOD 1929 TO 2016


WEATHER ITEM   OBSERVED TIME   RECORD YEAR NORMAL DEPARTURE LAST
                VALUE   (LST)  VALUE       VALUE  FROM      YEAR
                                                  NORMAL
..................................................................
TEMPERATURE (F)
 YESTERDAY
  MAXIMUM         54    414 PM  64    1947  40     14       26
  MINIMUM         30    420 AM   1    1948  25      5       13
                                      1935
  AVERAGE         42                        32     10       20

PRECIPITATION (IN)
  YESTERDAY        0.00          1.04 1937   0.11  -0.11     0.00
  MONTH TO DATE    4.01                      3.54   0.47     4.42
  SINCE DEC 1      8.41                      7.35   1.06     9.33
  SINCE JAN 1      4.01                      3.54   0.47     4.42

SNOWFALL (IN)
  YESTERDAY        0.0           4.4  1949   0.3   -0.3      0.0
  MONTH TO DATE   29.3                       7.9   21.4     14.9
  SINCE OCT 1     29.6                      13.7   15.9     16.6
  SINCE JUL 1     29.6                      13.7   15.9     16.6
  SNOW DEPTH       7

DEGREE DAYS
 HEATING
  YESTERDAY       23                        33    -10       45
  MONTH TO DATE  976                      1036    -60     1123
  SINCE DEC 1   1441                      1916   -475     1888
  SINCE JUL 1   2073                      2784   -711     2720

 COOLING
  YESTERDAY        0                         0      0        0
  MONTH TO DATE    0                         0      0        0
  SINCE DEC 1      0                         0      0        0
  SINCE JAN 1      0                         0      0        0
..................................................................


WIND (MPH)
  HIGHEST WIND SPEED    12   HIGHEST WIND DIRECTION     S (200)
  HIGHEST GUST SPEED    15   HIGHEST GUST DIRECTION    SW (210)
  AVERAGE WIND SPEED     4.8


SKY COVER
  AVERAGE SKY COVER 0.7


WEATHER CONDITIONS
 THE FOLLOWING WEATHER WAS RECORDED YESTERDAY.
  NO SIGNIFICANT WEATHER WAS OBSERVED.


RELATIVE HUMIDITY (PERCENT)
 HIGHEST    78           400 AM
 LOWEST     38           300 PM
 AVERAGE    58

..........................................................


THE NEWARK NJ CLIMATE NORMALS FOR TODAY
                         NORMAL    RECORD    YEAR
 MAXIMUM TEMPERATURE (F)   40        68      1989
 MINIMUM TEMPERATURE (F)   25         1      1935


SUNRISE AND SUNSET
FEBRUARY  1 2016......SUNRISE   707 AM EST   SUNSET   514 PM EST
FEBRUARY  2 2016......SUNRISE   706 AM EST   SUNSET   515 PM EST


-  INDICATES NEGATIVE NUMBERS.
R  INDICATES RECORD WAS SET OR TIED.
MM INDICATES DATA IS MISSING.
T  INDICATES TRACE AMOUNT.




$$
