000
CDUS41 KOKX 190917
CLIEWR


CLIMATE REPORT
NATIONAL WEATHER SERVICE NEW YORK NY
407 AM EST MON JAN 19 2015


...................................

...THE NEWARK NJ CLIMATE SUMMARY FOR JANUARY 18 2015...

CLIMATE NORMAL PERIOD 1981 TO 2010
CLIMATE RECORD PERIOD 1929 TO 2015


WEATHER ITEM   OBSERVED TIME   RECORD YEAR NORMAL DEPARTURE LAST
                VALUE   (LST)  VALUE       VALUE  FROM      YEAR
                                                  NORMAL
..................................................................
TEMPERATURE (F)
 YESTERDAY
  MAXIMUM         40    722 PM  66    1990  38      2       41
  MINIMUM         23    421 AM  -7    1982  24     -1       26
  AVERAGE         32                        31      1       34

PRECIPITATION (IN)
  YESTERDAY        1.84R         1.84 2015   0.12   1.72     0.11
  MONTH TO DATE    3.32                      2.13   1.19     2.29
  SINCE DEC 1      8.23                      5.94   2.29     6.91
  SINCE JAN 1      3.32                      2.13   1.19     2.29

SNOWFALL (IN)
  YESTERDAY        0.0           2.9  1984   0.2   -0.2       T
  MONTH TO DATE    2.4                       4.5   -2.1      9.1
  SINCE OCT 1      4.1                      10.3   -6.2     18.5
  SINCE JUL 1      4.1                      10.3   -6.2     18.5
  SNOW DEPTH       0

DEGREE DAYS
 HEATING
  YESTERDAY       33                        34     -1       31
  MONTH TO DATE  664                       602     62      610
  SINCE DEC 1   1429                      1484    -55     1472
  SINCE JUL 1   2261                      2352    -91     2342

 COOLING
  YESTERDAY        0                         0      0        0
  MONTH TO DATE    0                         0      0        0
  SINCE DEC 1      0                         0      0        0
  SINCE JAN 1      0                         0      0        0
..................................................................


WIND (MPH)
  HIGHEST WIND SPEED    14   HIGHEST WIND DIRECTION     W (260)
  HIGHEST GUST SPEED    17   HIGHEST GUST DIRECTION     W (250)
  AVERAGE WIND SPEED     5.6


SKY COVER
  AVERAGE SKY COVER 0.9


WEATHER CONDITIONS
 THE FOLLOWING WEATHER WAS RECORDED YESTERDAY.
  THUNDERSTORM
  HEAVY RAIN
  RAIN
  LIGHT RAIN
  FREEZING RAIN
  LT FREEZING RAIN
  FOG


RELATIVE HUMIDITY (PERCENT)
 HIGHEST   100          1100 AM
 LOWEST     68          1200 AM
 AVERAGE    84

..........................................................


THE NEWARK NJ CLIMATE NORMALS FOR TODAY
                         NORMAL    RECORD    YEAR
 MAXIMUM TEMPERATURE (F)   39        64      1951
 MINIMUM TEMPERATURE (F)   24        -2      1994


SUNRISE AND SUNSET
JANUARY 19 2015.......SUNRISE   717 AM EST   SUNSET   458 PM EST
JANUARY 20 2015.......SUNRISE   716 AM EST   SUNSET   459 PM EST


-  INDICATES NEGATIVE NUMBERS.
R  INDICATES RECORD WAS SET OR TIED.
MM INDICATES DATA IS MISSING.
T  INDICATES TRACE AMOUNT.




$$
