000
CDUS41 KOKX 140620
CLIEWR


CLIMATE REPORT
NATIONAL WEATHER SERVICE NEW YORK NY
219 AM EDT SUN MAY 14 2017


...................................

...THE NEWARK NJ CLIMATE SUMMARY FOR MAY 13 2017...

CLIMATE NORMAL PERIOD 1981 TO 2010
CLIMATE RECORD PERIOD 1929 TO 2017


WEATHER ITEM   OBSERVED TIME   RECORD YEAR NORMAL DEPARTURE LAST
                VALUE   (LST)  VALUE       VALUE  FROM      YEAR
                                                  NORMAL
..................................................................
TEMPERATURE (F)
 YESTERDAY
  MAXIMUM         53   1255 AM  92    1956  71    -18       66
  MINIMUM         43    838 PM  37    1938  52     -9       58
  AVERAGE         48                        62    -14       62

PRECIPITATION (IN)
  YESTERDAY        1.79R         1.54 1948   0.12   1.67     0.29
  MONTH TO DATE    4.94                      1.61   3.33     2.07
  SINCE MAR 1     13.50                      9.99   3.51     4.57
  SINCE JAN 1     20.24                     16.41   3.83    12.62

SNOWFALL (IN)
  YESTERDAY        0.0           0.0  2002   0.0    0.0      0.0
                                      2001
  MONTH TO DATE    0.0                       0.0    0.0      0.0
  SINCE OCT 1     30.0                      28.5    1.5     32.8
  SINCE JUL 1     30.0                      28.5    1.5     32.8
  SNOW DEPTH       0

DEGREE DAYS
 HEATING
  YESTERDAY       17                         5     12        3
  MONTH TO DATE  116                        80     36      118
  SINCE MAR 1   1153                      1165    -12      974
  SINCE JUL 1   4162                      4800   -638     3847

 COOLING
  YESTERDAY        0                         1     -1        0
  MONTH TO DATE    5                        13     -8        1
  SINCE MAR 1     41                        25     16       19
  SINCE JAN 1     41                        25     16       19
..................................................................


WIND (MPH)
  HIGHEST WIND SPEED    24   HIGHEST WIND DIRECTION     N (20)
  HIGHEST GUST SPEED    32   HIGHEST GUST DIRECTION    NE (30)
  AVERAGE WIND SPEED    12.3


SKY COVER
  AVERAGE SKY COVER 1.0


WEATHER CONDITIONS
 THE FOLLOWING WEATHER WAS RECORDED YESTERDAY.
  RAIN
  LIGHT RAIN
  FOG


RELATIVE HUMIDITY (PERCENT)
 HIGHEST   100           300 PM
 LOWEST     71          1200 AM
 AVERAGE    86

..........................................................


THE NEWARK NJ CLIMATE NORMALS FOR TODAY
                         NORMAL    RECORD    YEAR
 MAXIMUM TEMPERATURE (F)   72        86      1991
                                             1985
 MINIMUM TEMPERATURE (F)   53        36      1939


SUNRISE AND SUNSET
MAY 14 2017...........SUNRISE   540 AM EDT   SUNSET   806 PM EDT
MAY 15 2017...........SUNRISE   539 AM EDT   SUNSET   807 PM EDT


-  INDICATES NEGATIVE NUMBERS.
R  INDICATES RECORD WAS SET OR TIED.
MM INDICATES DATA IS MISSING.
T  INDICATES TRACE AMOUNT.




$$
