000
CDUS41 KOKX 192039
CLIEWR


CLIMATE REPORT
NATIONAL WEATHER SERVICE NEW YORK NY
438 PM EDT THU MAR 19 2015


...................................

...THE NEWARK NJ CLIMATE SUMMARY FOR MARCH 19 2015...
VALID TODAY AS OF 0400 PM LOCAL TIME.

CLIMATE NORMAL PERIOD 1981 TO 2010
CLIMATE RECORD PERIOD 1929 TO 2015


WEATHER ITEM   OBSERVED TIME   RECORD YEAR NORMAL DEPARTURE LAST
                VALUE   (LST)  VALUE       VALUE  FROM      YEAR
                                                  NORMAL
..................................................................
TEMPERATURE (F)
 TODAY
  MAXIMUM         44    259 PM  77    2012  52     -8       46
  MINIMUM         28    620 AM   8    1967  34     -6       31
  AVERAGE         36                        43     -7       39

PRECIPITATION (IN)
  TODAY            0.00          1.40 1998   0.14  -0.14     0.62
  MONTH TO DATE    3.45                      2.45   1.00     0.89
  SINCE MAR 1      3.45                      2.45   1.00     0.89
  SINCE JAN 1      9.93                      8.87   1.06     8.61

SNOWFALL (IN)
  TODAY            0.0          12.7  1956   0.2   -0.2      0.0
  MONTH TO DATE   12.4                       3.5    8.9      0.2
  SINCE OCT 1     42.5                      26.5   16.0     60.7
  SINCE JUL 1     42.5                      26.5   16.0     60.7
  SNOW DEPTH       0

DEGREE DAYS
 HEATING
  TODAY           29                        22      7       26
  MONTH TO DATE  533                       471     62      553
  SINCE MAR 1    533                       471     62      553
  SINCE JUL 1   4436                      4106    330     4428

 COOLING
  TODAY            0                         0      0        0
  MONTH TO DATE    0                         0      0        0
  SINCE MAR 1      0                         0      0        0
  SINCE JAN 1      0                         0      0        0
..................................................................


WIND (MPH)
  HIGHEST WIND SPEED    22   HIGHEST WIND DIRECTION    NW (320)
  HIGHEST GUST SPEED    28   HIGHEST GUST DIRECTION    NW (320)
  AVERAGE WIND SPEED    10.9


SKY COVER
  AVERAGE SKY COVER 0.6


WEATHER CONDITIONS
 THE FOLLOWING WEATHER WAS RECORDED TODAY.
  NO SIGNIFICANT WEATHER WAS OBSERVED.


RELATIVE HUMIDITY (PERCENT)
 HIGHEST    50           400 AM
 LOWEST     17           100 PM
 AVERAGE    34

..........................................................


THE NEWARK NJ CLIMATE NORMALS FOR TOMORROW
                         NORMAL    RECORD    YEAR
 MAXIMUM TEMPERATURE (F)   52        85      1945
 MINIMUM TEMPERATURE (F)   35        15      1949


SUNRISE AND SUNSET
MARCH 19 2015.........SUNRISE   702 AM EDT   SUNSET   707 PM EDT
MARCH 20 2015.........SUNRISE   701 AM EDT   SUNSET   708 PM EDT


-  INDICATES NEGATIVE NUMBERS.
R  INDICATES RECORD WAS SET OR TIED.
MM INDICATES DATA IS MISSING.
T  INDICATES TRACE AMOUNT.




$$
