744
CDUS41 KOKX 050630
CLIEWR


CLIMATE REPORT
NATIONAL WEATHER SERVICE NEW YORK NY
130 AM EST FRI FEB 5 2016


...................................

...THE NEWARK NJ CLIMATE SUMMARY FOR FEBRUARY 4 2016...

CLIMATE NORMAL PERIOD 1981 TO 2010
CLIMATE RECORD PERIOD 1929 TO 2016


WEATHER ITEM   OBSERVED TIME   RECORD YEAR NORMAL DEPARTURE LAST
                VALUE   (LST)  VALUE       VALUE  FROM      YEAR
                                                  NORMAL
..................................................................
TEMPERATURE (F)
 YESTERDAY
  MAXIMUM         56    542 AM  69    1991  40     16       40
  MINIMUM         42   1153 PM   7    1996  25     17       18
                                      1985
  AVERAGE         49                        33     16       29

PRECIPITATION (IN)
  YESTERDAY        0.01          1.87 1961   0.10  -0.09     0.00
  MONTH TO DATE    0.64                      0.41   0.23     1.17
  SINCE DEC 1      9.05                      7.76   1.29    10.50
  SINCE JAN 1      4.65                      3.95   0.70     5.59

SNOWFALL (IN)
  YESTERDAY        T            15.2  1961   0.4   -0.4      0.0
  MONTH TO DATE    T                         1.4   -1.4      4.6
  SINCE OCT 1     29.6                      15.1   14.5     21.2
  SINCE JUL 1     29.6                      15.1   14.5     21.2
  SNOW DEPTH       0

DEGREE DAYS
 HEATING
  YESTERDAY       16                        32    -16       36
  MONTH TO DATE   73                       130    -57      162
  SINCE DEC 1   1514                      2046   -532     2050
  SINCE JUL 1   2146                      2914   -768     2882

 COOLING
  YESTERDAY        0                         0      0        0
  MONTH TO DATE    0                         0      0        0
  SINCE DEC 1      0                         0      0        0
  SINCE JAN 1      0                         0      0        0
..................................................................


WIND (MPH)
  HIGHEST WIND SPEED    23   HIGHEST WIND DIRECTION    NW (330)
  HIGHEST GUST SPEED    31   HIGHEST GUST DIRECTION    NW (320)
  AVERAGE WIND SPEED     9.3


SKY COVER
  AVERAGE SKY COVER 1.0


WEATHER CONDITIONS
 THE FOLLOWING WEATHER WAS RECORDED YESTERDAY.
  LIGHT RAIN
  SLEET
  FOG


RELATIVE HUMIDITY (PERCENT)
 HIGHEST   100          1200 AM
 LOWEST     42           600 PM
 AVERAGE    71

..........................................................


THE NEWARK NJ CLIMATE NORMALS FOR TODAY
                         NORMAL    RECORD    YEAR
 MAXIMUM TEMPERATURE (F)   40        69      1991
 MINIMUM TEMPERATURE (F)   25         3      1996


SUNRISE AND SUNSET
FEBRUARY  5 2016......SUNRISE   703 AM EST   SUNSET   519 PM EST
FEBRUARY  6 2016......SUNRISE   702 AM EST   SUNSET   520 PM EST


-  INDICATES NEGATIVE NUMBERS.
R  INDICATES RECORD WAS SET OR TIED.
MM INDICATES DATA IS MISSING.
T  INDICATES TRACE AMOUNT.




$$
