000
CDUS41 KOKX 140626
CLIEWR


CLIMATE REPORT
NATIONAL WEATHER SERVICE NEW YORK NY
226 AM EDT SAT MAY 14 2016


...................................

...THE NEWARK NJ CLIMATE SUMMARY FOR MAY 13 2016...

CLIMATE NORMAL PERIOD 1981 TO 2010
CLIMATE RECORD PERIOD 1929 TO 2016


WEATHER ITEM   OBSERVED TIME   RECORD YEAR NORMAL DEPARTURE LAST
                VALUE   (LST)  VALUE       VALUE  FROM      YEAR
                                                  NORMAL
..................................................................
TEMPERATURE (F)
 YESTERDAY
  MAXIMUM         66    740 PM  92    1956  71     -5       73
  MINIMUM         58    219 AM  37    1938  52      6       53
  AVERAGE         62                        62      0       63

PRECIPITATION (IN)
  YESTERDAY        0.29          1.54 1948   0.12   0.17     0.00
  MONTH TO DATE    2.07                      1.61   0.46     0.17
  SINCE MAR 1      4.57                      9.99  -5.42     6.47
  SINCE JAN 1     12.62                     16.41  -3.79    12.95

SNOWFALL (IN)
  YESTERDAY        0.0           0.0  2002   0.0    0.0      0.0
                                      2001
  MONTH TO DATE    0.0                       0.0    0.0      0.0
  SINCE OCT 1     36.4                      28.5    7.9     46.4
  SINCE JUL 1     36.4                      28.5    7.9     46.4
  SNOW DEPTH       0

DEGREE DAYS
 HEATING
  YESTERDAY        3                         5     -2        2
  MONTH TO DATE  122                        80     42       26
  SINCE MAR 1    978                      1165   -187     1189
  SINCE JUL 1   3851                      4800   -949     5092

 COOLING
  YESTERDAY        0                         1     -1        0
  MONTH TO DATE    1                        13    -12       50
  SINCE MAR 1     19                        25     -6       53
  SINCE JAN 1     19                        25     -6       53
..................................................................


WIND (MPH)
  HIGHEST WIND SPEED    12   HIGHEST WIND DIRECTION     W (260)
  HIGHEST GUST SPEED    15   HIGHEST GUST DIRECTION     W (250)
  AVERAGE WIND SPEED     4.3


SKY COVER
  AVERAGE SKY COVER 0.9


WEATHER CONDITIONS
 THE FOLLOWING WEATHER WAS RECORDED YESTERDAY.
  RAIN
  LIGHT RAIN
  FOG
  HAZE


RELATIVE HUMIDITY (PERCENT)
 HIGHEST   100           400 PM
 LOWEST     73          1200 PM
 AVERAGE    87

..........................................................


THE NEWARK NJ CLIMATE NORMALS FOR TODAY
                         NORMAL    RECORD    YEAR
 MAXIMUM TEMPERATURE (F)   72        86      1991
                                             1985
 MINIMUM TEMPERATURE (F)   53        36      1939


SUNRISE AND SUNSET
MAY 14 2016...........SUNRISE   540 AM EDT   SUNSET   806 PM EDT
MAY 15 2016...........SUNRISE   539 AM EDT   SUNSET   807 PM EDT


-  INDICATES NEGATIVE NUMBERS.
R  INDICATES RECORD WAS SET OR TIED.
MM INDICATES DATA IS MISSING.
T  INDICATES TRACE AMOUNT.




$$
