000
CDUS41 KOKX 100624
CLIEWR


CLIMATE REPORT
NATIONAL WEATHER SERVICE NEW YORK NY
224 AM EDT WED MAY 10 2017


...................................

...THE NEWARK NJ CLIMATE SUMMARY FOR MAY 9 2017...

CLIMATE NORMAL PERIOD 1981 TO 2010
CLIMATE RECORD PERIOD 1929 TO 2017


WEATHER ITEM   OBSERVED TIME   RECORD YEAR NORMAL DEPARTURE LAST
                VALUE   (LST)  VALUE       VALUE  FROM      YEAR
                                                  NORMAL
..................................................................
TEMPERATURE (F)
 YESTERDAY
  MAXIMUM         64    355 PM  93    2000  70     -6       75
  MINIMUM         45    435 AM  33    1947  51     -6       45
  AVERAGE         55                        60     -5       60

PRECIPITATION (IN)
  YESTERDAY        0.00          1.46 2013   0.12  -0.12     0.00
  MONTH TO DATE    3.15                      1.11   2.04     1.78
  SINCE MAR 1     11.71                      9.49   2.22     4.28
  SINCE JAN 1     18.45                     15.91   2.54    12.33

SNOWFALL (IN)
  YESTERDAY        0.0           T    1977   0.0    0.0      0.0
  MONTH TO DATE    0.0                       0.0    0.0      0.0
  SINCE OCT 1     30.0                      28.5    1.5     32.8
  SINCE JUL 1     30.0                      28.5    1.5     32.8
  SNOW DEPTH       0

DEGREE DAYS
 HEATING
  YESTERDAY       10                         6      4        5
  MONTH TO DATE   69                        60      9      101
  SINCE MAR 1   1106                      1145    -39      957
  SINCE JUL 1   4115                      4780   -665     3830

 COOLING
  YESTERDAY        0                         1     -1        0
  MONTH TO DATE    5                         9     -4        0
  SINCE MAR 1     41                        21     20       18
  SINCE JAN 1     41                        21     20       18
..................................................................


WIND (MPH)
  HIGHEST WIND SPEED    17   HIGHEST WIND DIRECTION    NW (300)
  HIGHEST GUST SPEED    23   HIGHEST GUST DIRECTION    NW (300)
  AVERAGE WIND SPEED     8.2


SKY COVER
  AVERAGE SKY COVER 0.7


WEATHER CONDITIONS
 THE FOLLOWING WEATHER WAS RECORDED YESTERDAY.
  NO SIGNIFICANT WEATHER WAS OBSERVED.


RELATIVE HUMIDITY (PERCENT)
 HIGHEST    65           500 AM
 LOWEST     25           100 PM
 AVERAGE    45

..........................................................


THE NEWARK NJ CLIMATE NORMALS FOR TODAY
                         NORMAL    RECORD    YEAR
 MAXIMUM TEMPERATURE (F)   70        93      1979
 MINIMUM TEMPERATURE (F)   51        34      1947


SUNRISE AND SUNSET
MAY 10 2017...........SUNRISE   544 AM EDT   SUNSET   802 PM EDT
MAY 11 2017...........SUNRISE   543 AM EDT   SUNSET   803 PM EDT


-  INDICATES NEGATIVE NUMBERS.
R  INDICATES RECORD WAS SET OR TIED.
MM INDICATES DATA IS MISSING.
T  INDICATES TRACE AMOUNT.




$$
