000
CDUS41 KOKX 120823
CLIEWR


CLIMATE REPORT
NATIONAL WEATHER SERVICE NEW YORK NY
423 AM EDT MON SEP 12 2016


...................................

...THE NEWARK NJ CLIMATE SUMMARY FOR SEPTEMBER 11 2016...

CLIMATE NORMAL PERIOD 1981 TO 2010
CLIMATE RECORD PERIOD 1929 TO 2016


WEATHER ITEM   OBSERVED TIME   RECORD YEAR NORMAL DEPARTURE LAST
                VALUE   (LST)  VALUE       VALUE  FROM      YEAR
                                                  NORMAL
..................................................................
TEMPERATURE (F)
 YESTERDAY
  MAXIMUM         86    315 PM  99    1983  79      7       84
  MINIMUM         66   1159 PM  47    1932  62      4       66
  AVERAGE         76                        70      6       75

PRECIPITATION (IN)
  YESTERDAY        0.00          3.64 1954   0.12  -0.12     0.01
  MONTH TO DATE    0.22                      1.26  -1.04     1.01
  SINCE SEP 1      0.22                      1.26  -1.04     1.01
  SINCE JAN 1     24.03                     32.63  -8.60    28.61

SNOWFALL (IN)
  YESTERDAY        0.0           0.0  2002   0.0    0.0      0.0
                                      2001
  MONTH TO DATE    0.0                       0.0    0.0      0.0
  SINCE OCT 1     32.8                      28.5    4.3     46.4
  SINCE JUL 1      0.0                       0.0    0.0      0.0
  SNOW DEPTH       0

DEGREE DAYS
 HEATING
  YESTERDAY        0                         1     -1        0
  MONTH TO DATE    0                         2     -2        0
  SINCE SEP 1      0                         2     -2        0
  SINCE JUL 1      0                         3     -3        0

 COOLING
  YESTERDAY       11                         6      5       10
  MONTH TO DATE  130                        77     53      154
  SINCE SEP 1    130                        77     53      154
  SINCE JAN 1   1440                      1111    329     1436
..................................................................


WIND (MPH)
  HIGHEST WIND SPEED    26   HIGHEST WIND DIRECTION    NW (330)
  HIGHEST GUST SPEED    33   HIGHEST GUST DIRECTION    NW (300)
  AVERAGE WIND SPEED    13.5


SKY COVER
  AVERAGE SKY COVER 0.8


WEATHER CONDITIONS
 THE FOLLOWING WEATHER WAS RECORDED YESTERDAY.
  NO SIGNIFICANT WEATHER WAS OBSERVED.


RELATIVE HUMIDITY (PERCENT)
 HIGHEST    85           100 AM
 LOWEST     31           500 PM
 AVERAGE    58

..........................................................


THE NEWARK NJ CLIMATE NORMALS FOR TODAY
                         NORMAL    RECORD    YEAR
 MAXIMUM TEMPERATURE (F)   78        95      1961
 MINIMUM TEMPERATURE (F)   61        47      1958


SUNRISE AND SUNSET
SEPTEMBER 12 2016.....SUNRISE   635 AM EDT   SUNSET   710 PM EDT
SEPTEMBER 13 2016.....SUNRISE   636 AM EDT   SUNSET   708 PM EDT


-  INDICATES NEGATIVE NUMBERS.
R  INDICATES RECORD WAS SET OR TIED.
MM INDICATES DATA IS MISSING.
T  INDICATES TRACE AMOUNT.




$$
