000
CDUS41 KOKX 280616
CLIEWR


CLIMATE REPORT
NATIONAL WEATHER SERVICE NEW YORK NY
115 AM EST TUE NOV 28 2017


...................................

...THE NEWARK NJ CLIMATE SUMMARY FOR NOVEMBER 27 2017...

CLIMATE NORMAL PERIOD 1981 TO 2010
CLIMATE RECORD PERIOD 1929 TO 2017


WEATHER ITEM   OBSERVED TIME   RECORD YEAR NORMAL DEPARTURE LAST
                VALUE   (LST)  VALUE       VALUE  FROM      YEAR
                                                  NORMAL
..................................................................
TEMPERATURE (F)
 YESTERDAY
  MAXIMUM         54    236 PM  67    1960  50      4       52
                                      1959
  MINIMUM         37   1154 PM  12    1932  36      1       35
  AVERAGE         46                        43      3       44

PRECIPITATION (IN)
  YESTERDAY        0.00          1.91 2013   0.13  -0.13     0.00
  MONTH TO DATE    1.49                      3.25  -1.76     3.43
  SINCE SEP 1      8.15                     10.67  -2.52     8.60
  SINCE JAN 1     45.83                     42.04   3.79    32.41

SNOWFALL (IN)
  YESTERDAY        0.0           3.0  1938   0.0    0.0      0.0
  MONTH TO DATE    T                         0.3   -0.3       T
  SINCE OCT 1      T                         0.3   -0.3       T
  SINCE JUL 1      T                         0.3   -0.3       T
  SNOW DEPTH       0

DEGREE DAYS
 HEATING
  YESTERDAY       19                        22     -3       21
  MONTH TO DATE  501                       478     23      410
  SINCE SEP 1    628                       798   -170      641
  SINCE JUL 1    628                       799   -171      641

 COOLING
  YESTERDAY        0                         0      0        0
  MONTH TO DATE    0                         0      0        1
  SINCE SEP 1    288                       157    131      261
  SINCE JAN 1   1316                      1191    125     1571
..................................................................


WIND (MPH)
  HIGHEST WIND SPEED    24   HIGHEST WIND DIRECTION    NW (320)
  HIGHEST GUST SPEED    31   HIGHEST GUST DIRECTION     W (290)
  AVERAGE WIND SPEED    11.6


SKY COVER
  AVERAGE SKY COVER 0.5


WEATHER CONDITIONS
 THE FOLLOWING WEATHER WAS RECORDED YESTERDAY.
  NO SIGNIFICANT WEATHER WAS OBSERVED.


RELATIVE HUMIDITY (PERCENT)
 HIGHEST    59          1200 AM
 LOWEST     29           300 PM
 AVERAGE    44

..........................................................


THE NEWARK NJ CLIMATE NORMALS FOR TODAY
                         NORMAL    RECORD    YEAR
 MAXIMUM TEMPERATURE (F)   50        72      2011
                                             1973
 MINIMUM TEMPERATURE (F)   35        16      1932


SUNRISE AND SUNSET
NOVEMBER 28 2017......SUNRISE   658 AM EST   SUNSET   431 PM EST
NOVEMBER 29 2017......SUNRISE   659 AM EST   SUNSET   430 PM EST


-  INDICATES NEGATIVE NUMBERS.
R  INDICATES RECORD WAS SET OR TIED.
MM INDICATES DATA IS MISSING.
T  INDICATES TRACE AMOUNT.




$$
