000
CDUS41 KOKX 030616
CLIEWR


CLIMATE REPORT
NATIONAL WEATHER SERVICE NEW YORK NY
216 AM EDT FRI NOV 3 2017


...................................

...THE NEWARK NJ CLIMATE SUMMARY FOR NOVEMBER 2 2017...

CLIMATE NORMAL PERIOD 1981 TO 2010
CLIMATE RECORD PERIOD 1929 TO 2017


WEATHER ITEM   OBSERVED TIME   RECORD YEAR NORMAL DEPARTURE LAST
                VALUE   (LST)  VALUE       VALUE  FROM      YEAR
                                                  NORMAL
..................................................................
TEMPERATURE (F)
 YESTERDAY
  MAXIMUM         75    228 PM  84    1950  60     15       73
  MINIMUM         55    109 AM  29    1976  43     12       51
  AVERAGE         65                        51     14       62

PRECIPITATION (IN)
  YESTERDAY        0.00          1.31 1954   0.12  -0.12     0.00
  MONTH TO DATE    0.00                      0.24  -0.24     0.00
  SINCE SEP 1      6.66                      7.66  -1.00     5.17
  SINCE JAN 1     44.34                     39.03   5.31    28.98

SNOWFALL (IN)
  YESTERDAY        0.0           T    2002   0.0    0.0      0.0
                                      1992
  MONTH TO DATE    0.0                       0.0    0.0      0.0
  SINCE OCT 1      0.0                       0.0    0.0      0.0
  SINCE JUL 1      0.0                       0.0    0.0      0.0
  SNOW DEPTH       0

DEGREE DAYS
 HEATING
  YESTERDAY        0                        14    -14        3
  MONTH TO DATE   16                        28    -12       19
  SINCE SEP 1    143                       348   -205      250
  SINCE JUL 1    143                       349   -206      250

 COOLING
  YESTERDAY        0                         0      0        0
  MONTH TO DATE    0                         0      0        0
  SINCE SEP 1    288                       157    131      260
  SINCE JAN 1   1316                      1191    125     1570
..................................................................


WIND (MPH)
  HIGHEST WIND SPEED    16   HIGHEST WIND DIRECTION     S (180)
  HIGHEST GUST SPEED    22   HIGHEST GUST DIRECTION     S (190)
  AVERAGE WIND SPEED     6.3


SKY COVER
  AVERAGE SKY COVER 0.8


WEATHER CONDITIONS
 THE FOLLOWING WEATHER WAS RECORDED YESTERDAY.
  NO SIGNIFICANT WEATHER WAS OBSERVED.


RELATIVE HUMIDITY (PERCENT)
 HIGHEST    93           800 AM
 LOWEST     54           200 PM
 AVERAGE    74

..........................................................


THE NEWARK NJ CLIMATE NORMALS FOR TODAY
                         NORMAL    RECORD    YEAR
 MAXIMUM TEMPERATURE (F)   59        81      2003
 MINIMUM TEMPERATURE (F)   43        29      1951


SUNRISE AND SUNSET
NOVEMBER  3 2017......SUNRISE   730 AM EDT   SUNSET   550 PM EDT
NOVEMBER  4 2017......SUNRISE   731 AM EDT   SUNSET   549 PM EDT


-  INDICATES NEGATIVE NUMBERS.
R  INDICATES RECORD WAS SET OR TIED.
MM INDICATES DATA IS MISSING.
T  INDICATES TRACE AMOUNT.




$$
