000
CDUS41 KOKX 120624
CLIEWR


CLIMATE REPORT
NATIONAL WEATHER SERVICE NEW YORK NY
223 AM EDT FRI AUG 12 2016


...................................

...THE NEWARK NJ CLIMATE SUMMARY FOR AUGUST 11 2016...

CLIMATE NORMAL PERIOD 1981 TO 2010
CLIMATE RECORD PERIOD 1929 TO 2016


WEATHER ITEM   OBSERVED TIME   RECORD YEAR NORMAL DEPARTURE LAST
                VALUE   (LST)  VALUE       VALUE  FROM      YEAR
                                                  NORMAL
..................................................................
TEMPERATURE (F)
 YESTERDAY
  MAXIMUM         96    346 PM 102    1949  85     11       82
                                      1944
  MINIMUM         75   1159 PM  56    1972  68      7       71
  AVERAGE         86                        77      9       77

PRECIPITATION (IN)
  YESTERDAY        0.11          2.59 1937   0.12  -0.01     0.96
  MONTH TO DATE    0.31                      1.54  -1.23     1.13
  SINCE JUN 1      8.79                     10.32  -1.53     9.72
  SINCE JAN 1     23.19                     29.21  -6.02    27.33

SNOWFALL (IN)
  YESTERDAY        0.0           0.0  2002   0.0    0.0      0.0
                                      2001
  MONTH TO DATE    0.0                       0.0    0.0      0.0
  SINCE OCT 1     32.8                      28.5    4.3     46.4
  SINCE JUL 1      0.0                       0.0    0.0      0.0
  SNOW DEPTH       0

DEGREE DAYS
 HEATING
  YESTERDAY        0                         0      0        0
  MONTH TO DATE    0                         0      0        0
  SINCE JUN 1      4                        17    -13       29
  SINCE JUL 1      0                         0      0        0

 COOLING
  YESTERDAY       21                        12      9       12
  MONTH TO DATE  143                       132     11      144
  SINCE JUN 1    863                       754    109      834
  SINCE JAN 1    981                       830    151      994
..................................................................


WIND (MPH)
  HIGHEST WIND SPEED    21   HIGHEST WIND DIRECTION    NW (300)
  HIGHEST GUST SPEED    27   HIGHEST GUST DIRECTION     W (290)
  AVERAGE WIND SPEED    10.0


SKY COVER
  AVERAGE SKY COVER 0.8


WEATHER CONDITIONS
 THE FOLLOWING WEATHER WAS RECORDED YESTERDAY.
  THUNDERSTORM
  HEAVY RAIN
  RAIN
  LIGHT RAIN
  FOG


RELATIVE HUMIDITY (PERCENT)
 HIGHEST    85           700 AM
 LOWEST     52          1200 PM
 AVERAGE    69

..........................................................


THE NEWARK NJ CLIMATE NORMALS FOR TODAY
                         NORMAL    RECORD    YEAR
 MAXIMUM TEMPERATURE (F)   85        98      1944
 MINIMUM TEMPERATURE (F)   68        54      1954


SUNRISE AND SUNSET
AUGUST 12 2016........SUNRISE   604 AM EDT   SUNSET   758 PM EDT
AUGUST 13 2016........SUNRISE   605 AM EDT   SUNSET   757 PM EDT


-  INDICATES NEGATIVE NUMBERS.
R  INDICATES RECORD WAS SET OR TIED.
MM INDICATES DATA IS MISSING.
T  INDICATES TRACE AMOUNT.




$$
