000
CDUS41 KOKX 100622
CLIEWR


CLIMATE REPORT
NATIONAL WEATHER SERVICE NEW YORK NY
221 AM EDT TUE MAY 10 2016


...................................

...THE NEWARK NJ CLIMATE SUMMARY FOR MAY 9 2016...

CLIMATE NORMAL PERIOD 1981 TO 2010
CLIMATE RECORD PERIOD 1929 TO 2016


WEATHER ITEM   OBSERVED TIME   RECORD YEAR NORMAL DEPARTURE LAST
                VALUE   (LST)  VALUE       VALUE  FROM      YEAR
                                                  NORMAL
..................................................................
TEMPERATURE (F)
 YESTERDAY
  MAXIMUM         75   1256 PM  93    2000  70      5       67
  MINIMUM         45    338 AM  33    1947  51     -6       58
  AVERAGE         60                        60      0       63

PRECIPITATION (IN)
  YESTERDAY        0.00          1.46 2013   0.12  -0.12      T
  MONTH TO DATE    1.78                      1.11   0.67      T
  SINCE MAR 1      4.28                      9.49  -5.21     6.30
  SINCE JAN 1     12.33                     15.91  -3.58    12.78

SNOWFALL (IN)
  YESTERDAY        0.0           T    1977   0.0    0.0      0.0
  MONTH TO DATE    0.0                       0.0    0.0      0.0
  SINCE OCT 1     36.4                      28.5    7.9     46.4
  SINCE JUL 1     36.4                      28.5    7.9     46.4
  SNOW DEPTH       0

DEGREE DAYS
 HEATING
  YESTERDAY        5                         6     -1        2
  MONTH TO DATE  105                        60     45       24
  SINCE MAR 1    961                      1145   -184     1187
  SINCE JUL 1   3834                      4780   -946     5090

 COOLING
  YESTERDAY        0                         1     -1        0
  MONTH TO DATE    0                         9     -9       20
  SINCE MAR 1     18                        21     -3       23
  SINCE JAN 1     18                        21     -3       23
..................................................................


WIND (MPH)
  HIGHEST WIND SPEED    29   HIGHEST WIND DIRECTION     W (260)
  HIGHEST GUST SPEED    38   HIGHEST GUST DIRECTION     W (250)
  AVERAGE WIND SPEED    12.7


SKY COVER
  AVERAGE SKY COVER 0.6


WEATHER CONDITIONS
 THE FOLLOWING WEATHER WAS RECORDED YESTERDAY.
  NO SIGNIFICANT WEATHER WAS OBSERVED.


RELATIVE HUMIDITY (PERCENT)
 HIGHEST    66           200 AM
 LOWEST     25           100 PM
 AVERAGE    46

..........................................................


THE NEWARK NJ CLIMATE NORMALS FOR TODAY
                         NORMAL    RECORD    YEAR
 MAXIMUM TEMPERATURE (F)   70        93      1979
 MINIMUM TEMPERATURE (F)   51        34      1947


SUNRISE AND SUNSET
MAY 10 2016...........SUNRISE   544 AM EDT   SUNSET   802 PM EDT
MAY 11 2016...........SUNRISE   543 AM EDT   SUNSET   803 PM EDT


-  INDICATES NEGATIVE NUMBERS.
R  INDICATES RECORD WAS SET OR TIED.
MM INDICATES DATA IS MISSING.
T  INDICATES TRACE AMOUNT.




$$
