000
CDUS41 KOKX 190618
CLIEWR


CLIMATE REPORT
NATIONAL WEATHER SERVICE NEW YORK NY
117 AM EST WED NOV 19 2014


...................................

...THE NEWARK NJ CLIMATE SUMMARY FOR NOVEMBER 18 2014...

CLIMATE NORMAL PERIOD 1981 TO 2010
CLIMATE RECORD PERIOD 1929 TO 2014


WEATHER ITEM   OBSERVED TIME   RECORD YEAR NORMAL DEPARTURE LAST
                VALUE   (LST)  VALUE       VALUE  FROM      YEAR
                                                  NORMAL
..................................................................
TEMPERATURE (F)
 YESTERDAY
  MAXIMUM         44   1239 AM  73    1963  54    -10       67
  MINIMUM         23   1159 PM  19    1936  38    -15       50
  AVERAGE         34                        46    -12       59

PRECIPITATION (IN)
  YESTERDAY        0.00          0.94 1968   0.12  -0.12     0.17
  MONTH TO DATE    2.66                      2.11   0.55     0.46
  SINCE SEP 1      8.33                      9.53  -1.20     2.51
  SINCE JAN 1     42.95                     40.90   2.05    35.81

SNOWFALL (IN)
  YESTERDAY        0.0           0.3  1962   0.0    0.0      0.0
  MONTH TO DATE    T                         0.1   -0.1       T
  SINCE OCT 1      T                         0.1   -0.1       T
  SINCE JUL 1      T                         0.1   -0.1       T
  SNOW DEPTH       0

DEGREE DAYS
 HEATING
  YESTERDAY       31                        19     12        6
  MONTH TO DATE  331                       292     39      294
  SINCE SEP 1    539                       612    -73      551
  SINCE JUL 1    539                       613    -74      551

 COOLING
  YESTERDAY        0                         0      0        0
  MONTH TO DATE    0                         0      0        0
  SINCE SEP 1    190                       157     33      166
  SINCE JAN 1   1175                      1191    -16     1337
..................................................................


WIND (MPH)
  HIGHEST WIND SPEED    31   HIGHEST WIND DIRECTION     W (280)
  HIGHEST GUST SPEED    39   HIGHEST GUST DIRECTION     W (280)
  AVERAGE WIND SPEED    20.6


SKY COVER
  AVERAGE SKY COVER 0.3


WEATHER CONDITIONS
 THE FOLLOWING WEATHER WAS RECORDED YESTERDAY.
  NO SIGNIFICANT WEATHER WAS OBSERVED.


RELATIVE HUMIDITY (PERCENT)
 HIGHEST    76          1200 AM
 LOWEST     28           100 PM
 AVERAGE    52

..........................................................


THE NEWARK NJ CLIMATE NORMALS FOR TODAY
                         NORMAL    RECORD    YEAR
 MAXIMUM TEMPERATURE (F)   53        70      1957
 MINIMUM TEMPERATURE (F)   38        19      1936


SUNRISE AND SUNSET
NOVEMBER 19 2014......SUNRISE   648 AM EST   SUNSET   436 PM EST
NOVEMBER 20 2014......SUNRISE   649 AM EST   SUNSET   435 PM EST


-  INDICATES NEGATIVE NUMBERS.
R  INDICATES RECORD WAS SET OR TIED.
MM INDICATES DATA IS MISSING.
T  INDICATES TRACE AMOUNT.




$$
