000
CDUS41 KOKX 110625
CLIEWR


CLIMATE REPORT
NATIONAL WEATHER SERVICE NEW YORK NY
125 AM EST THU JAN 11 2018


...................................

...THE NEWARK NJ CLIMATE SUMMARY FOR JANUARY 10 2018...

CLIMATE NORMAL PERIOD 1981 TO 2010
CLIMATE RECORD PERIOD 1929 TO 2018


WEATHER ITEM   OBSERVED TIME   RECORD YEAR NORMAL DEPARTURE LAST
                VALUE   (LST)  VALUE       VALUE  FROM      YEAR
                                                  NORMAL
..................................................................
TEMPERATURE (F)
 YESTERDAY
  MAXIMUM         40    252 PM  65    2016  39      1       44
  MINIMUM         24    756 AM   0    1982  24      0       15
  AVERAGE         32                        32      0       30

PRECIPITATION (IN)
  YESTERDAY        0.00          1.77 2016   0.12  -0.12     0.00
  MONTH TO DATE    0.71                      1.18  -0.47     1.10
  SINCE DEC 1      2.35                      4.99  -2.64     4.01
  SINCE JAN 1      0.71                      1.18  -0.47     1.10

SNOWFALL (IN)
  YESTERDAY        0.0           7.7  1965   0.3   -0.3      0.0
  MONTH TO DATE    8.4                       2.5    5.9      7.4
  SINCE OCT 1     16.1                       8.3    7.8     10.8
  SINCE JUL 1     16.1                       8.3    7.8     10.8
  SNOW DEPTH       3

DEGREE DAYS
 HEATING
  YESTERDAY       33                        34     -1       35
  MONTH TO DATE  448                       330    118      333
  SINCE DEC 1   1383                      1212    171     1173
  SINCE JUL 1   2068                      2080    -12     1856

 COOLING
  YESTERDAY        0                         0      0        0
  MONTH TO DATE    0                         0      0        0
  SINCE DEC 1      0                         0      0        0
  SINCE JAN 1      0                         0      0        0
..................................................................


WIND (MPH)
  HIGHEST WIND SPEED     9   HIGHEST WIND DIRECTION    SE (120)
  HIGHEST GUST SPEED    12   HIGHEST GUST DIRECTION    NW (310)
  AVERAGE WIND SPEED     4.0


SKY COVER
  AVERAGE SKY COVER 0.5


WEATHER CONDITIONS
 THE FOLLOWING WEATHER WAS RECORDED YESTERDAY.
  NO SIGNIFICANT WEATHER WAS OBSERVED.


RELATIVE HUMIDITY (PERCENT)
 HIGHEST    76           900 PM
 LOWEST     48          1100 AM
 AVERAGE    62

..........................................................


THE NEWARK NJ CLIMATE NORMALS FOR TODAY
                         NORMAL    RECORD    YEAR
 MAXIMUM TEMPERATURE (F)   39        66      1975
 MINIMUM TEMPERATURE (F)   24        -2      1982


SUNRISE AND SUNSET
JANUARY 11 2018.......SUNRISE   720 AM EST   SUNSET   450 PM EST
JANUARY 12 2018.......SUNRISE   720 AM EST   SUNSET   451 PM EST


-  INDICATES NEGATIVE NUMBERS.
R  INDICATES RECORD WAS SET OR TIED.
MM INDICATES DATA IS MISSING.
T  INDICATES TRACE AMOUNT.




$$
