000
CDUS41 KOKX 032134
CLIEWR


CLIMATE REPORT
NATIONAL WEATHER SERVICE NEW YORK NY
434 PM EST WED JAN 3 2018


...................................

...THE NEWARK NJ CLIMATE SUMMARY FOR JANUARY 3 2018...
VALID TODAY AS OF 0400 PM LOCAL TIME.

CLIMATE NORMAL PERIOD 1981 TO 2010
CLIMATE RECORD PERIOD 1929 TO 2018


WEATHER ITEM   OBSERVED TIME   RECORD YEAR NORMAL DEPARTURE LAST
                VALUE   (LST)  VALUE       VALUE  FROM      YEAR
                                                  NORMAL
..................................................................
TEMPERATURE (F)
 TODAY
  MAXIMUM         30    331 PM  65    2000  39     -9       44
  MINIMUM         10    716 AM   8    2014  25    -15       39
  AVERAGE         20                        32    -12       42

PRECIPITATION (IN)
  TODAY            0.00          2.57 1999   0.12  -0.12     0.43
  MONTH TO DATE    0.00                      0.35  -0.35     0.72
  SINCE DEC 1      1.64                      4.16  -2.52     3.63
  SINCE JAN 1      0.00                      0.35  -0.35     0.72

SNOWFALL (IN)
  TODAY            0.0           5.6  2014   0.2   -0.2      0.0
  MONTH TO DATE    0.0                       0.7   -0.7       T
  SINCE OCT 1      7.7                       6.5    1.2      3.4
  SINCE JUL 1      7.7                       6.5    1.2      3.4
  SNOW DEPTH       T

DEGREE DAYS
 HEATING
  TODAY           45                        33     12       23
  MONTH TO DATE  142                        98     44       74
  SINCE DEC 1   1077                       980     97      914
  SINCE JUL 1   1762                      1848    -86     1597

 COOLING
  TODAY            0                         0      0        0
  MONTH TO DATE    0                         0      0        0
  SINCE DEC 1      0                         0      0        0
  SINCE JAN 1      0                         0      0        0
..................................................................


WIND (MPH)
  HIGHEST WIND SPEED    13   HIGHEST WIND DIRECTION    SW (240)
  HIGHEST GUST SPEED    16   HIGHEST GUST DIRECTION    SW (230)
  AVERAGE WIND SPEED     5.3


SKY COVER
  AVERAGE SKY COVER 0.5


WEATHER CONDITIONS
 THE FOLLOWING WEATHER WAS RECORDED TODAY.
  NO SIGNIFICANT WEATHER WAS OBSERVED.


RELATIVE HUMIDITY (PERCENT)
 HIGHEST    64           300 AM
 LOWEST     31           200 PM
 AVERAGE    48

..........................................................


THE NEWARK NJ CLIMATE NORMALS FOR TOMORROW
                         NORMAL    RECORD    YEAR
 MAXIMUM TEMPERATURE (F)   39        68      2000
 MINIMUM TEMPERATURE (F)   25         1      1981


SUNRISE AND SUNSET
JANUARY  3 2018.......SUNRISE   721 AM EST   SUNSET   442 PM EST
JANUARY  4 2018.......SUNRISE   721 AM EST   SUNSET   443 PM EST


-  INDICATES NEGATIVE NUMBERS.
R  INDICATES RECORD WAS SET OR TIED.
MM INDICATES DATA IS MISSING.
T  INDICATES TRACE AMOUNT.




$$
