000
CDUS41 KOKX 090618
CLIEWR


CLIMATE REPORT
NATIONAL WEATHER SERVICE NEW YORK NY
218 AM EDT TUE MAY 9 2017


...................................

...THE NEWARK NJ CLIMATE SUMMARY FOR MAY 8 2017...

CLIMATE NORMAL PERIOD 1981 TO 2010
CLIMATE RECORD PERIOD 1929 TO 2017


WEATHER ITEM   OBSERVED TIME   RECORD YEAR NORMAL DEPARTURE LAST
                VALUE   (LST)  VALUE       VALUE  FROM      YEAR
                                                  NORMAL
..................................................................
TEMPERATURE (F)
 YESTERDAY
  MAXIMUM         60    443 PM  92    2000  70    -10       68
                                      1943
  MINIMUM         43    513 AM  35    1947  51     -8       47
  AVERAGE         52                        60     -8       58

PRECIPITATION (IN)
  YESTERDAY        T             1.15 2013   0.13  -0.13     0.11
  MONTH TO DATE    3.15                      0.99   2.16     1.78
  SINCE MAR 1     11.71                      9.37   2.34     4.28
  SINCE JAN 1     18.45                     15.79   2.66    12.33

SNOWFALL (IN)
  YESTERDAY        0.0           0.0  2002   0.0    0.0      0.0
                                      2001
  MONTH TO DATE    0.0                       0.0    0.0      0.0
  SINCE OCT 1     30.0                      28.5    1.5     32.8
  SINCE JUL 1     30.0                      28.5    1.5     32.8
  SNOW DEPTH       0

DEGREE DAYS
 HEATING
  YESTERDAY       13                         6      7        7
  MONTH TO DATE   59                        54      5       96
  SINCE MAR 1   1096                      1139    -43      952
  SINCE JUL 1   4105                      4774   -669     3825

 COOLING
  YESTERDAY        0                         1     -1        0
  MONTH TO DATE    5                         8     -3        0
  SINCE MAR 1     41                        20     21       18
  SINCE JAN 1     41                        20     21       18
..................................................................


WIND (MPH)
  HIGHEST WIND SPEED    24   HIGHEST WIND DIRECTION    NW (320)
  HIGHEST GUST SPEED    34   HIGHEST GUST DIRECTION     W (280)
  AVERAGE WIND SPEED    10.3


SKY COVER
  AVERAGE SKY COVER 0.7


WEATHER CONDITIONS
 THE FOLLOWING WEATHER WAS RECORDED YESTERDAY.
  NO SIGNIFICANT WEATHER WAS OBSERVED.


RELATIVE HUMIDITY (PERCENT)
 HIGHEST    71           100 AM
 LOWEST     30           200 PM
 AVERAGE    51

..........................................................


THE NEWARK NJ CLIMATE NORMALS FOR TODAY
                         NORMAL    RECORD    YEAR
 MAXIMUM TEMPERATURE (F)   70        93      2000
 MINIMUM TEMPERATURE (F)   51        33      1947


SUNRISE AND SUNSET
MAY  9 2017...........SUNRISE   546 AM EDT   SUNSET   801 PM EDT
MAY 10 2017...........SUNRISE   544 AM EDT   SUNSET   802 PM EDT


-  INDICATES NEGATIVE NUMBERS.
R  INDICATES RECORD WAS SET OR TIED.
MM INDICATES DATA IS MISSING.
T  INDICATES TRACE AMOUNT.




$$
