000
CDUS41 KOKX 040622
CLIEWR


CLIMATE REPORT
NATIONAL WEATHER SERVICE NEW YORK NY
121 AM EST SAT FEB 4 2017


...................................

...THE NEWARK NJ CLIMATE SUMMARY FOR FEBRUARY 3 2017...

CLIMATE NORMAL PERIOD 1981 TO 2010
CLIMATE RECORD PERIOD 1929 TO 2017


WEATHER ITEM   OBSERVED TIME   RECORD YEAR NORMAL DEPARTURE LAST
                VALUE   (LST)  VALUE       VALUE  FROM      YEAR
                                                  NORMAL
..................................................................
TEMPERATURE (F)
 YESTERDAY
  MAXIMUM         35    229 PM  64    1991  40     -5       58
  MINIMUM         25    637 AM   1    1955  25      0       39
  AVERAGE         30                        32     -2       49

PRECIPITATION (IN)
  YESTERDAY        0.00          1.74 1939   0.10  -0.10     0.61
  MONTH TO DATE    T                         0.31  -0.31     0.63
  SINCE DEC 1      7.56                      7.66  -0.10     9.04
  SINCE JAN 1      4.65                      3.85   0.80     4.64

SNOWFALL (IN)
  YESTERDAY        0.0           7.7  2014   0.3   -0.3      0.0
  MONTH TO DATE    T                         1.0   -1.0      0.0
  SINCE OCT 1     12.7                      14.7   -2.0     26.0
  SINCE JUL 1     12.7                      14.7   -2.0     26.0
  SNOW DEPTH       0

DEGREE DAYS
 HEATING
  YESTERDAY       35                        32      3       16
  MONTH TO DATE   87                        98    -11       57
  SINCE DEC 1   1760                      2014   -254     1498
  SINCE JUL 1   2443                      2882   -439     2130

 COOLING
  YESTERDAY        0                         0      0        0
  MONTH TO DATE    0                         0      0        0
  SINCE DEC 1      0                         0      0        0
  SINCE JAN 1      0                         0      0        0
..................................................................


WIND (MPH)
  HIGHEST WIND SPEED    22   HIGHEST WIND DIRECTION    NW (300)
  HIGHEST GUST SPEED    33   HIGHEST GUST DIRECTION    NW (300)
  AVERAGE WIND SPEED    10.9


SKY COVER
  AVERAGE SKY COVER 0.7


WEATHER CONDITIONS
 THE FOLLOWING WEATHER WAS RECORDED YESTERDAY.
  NO SIGNIFICANT WEATHER WAS OBSERVED.


RELATIVE HUMIDITY (PERCENT)
 HIGHEST    46           200 AM
 LOWEST     36           300 AM
 AVERAGE    41

..........................................................


THE NEWARK NJ CLIMATE NORMALS FOR TODAY
                         NORMAL    RECORD    YEAR
 MAXIMUM TEMPERATURE (F)   40        69      1991
 MINIMUM TEMPERATURE (F)   25         7      1996
                                             1985


SUNRISE AND SUNSET
FEBRUARY  4 2017......SUNRISE   703 AM EST   SUNSET   518 PM EST
FEBRUARY  5 2017......SUNRISE   702 AM EST   SUNSET   520 PM EST


-  INDICATES NEGATIVE NUMBERS.
R  INDICATES RECORD WAS SET OR TIED.
MM INDICATES DATA IS MISSING.
T  INDICATES TRACE AMOUNT.




$$
