000
CDUS41 KOKX 080618
CLIEWR


CLIMATE REPORT
NATIONAL WEATHER SERVICE NEW YORK NY
218 AM EDT SUN MAY 8 2016


...................................

...THE NEWARK NJ CLIMATE SUMMARY FOR MAY 7 2016...

CLIMATE NORMAL PERIOD 1981 TO 2010
CLIMATE RECORD PERIOD 1929 TO 2016


WEATHER ITEM   OBSERVED TIME   RECORD YEAR NORMAL DEPARTURE LAST
                VALUE   (LST)  VALUE       VALUE  FROM      YEAR
                                                  NORMAL
..................................................................
TEMPERATURE (F)
 YESTERDAY
  MAXIMUM         59    508 PM  94    2000  69    -10       78
  MINIMUM         48   1159 PM  38    1996  51     -3       53
                                      1970
  AVERAGE         54                        60     -6       66

PRECIPITATION (IN)
  YESTERDAY        0.10          1.07 1942   0.12  -0.02     0.00
  MONTH TO DATE    1.67                      0.86   0.81      T
  SINCE MAR 1      4.17                      9.24  -5.07     6.30
  SINCE JAN 1     12.22                     15.66  -3.44    12.78

SNOWFALL (IN)
  YESTERDAY        0.0           0.0  2002   0.0    0.0      0.0
                                      2001
  MONTH TO DATE    0.0                       0.0    0.0      0.0
  SINCE OCT 1     36.4                      28.5    7.9     46.4
  SINCE JUL 1     36.4                      28.5    7.9     46.4
  SNOW DEPTH       0

DEGREE DAYS
 HEATING
  YESTERDAY       11                         6      5        0
  MONTH TO DATE   93                        48     45       22
  SINCE MAR 1    949                      1133   -184     1185
  SINCE JUL 1   3822                      4768   -946     5088

 COOLING
  YESTERDAY        0                         1     -1        1
  MONTH TO DATE    0                         7     -7       17
  SINCE MAR 1     18                        19     -1       20
  SINCE JAN 1     18                        19     -1       20
..................................................................


WIND (MPH)
  HIGHEST WIND SPEED    12   HIGHEST WIND DIRECTION    NE (50)
  HIGHEST GUST SPEED    16   HIGHEST GUST DIRECTION     E (100)
  AVERAGE WIND SPEED     5.1


SKY COVER
  AVERAGE SKY COVER 0.9


WEATHER CONDITIONS
 THE FOLLOWING WEATHER WAS RECORDED YESTERDAY.
  RAIN
  LIGHT RAIN
  FOG


RELATIVE HUMIDITY (PERCENT)
 HIGHEST   100           400 AM
 LOWEST     72           500 PM
 AVERAGE    86

..........................................................


THE NEWARK NJ CLIMATE NORMALS FOR TODAY
                         NORMAL    RECORD    YEAR
 MAXIMUM TEMPERATURE (F)   70        92      2000
                                             1943
 MINIMUM TEMPERATURE (F)   51        35      1947


SUNRISE AND SUNSET
MAY  8 2016...........SUNRISE   546 AM EDT   SUNSET   800 PM EDT
MAY  9 2016...........SUNRISE   545 AM EDT   SUNSET   801 PM EDT


-  INDICATES NEGATIVE NUMBERS.
R  INDICATES RECORD WAS SET OR TIED.
MM INDICATES DATA IS MISSING.
T  INDICATES TRACE AMOUNT.




$$
