000
CDUS41 KOKX 140623
CLIEWR


CLIMATE REPORT
NATIONAL WEATHER SERVICE NEW YORK NY
223 AM EDT SUN AUG 14 2016


...................................

...THE NEWARK NJ CLIMATE SUMMARY FOR AUGUST 13 2016...

CLIMATE NORMAL PERIOD 1981 TO 2010
CLIMATE RECORD PERIOD 1929 TO 2016


WEATHER ITEM   OBSERVED TIME   RECORD YEAR NORMAL DEPARTURE LAST
                VALUE   (LST)  VALUE       VALUE  FROM      YEAR
                                                  NORMAL
..................................................................
TEMPERATURE (F)
 YESTERDAY
  MAXIMUM         98    235 PM 102    2005  85     13       85
  MINIMUM         79    259 AM  55    1950  68     11       68
                                      1941
  AVERAGE         89                        76     13       77

PRECIPITATION (IN)
  YESTERDAY        0.00          1.88 1955   0.12  -0.12     0.00
  MONTH TO DATE    0.48                      1.78  -1.30     1.13
  SINCE JUN 1      8.96                     10.56  -1.60     9.72
  SINCE JAN 1     23.36                     29.45  -6.09    27.33

SNOWFALL (IN)
  YESTERDAY        0.0           0.0  2002   0.0    0.0      0.0
                                      2001
  MONTH TO DATE    0.0                       0.0    0.0      0.0
  SINCE OCT 1     32.8                      28.5    4.3     46.4
  SINCE JUL 1      0.0                       0.0    0.0      0.0
  SNOW DEPTH       0

DEGREE DAYS
 HEATING
  YESTERDAY        0                         0      0        0
  MONTH TO DATE    0                         0      0        0
  SINCE JUN 1      4                        17    -13       29
  SINCE JUL 1      0                         0      0        0

 COOLING
  YESTERDAY       24                        11     13       12
  MONTH TO DATE  188                       154     34      169
  SINCE JUN 1    908                       776    132      859
  SINCE JAN 1   1026                       852    174     1019
..................................................................


WIND (MPH)
  HIGHEST WIND SPEED    18   HIGHEST WIND DIRECTION    SW (230)
  HIGHEST GUST SPEED    25   HIGHEST GUST DIRECTION    SW (230)
  AVERAGE WIND SPEED     8.6


SKY COVER
  AVERAGE SKY COVER 0.4


WEATHER CONDITIONS
 THE FOLLOWING WEATHER WAS RECORDED YESTERDAY.
  NO SIGNIFICANT WEATHER WAS OBSERVED.


RELATIVE HUMIDITY (PERCENT)
 HIGHEST    91           600 AM
 LOWEST     51           400 PM
 AVERAGE    71

..........................................................


THE NEWARK NJ CLIMATE NORMALS FOR TODAY
                         NORMAL    RECORD    YEAR
 MAXIMUM TEMPERATURE (F)   85        98      2005
                                             1988
                                             1944
 MINIMUM TEMPERATURE (F)   68        50      1941


SUNRISE AND SUNSET
AUGUST 14 2016........SUNRISE   606 AM EDT   SUNSET   755 PM EDT
AUGUST 15 2016........SUNRISE   607 AM EDT   SUNSET   754 PM EDT


-  INDICATES NEGATIVE NUMBERS.
R  INDICATES RECORD WAS SET OR TIED.
MM INDICATES DATA IS MISSING.
T  INDICATES TRACE AMOUNT.




$$
