097
CDUS41 KOKX 210622
CLIEWR


CLIMATE REPORT
NATIONAL WEATHER SERVICE NEW YORK NY
221 AM EDT WED SEP 21 2016


...................................

...THE NEWARK NJ CLIMATE SUMMARY FOR SEPTEMBER 20 2016...

CLIMATE NORMAL PERIOD 1981 TO 2010
CLIMATE RECORD PERIOD 1929 TO 2016


WEATHER ITEM   OBSERVED TIME   RECORD YEAR NORMAL DEPARTURE LAST
                VALUE   (LST)  VALUE       VALUE  FROM      YEAR
                                                  NORMAL
..................................................................
TEMPERATURE (F)
 YESTERDAY
  MAXIMUM         84    408 PM  92    1983  75      9       81
  MINIMUM         69    604 AM  44    1979  58     11       60
  AVERAGE         77                        67     10       71

PRECIPITATION (IN)
  YESTERDAY        T             1.95 1989   0.14  -0.14     0.00
  MONTH TO DATE    1.25                      2.45  -1.20     1.02
  SINCE SEP 1      1.25                      2.45  -1.20     1.02
  SINCE JAN 1     25.06                     33.82  -8.76    28.62

SNOWFALL (IN)
  YESTERDAY        0.0           0.0  2002   0.0    0.0      0.0
                                      2001
  MONTH TO DATE    0.0                       0.0    0.0      0.0
  SINCE OCT 1     32.8                      28.5    4.3     46.4
  SINCE JUL 1      0.0                       0.0    0.0      0.0
  SNOW DEPTH       0

DEGREE DAYS
 HEATING
  YESTERDAY        0                         2     -2        0
  MONTH TO DATE    0                        13    -13        0
  SINCE SEP 1      0                        13    -13        0
  SINCE JUL 1      0                        14    -14        0

 COOLING
  YESTERDAY       12                         3      9        6
  MONTH TO DATE  193                       116     77      222
  SINCE SEP 1    193                       116     77      222
  SINCE JAN 1   1503                      1150    353     1504
..................................................................


WIND (MPH)
  HIGHEST WIND SPEED    13   HIGHEST WIND DIRECTION     N (350)
  HIGHEST GUST SPEED    17   HIGHEST GUST DIRECTION     N (340)
  AVERAGE WIND SPEED     5.2


SKY COVER
  AVERAGE SKY COVER 0.8


WEATHER CONDITIONS
 THE FOLLOWING WEATHER WAS RECORDED YESTERDAY.
  LIGHT RAIN


RELATIVE HUMIDITY (PERCENT)
 HIGHEST    97           300 AM
 LOWEST     51           400 PM
 AVERAGE    74

..........................................................


THE NEWARK NJ CLIMATE NORMALS FOR TODAY
                         NORMAL    RECORD    YEAR
 MAXIMUM TEMPERATURE (F)   75        90      1940
 MINIMUM TEMPERATURE (F)   58        39      1956


SUNRISE AND SUNSET
SEPTEMBER 21 2016.....SUNRISE   644 AM EDT   SUNSET   655 PM EDT
SEPTEMBER 22 2016.....SUNRISE   645 AM EDT   SUNSET   653 PM EDT


-  INDICATES NEGATIVE NUMBERS.
R  INDICATES RECORD WAS SET OR TIED.
MM INDICATES DATA IS MISSING.
T  INDICATES TRACE AMOUNT.




$$
