000
CDUS41 KOKX 062037
CLIEWR


CLIMATE REPORT
NATIONAL WEATHER SERVICE NEW YORK NY
437 PM EDT WED JUL 6 2016


...................................

...THE NEWARK NJ CLIMATE SUMMARY FOR JULY 6 2016...
VALID TODAY AS OF 0400 PM LOCAL TIME.

CLIMATE NORMAL PERIOD 1981 TO 2010
CLIMATE RECORD PERIOD 1929 TO 2016


WEATHER ITEM   OBSERVED TIME   RECORD YEAR NORMAL DEPARTURE LAST
                VALUE   (LST)  VALUE       VALUE  FROM      YEAR
                                                  NORMAL
..................................................................
TEMPERATURE (F)
 TODAY
  MAXIMUM         95    151 PM 103    2010  86      9       83
  MINIMUM         74    409 AM  54    1979  68      6       70
  AVERAGE         85                        77      8       77

PRECIPITATION (IN)
  TODAY            0.00          1.15 1958   0.13  -0.13     0.00
  MONTH TO DATE    0.83                      0.77   0.06     0.99
  SINCE JUN 1      3.23                      4.79  -1.56     6.89
  SINCE JAN 1     17.63                     23.68  -6.05    24.50

SNOWFALL (IN)
  TODAY            0.0           0.0  2002   0.0    0.0      0.0
                                      2001
  MONTH TO DATE    0.0                       0.0    0.0      0.0
  SINCE OCT 1     32.8                      28.5    4.3     46.4
  SINCE JUL 1      0.0                       0.0    0.0      0.0
  SNOW DEPTH       0

DEGREE DAYS
 HEATING
  TODAY            0                         0      0        0
  MONTH TO DATE    0                         0      0        0
  SINCE JUN 1      6                        17    -11       29
  SINCE JUL 1      0                         0      0        0

 COOLING
  TODAY           20                        12      8       12
  MONTH TO DATE   69                        71     -2       65
  SINCE JUN 1    314                       310      4      314
  SINCE JAN 1    432                       386     46      474
..................................................................


WIND (MPH)
  HIGHEST WIND SPEED    16   HIGHEST WIND DIRECTION     W (250)
  HIGHEST GUST SPEED    20   HIGHEST GUST DIRECTION    SW (240)
  AVERAGE WIND SPEED     4.0


SKY COVER
  AVERAGE SKY COVER 0.5


WEATHER CONDITIONS
 THE FOLLOWING WEATHER WAS RECORDED TODAY.
  NO SIGNIFICANT WEATHER WAS OBSERVED.


RELATIVE HUMIDITY (PERCENT)
 HIGHEST    79           300 AM
 LOWEST     34           200 PM
 AVERAGE    57

..........................................................


THE NEWARK NJ CLIMATE NORMALS FOR TOMORROW
                         NORMAL    RECORD    YEAR
 MAXIMUM TEMPERATURE (F)   86       103      1993
 MINIMUM TEMPERATURE (F)   68        57      1940


SUNRISE AND SUNSET
JULY  6 2016..........SUNRISE   532 AM EDT   SUNSET   830 PM EDT
JULY  7 2016..........SUNRISE   533 AM EDT   SUNSET   830 PM EDT


-  INDICATES NEGATIVE NUMBERS.
R  INDICATES RECORD WAS SET OR TIED.
MM INDICATES DATA IS MISSING.
T  INDICATES TRACE AMOUNT.




$$
