000
CDUS41 KOKX 030616
CLIEWR


CLIMATE REPORT
NATIONAL WEATHER SERVICE NEW YORK NY
215 AM EDT MON JUL 3 2017


...................................

...THE NEWARK NJ CLIMATE SUMMARY FOR JULY 2 2017...

CLIMATE NORMAL PERIOD 1981 TO 2010
CLIMATE RECORD PERIOD 1929 TO 2017


WEATHER ITEM   OBSERVED TIME   RECORD YEAR NORMAL DEPARTURE LAST
                VALUE   (LST)  VALUE       VALUE  FROM      YEAR
                                                  NORMAL
..................................................................
TEMPERATURE (F)
 YESTERDAY
  MAXIMUM         90    406 PM 102    1966  85      5       80
  MINIMUM         69    511 AM  53    1940  68      1       66
  AVERAGE         80                        76      4       73

PRECIPITATION (IN)
  YESTERDAY        0.00          1.48 1942   0.13  -0.13     0.00
  MONTH TO DATE    0.47                      0.26   0.21     0.20
  SINCE JUN 1      5.76                      4.28   1.48     2.60
  SINCE JAN 1     28.30                     23.17   5.13    17.00

SNOWFALL (IN)
  YESTERDAY        0.0           T    2009   0.0    0.0      0.0
  MONTH TO DATE    0.0                       0.0    0.0      0.0
  SINCE OCT 1     30.0                      28.5    1.5     32.8
  SINCE JUL 1      0.0                       0.0    0.0      0.0
  SNOW DEPTH       0

DEGREE DAYS
 HEATING
  YESTERDAY        0                         0      0        0
  MONTH TO DATE    0                         0      0        0
  SINCE JUN 1     18                        17      1        4
  SINCE JUL 1      0                         0      0        0

 COOLING
  YESTERDAY       15                        12      3        8
  MONTH TO DATE   28                        23      5       18
  SINCE JUN 1    285                       262     23      268
  SINCE JAN 1    380                       338     42      386
..................................................................


WIND (MPH)
  HIGHEST WIND SPEED    20   HIGHEST WIND DIRECTION     W (250)
  HIGHEST GUST SPEED    25   HIGHEST GUST DIRECTION     W (260)
  AVERAGE WIND SPEED    10.6


SKY COVER
  AVERAGE SKY COVER 0.6


WEATHER CONDITIONS
 THE FOLLOWING WEATHER WAS RECORDED YESTERDAY.
  NO SIGNIFICANT WEATHER WAS OBSERVED.


RELATIVE HUMIDITY (PERCENT)
 HIGHEST   100           200 AM
 LOWEST     38           200 PM
 AVERAGE    69

..........................................................


THE NEWARK NJ CLIMATE NORMALS FOR TODAY
                         NORMAL    RECORD    YEAR
 MAXIMUM TEMPERATURE (F)   86       105      1966
 MINIMUM TEMPERATURE (F)   68        52      1933


SUNRISE AND SUNSET
JULY  3 2017..........SUNRISE   530 AM EDT   SUNSET   831 PM EDT
JULY  4 2017..........SUNRISE   531 AM EDT   SUNSET   831 PM EDT


-  INDICATES NEGATIVE NUMBERS.
R  INDICATES RECORD WAS SET OR TIED.
MM INDICATES DATA IS MISSING.
T  INDICATES TRACE AMOUNT.




$$
