000
CDUS41 KOKX 310636
CLIEWR


CLIMATE REPORT
NATIONAL WEATHER SERVICE NEW YORK NY
130 AM EST SUN DEC 31 2017


...................................

...THE NEWARK NJ CLIMATE SUMMARY FOR DECEMBER 30 2017...

CLIMATE NORMAL PERIOD 1981 TO 2010
CLIMATE RECORD PERIOD 1929 TO 2017


WEATHER ITEM   OBSERVED TIME   RECORD YEAR NORMAL DEPARTURE LAST
                VALUE   (LST)  VALUE       VALUE  FROM      YEAR
                                                  NORMAL
..................................................................
TEMPERATURE (F)
 YESTERDAY
  MAXIMUM         23    417 PM  63    1984  40    -17       42
  MINIMUM         15    401 AM  -8    1933  26    -11       32
  AVERAGE         19                        33    -14       37

PRECIPITATION (IN)
  YESTERDAY        0.03          1.77 1948   0.11  -0.08      T
  MONTH TO DATE    1.64                      3.70  -2.06     2.91
  SINCE DEC 1      1.64                      3.70  -2.06     2.91
  SINCE JAN 1     47.49                     46.14   1.35    38.41

SNOWFALL (IN)
  YESTERDAY        0.5          13.9  2000   0.2    0.3       T
  MONTH TO DATE    7.7                       5.1    2.6      3.4
  SINCE OCT 1      7.7                       5.5    2.2      3.4
  SINCE JUL 1      7.7                       5.5    2.2      3.4
  SNOW DEPTH       0

DEGREE DAYS
 HEATING
  YESTERDAY       46                        32     14       28
  MONTH TO DATE  884                       849     35      812
  SINCE DEC 1    884                       849     35      812
  SINCE JUL 1   1569                      1717   -148     1495

 COOLING
  YESTERDAY        0                         0      0        0
  MONTH TO DATE    0                         0      0        0
  SINCE DEC 1      0                         0      0        0
  SINCE JAN 1   1316                      1192    124     1571
..................................................................


WIND (MPH)
  HIGHEST WIND SPEED    16   HIGHEST WIND DIRECTION     W (280)
  HIGHEST GUST SPEED    21   HIGHEST GUST DIRECTION     W (280)
  AVERAGE WIND SPEED     7.3


SKY COVER
  AVERAGE SKY COVER 0.7


WEATHER CONDITIONS
 THE FOLLOWING WEATHER WAS RECORDED YESTERDAY.
  LIGHT SNOW
  FOG
  HAZE


RELATIVE HUMIDITY (PERCENT)
 HIGHEST    84          1100 AM
 LOWEST     54          1200 AM
 AVERAGE    69

..........................................................


THE NEWARK NJ CLIMATE NORMALS FOR TODAY
                         NORMAL    RECORD    YEAR
 MAXIMUM TEMPERATURE (F)   40        63      1965
 MINIMUM TEMPERATURE (F)   26         2      1962


SUNRISE AND SUNSET
DECEMBER 31 2017......SUNRISE   721 AM EST   SUNSET   439 PM EST
JANUARY  1 2018.......SUNRISE   721 AM EST   SUNSET   440 PM EST


-  INDICATES NEGATIVE NUMBERS.
R  INDICATES RECORD WAS SET OR TIED.
MM INDICATES DATA IS MISSING.
T  INDICATES TRACE AMOUNT.




$$
