000
CDUS41 KOKX 240618
CLIEWR


CLIMATE REPORT
NATIONAL WEATHER SERVICE NEW YORK NY
117 AM EST THU NOV 24 2016


...................................

...THE NEWARK NJ CLIMATE SUMMARY FOR NOVEMBER 23 2016...

CLIMATE NORMAL PERIOD 1981 TO 2010
CLIMATE RECORD PERIOD 1929 TO 2016


WEATHER ITEM   OBSERVED TIME   RECORD YEAR NORMAL DEPARTURE LAST
                VALUE   (LST)  VALUE       VALUE  FROM      YEAR
                                                  NORMAL
..................................................................
TEMPERATURE (F)
 YESTERDAY
  MAXIMUM         48    306 PM  74    1931  52     -4       46
  MINIMUM         33    717 AM  21    1932  37     -4       32
  AVERAGE         41                        44     -3       39

PRECIPITATION (IN)
  YESTERDAY        0.00          1.26 2006   0.13  -0.13     0.00
  MONTH TO DATE    3.42                      2.75   0.67     1.27
  SINCE SEP 1      8.59                     10.17  -1.58     6.95
  SINCE JAN 1     32.40                     41.54  -9.14    34.55

SNOWFALL (IN)
  YESTERDAY        0.0           5.3  1989   0.1   -0.1      0.0
  MONTH TO DATE    T                         0.2   -0.2      0.0
  SINCE OCT 1      T                         0.2   -0.2      0.0
  SINCE JUL 1      T                         0.2   -0.2      0.0
  SNOW DEPTH       0

DEGREE DAYS
 HEATING
  YESTERDAY       24                        21      3       26
  MONTH TO DATE  334                       392    -58      250
  SINCE SEP 1    565                       712   -147      494
  SINCE JUL 1    565                       713   -148      494

 COOLING
  YESTERDAY        0                         0      0        0
  MONTH TO DATE    1                         0      1        5
  SINCE SEP 1    261                       157    104      273
  SINCE JAN 1   1571                      1191    380     1555
..................................................................


WIND (MPH)
  HIGHEST WIND SPEED    18   HIGHEST WIND DIRECTION    NW (320)
  HIGHEST GUST SPEED    26   HIGHEST GUST DIRECTION    NW (320)
  AVERAGE WIND SPEED     9.2


SKY COVER
  AVERAGE SKY COVER 0.7


WEATHER CONDITIONS
 THE FOLLOWING WEATHER WAS RECORDED YESTERDAY.
  NO SIGNIFICANT WEATHER WAS OBSERVED.


RELATIVE HUMIDITY (PERCENT)
 HIGHEST    69           400 AM
 LOWEST     34           200 PM
 AVERAGE    52

..........................................................


THE NEWARK NJ CLIMATE NORMALS FOR TODAY
                         NORMAL    RECORD    YEAR
 MAXIMUM TEMPERATURE (F)   51        75      1979
 MINIMUM TEMPERATURE (F)   37        20      1989


SUNRISE AND SUNSET
NOVEMBER 24 2016......SUNRISE   654 AM EST   SUNSET   432 PM EST
NOVEMBER 25 2016......SUNRISE   655 AM EST   SUNSET   432 PM EST


-  INDICATES NEGATIVE NUMBERS.
R  INDICATES RECORD WAS SET OR TIED.
MM INDICATES DATA IS MISSING.
T  INDICATES TRACE AMOUNT.




$$
