000
CDUS41 KOKX 302103
CLIEWR


CLIMATE REPORT
NATIONAL WEATHER SERVICE NEW YORK NY
503 PM EDT TUE JUN 30 2015


...................................

...THE NEWARK NJ CLIMATE SUMMARY FOR JUNE 30 2015...
VALID TODAY AS OF 0500 PM LOCAL TIME.

CLIMATE NORMAL PERIOD 1981 TO 2010
CLIMATE RECORD PERIOD 1929 TO 2015


WEATHER ITEM   OBSERVED TIME   RECORD YEAR NORMAL DEPARTURE LAST
                VALUE   (LST)  VALUE       VALUE  FROM      YEAR
                                                  NORMAL
..................................................................
TEMPERATURE (F)
 TODAY
  MAXIMUM         83    101 PM  99    1964  85     -2       86
  MINIMUM         66    256 AM  55    1940  67     -1       66
  AVERAGE         75                        76     -1       76

PRECIPITATION (IN)
  TODAY            0.00          1.95 1984   0.12  -0.12     0.00
  MONTH TO DATE    5.90                      4.02   1.88     4.41
  SINCE JUN 1      5.90                      4.02   1.88     4.41
  SINCE JAN 1     23.51                     22.91   0.60    27.76

SNOWFALL (IN)
  TODAY            0.0           0.0  2002   0.0    0.0      0.0
                                      2001
  MONTH TO DATE    0.0                       0.0    0.0      0.0
  SINCE OCT 1     46.4                      28.5   17.9     61.1
  SINCE JUL 1     46.4                      28.5   17.9     61.1
  SNOW DEPTH       0

DEGREE DAYS
 HEATING
  TODAY            0                         0      0        0
  MONTH TO DATE   29                        15     14        0
  SINCE JUN 1     29                        17     12        0
  SINCE JUL 1   5143                      4872    271     5166

 COOLING
  TODAY           10                        11     -1       11
  MONTH TO DATE  249                       239     10      242
  SINCE JUN 1    249                       239     10      242
  SINCE JAN 1    409                       315     94      304
..................................................................


WIND (MPH)
  HIGHEST WIND SPEED    18   HIGHEST WIND DIRECTION    SE (150)
  HIGHEST GUST SPEED    25   HIGHEST GUST DIRECTION    SE (140)
  AVERAGE WIND SPEED     6.8


SKY COVER
  AVERAGE SKY COVER 0.6


WEATHER CONDITIONS
 THE FOLLOWING WEATHER WAS RECORDED TODAY.
  NO SIGNIFICANT WEATHER WAS OBSERVED.


RELATIVE HUMIDITY (PERCENT)
 HIGHEST    78           400 AM
 LOWEST     43          1100 AM
 AVERAGE    61

..........................................................


THE NEWARK NJ CLIMATE NORMALS FOR TOMORROW
                         NORMAL    RECORD    YEAR
 MAXIMUM TEMPERATURE (F)   85       100      1963
 MINIMUM TEMPERATURE (F)   68        52      1943


SUNRISE AND SUNSET
JUNE 30 2015..........SUNRISE   529 AM EDT   SUNSET   832 PM EDT
JULY  1 2015..........SUNRISE   529 AM EDT   SUNSET   832 PM EDT


-  INDICATES NEGATIVE NUMBERS.
R  INDICATES RECORD WAS SET OR TIED.
MM INDICATES DATA IS MISSING.
T  INDICATES TRACE AMOUNT.




$$
