000
CDUS41 KOKX 260616
CLIEWR


CLIMATE REPORT
NATIONAL WEATHER SERVICE NEW YORK NY
116 AM EST MON JAN 26 2015


...................................

...THE NEWARK NJ CLIMATE SUMMARY FOR JANUARY 25 2015...

CLIMATE NORMAL PERIOD 1981 TO 2010
CLIMATE RECORD PERIOD 1929 TO 2015


WEATHER ITEM   OBSERVED TIME   RECORD YEAR NORMAL DEPARTURE LAST
                VALUE   (LST)  VALUE       VALUE  FROM      YEAR
                                                  NORMAL
..................................................................
TEMPERATURE (F)
 YESTERDAY
  MAXIMUM         42    333 PM  59    2010  39      3       26
                                      1972
                                      1947
  MINIMUM         29   1159 PM  -1    1935  24      5       17
  AVERAGE         36                        32      4       22

PRECIPITATION (IN)
  YESTERDAY        0.00          1.55 1978   0.10  -0.10     0.04
  MONTH TO DATE    3.95                      2.89   1.06     2.73
  SINCE DEC 1      8.86                      6.70   2.16     7.35
  SINCE JAN 1      3.95                      2.89   1.06     2.73

SNOWFALL (IN)
  YESTERDAY        0.0           5.5  2000   0.2   -0.2      1.0
  MONTH TO DATE    7.5                       6.2    1.3     20.1
  SINCE OCT 1      9.2                      12.0   -2.8     29.5
  SINCE JUL 1      9.2                      12.0   -2.8     29.5
  SNOW DEPTH       3

DEGREE DAYS
 HEATING
  YESTERDAY       29                        33     -4       43
  MONTH TO DATE  876                       838     38      913
  SINCE DEC 1   1641                      1720    -79     1775
  SINCE JUL 1   2473                      2588   -115     2645

 COOLING
  YESTERDAY        0                         0      0        0
  MONTH TO DATE    0                         0      0        0
  SINCE DEC 1      0                         0      0        0
  SINCE JAN 1      0                         0      0        0
..................................................................


WIND (MPH)
  HIGHEST WIND SPEED    24   HIGHEST WIND DIRECTION    NW (300)
  HIGHEST GUST SPEED    31   HIGHEST GUST DIRECTION     W (290)
  AVERAGE WIND SPEED    12.8


SKY COVER
  AVERAGE SKY COVER 0.8


WEATHER CONDITIONS
 THE FOLLOWING WEATHER WAS RECORDED YESTERDAY.
  NO SIGNIFICANT WEATHER WAS OBSERVED.


RELATIVE HUMIDITY (PERCENT)
 HIGHEST    82           800 AM
 LOWEST     32           700 PM
 AVERAGE    57

..........................................................


THE NEWARK NJ CLIMATE NORMALS FOR TODAY
                         NORMAL    RECORD    YEAR
 MAXIMUM TEMPERATURE (F)   39        74      1950
 MINIMUM TEMPERATURE (F)   24         4      1994
                                             1945


SUNRISE AND SUNSET
JANUARY 26 2015.......SUNRISE   712 AM EST   SUNSET   507 PM EST
JANUARY 27 2015.......SUNRISE   711 AM EST   SUNSET   508 PM EST


-  INDICATES NEGATIVE NUMBERS.
R  INDICATES RECORD WAS SET OR TIED.
MM INDICATES DATA IS MISSING.
T  INDICATES TRACE AMOUNT.




$$
