000
CDUS41 KOKX 200618
CLIEWR


CLIMATE REPORT
NATIONAL WEATHER SERVICE NEW YORK NY
118 AM EST MON NOV 20 2017


...................................

...THE NEWARK NJ CLIMATE SUMMARY FOR NOVEMBER 19 2017...

CLIMATE NORMAL PERIOD 1981 TO 2010
CLIMATE RECORD PERIOD 1929 TO 2017


WEATHER ITEM   OBSERVED TIME   RECORD YEAR NORMAL DEPARTURE LAST
                VALUE   (LST)  VALUE       VALUE  FROM      YEAR
                                                  NORMAL
..................................................................
TEMPERATURE (F)
 YESTERDAY
  MAXIMUM         59    630 AM  70    1957  53      6       61
  MINIMUM         39   1102 PM  19    1936  38      1       36
  AVERAGE         49                        46      3       49

PRECIPITATION (IN)
  YESTERDAY        0.26          1.96 1932   0.13   0.13     0.20
  MONTH TO DATE    1.37                      2.24  -0.87     3.19
  SINCE SEP 1      8.03                      9.66  -1.63     8.36
  SINCE JAN 1     45.71                     41.03   4.68    32.17

SNOWFALL (IN)
  YESTERDAY        0.0           2.1  1955   0.0    0.0       T
  MONTH TO DATE    T                         0.1   -0.1       T
  SINCE OCT 1      T                         0.1   -0.1       T
  SINCE JUL 1      T                         0.1   -0.1       T
  SNOW DEPTH       0

DEGREE DAYS
 HEATING
  YESTERDAY       16                        19     -3       16
  MONTH TO DATE  331                       311     20      235
  SINCE SEP 1    458                       631   -173      466
  SINCE JUL 1    458                       632   -174      466

 COOLING
  YESTERDAY        0                         0      0        0
  MONTH TO DATE    0                         0      0        1
  SINCE SEP 1    288                       157    131      261
  SINCE JAN 1   1316                      1191    125     1571
..................................................................


WIND (MPH)
  HIGHEST WIND SPEED    38   HIGHEST WIND DIRECTION     W (270)
  HIGHEST GUST SPEED    51   HIGHEST GUST DIRECTION     W (280)
  AVERAGE WIND SPEED    18.0


SKY COVER
  AVERAGE SKY COVER 0.8


WEATHER CONDITIONS
 THE FOLLOWING WEATHER WAS RECORDED YESTERDAY.
  RAIN
  LIGHT RAIN
  FOG


RELATIVE HUMIDITY (PERCENT)
 HIGHEST    93           400 AM
 LOWEST     38           100 PM
 AVERAGE    66

..........................................................


THE NEWARK NJ CLIMATE NORMALS FOR TODAY
                         NORMAL    RECORD    YEAR
 MAXIMUM TEMPERATURE (F)   53        76      1985
 MINIMUM TEMPERATURE (F)   38        21      1984


SUNRISE AND SUNSET
NOVEMBER 20 2017......SUNRISE   649 AM EST   SUNSET   435 PM EST
NOVEMBER 21 2017......SUNRISE   651 AM EST   SUNSET   434 PM EST


-  INDICATES NEGATIVE NUMBERS.
R  INDICATES RECORD WAS SET OR TIED.
MM INDICATES DATA IS MISSING.
T  INDICATES TRACE AMOUNT.




$$
