808
CDUS41 KOKX 230619
CLIEWR


CLIMATE REPORT
NATIONAL WEATHER SERVICE NEW YORK NY
118 AM EST WED NOV 23 2016


...................................

...THE NEWARK NJ CLIMATE SUMMARY FOR NOVEMBER 22 2016...

CLIMATE NORMAL PERIOD 1981 TO 2010
CLIMATE RECORD PERIOD 1929 TO 2016


WEATHER ITEM   OBSERVED TIME   RECORD YEAR NORMAL DEPARTURE LAST
                VALUE   (LST)  VALUE       VALUE  FROM      YEAR
                                                  NORMAL
..................................................................
TEMPERATURE (F)
 YESTERDAY
  MAXIMUM         44    116 PM  72    1931  52     -8       55
  MINIMUM         37    801 AM  19    1987  37      0       42
  AVERAGE         41                        45     -4       49

PRECIPITATION (IN)
  YESTERDAY        T             1.69 2011   0.13  -0.13     0.02
  MONTH TO DATE    3.42                      2.62   0.80     1.27
  SINCE SEP 1      8.59                     10.04  -1.45     6.95
  SINCE JAN 1     32.40                     41.41  -9.01    34.55

SNOWFALL (IN)
  YESTERDAY        T             0.4  1989   0.0    0.0      0.0
  MONTH TO DATE    T                         0.1   -0.1      0.0
  SINCE OCT 1      T                         0.1   -0.1      0.0
  SINCE JUL 1      T                         0.1   -0.1      0.0
  SNOW DEPTH       0

DEGREE DAYS
 HEATING
  YESTERDAY       24                        20      4       16
  MONTH TO DATE  310                       371    -61      224
  SINCE SEP 1    541                       691   -150      468
  SINCE JUL 1    541                       692   -151      468

 COOLING
  YESTERDAY        0                         0      0        0
  MONTH TO DATE    1                         0      1        5
  SINCE SEP 1    261                       157    104      273
  SINCE JAN 1   1571                      1191    380     1555
..................................................................


WIND (MPH)
  HIGHEST WIND SPEED    32   HIGHEST WIND DIRECTION    NW (300)
  HIGHEST GUST SPEED    42   HIGHEST GUST DIRECTION    NW (300)
  AVERAGE WIND SPEED    18.0


SKY COVER
  AVERAGE SKY COVER 0.7


WEATHER CONDITIONS
 THE FOLLOWING WEATHER WAS RECORDED YESTERDAY.
  LIGHT SNOW


RELATIVE HUMIDITY (PERCENT)
 HIGHEST    59          1100 PM
 LOWEST     43          1200 PM
 AVERAGE    51

..........................................................


THE NEWARK NJ CLIMATE NORMALS FOR TODAY
                         NORMAL    RECORD    YEAR
 MAXIMUM TEMPERATURE (F)   52        74      1931
 MINIMUM TEMPERATURE (F)   37        21      1932


SUNRISE AND SUNSET
NOVEMBER 23 2016......SUNRISE   653 AM EST   SUNSET   433 PM EST
NOVEMBER 24 2016......SUNRISE   654 AM EST   SUNSET   432 PM EST


-  INDICATES NEGATIVE NUMBERS.
R  INDICATES RECORD WAS SET OR TIED.
MM INDICATES DATA IS MISSING.
T  INDICATES TRACE AMOUNT.




$$
