000
CDUS41 KOKX 180622
CLIEWR


CLIMATE REPORT
NATIONAL WEATHER SERVICE NEW YORK NY
122 AM EST SUN JAN 18 2015


...................................

...THE NEWARK NJ CLIMATE SUMMARY FOR JANUARY 17 2015...

CLIMATE NORMAL PERIOD 1981 TO 2010
CLIMATE RECORD PERIOD 1929 TO 2015


WEATHER ITEM   OBSERVED TIME   RECORD YEAR NORMAL DEPARTURE LAST
                VALUE   (LST)  VALUE       VALUE  FROM      YEAR
                                                  NORMAL
..................................................................
TEMPERATURE (F)
 YESTERDAY
  MAXIMUM         30    329 PM  62    1990  38     -8       46
  MINIMUM         15    712 AM  -7    1982  24     -9       27
  AVERAGE         23                        31     -8       37

PRECIPITATION (IN)
  YESTERDAY        0.00          1.42 1994   0.11  -0.11     0.00
  MONTH TO DATE    1.48                      2.01  -0.53     2.18
  SINCE DEC 1      6.39                      5.82   0.57     6.80
  SINCE JAN 1      1.48                      2.01  -0.53     2.18

SNOWFALL (IN)
  YESTERDAY        0.0           3.3  1985   0.3   -0.3      0.0
  MONTH TO DATE    2.4                       4.3   -1.9      9.1
  SINCE OCT 1      4.1                      10.1   -6.0     18.5
  SINCE JUL 1      4.1                      10.1   -6.0     18.5
  SNOW DEPTH       0

DEGREE DAYS
 HEATING
  YESTERDAY       42                        34      8       28
  MONTH TO DATE  631                       568     63      579
  SINCE DEC 1   1396                      1450    -54     1441
  SINCE JUL 1   2228                      2318    -90     2311

 COOLING
  YESTERDAY        0                         0      0        0
  MONTH TO DATE    0                         0      0        0
  SINCE DEC 1      0                         0      0        0
  SINCE JAN 1      0                         0      0        0
..................................................................


WIND (MPH)
  HIGHEST WIND SPEED    20   HIGHEST WIND DIRECTION    NW (310)
  HIGHEST GUST SPEED    25   HIGHEST GUST DIRECTION    NW (310)
  AVERAGE WIND SPEED     7.7


SKY COVER
  AVERAGE SKY COVER 0.3


WEATHER CONDITIONS
 THE FOLLOWING WEATHER WAS RECORDED YESTERDAY.
  NO SIGNIFICANT WEATHER WAS OBSERVED.


RELATIVE HUMIDITY (PERCENT)
 HIGHEST    63          1100 PM
 LOWEST     29           300 PM
 AVERAGE    46

..........................................................


THE NEWARK NJ CLIMATE NORMALS FOR TODAY
                         NORMAL    RECORD    YEAR
 MAXIMUM TEMPERATURE (F)   38        66      1990
 MINIMUM TEMPERATURE (F)   24        -7      1982


SUNRISE AND SUNSET
JANUARY 18 2015.......SUNRISE   717 AM EST   SUNSET   457 PM EST
JANUARY 19 2015.......SUNRISE   717 AM EST   SUNSET   458 PM EST


-  INDICATES NEGATIVE NUMBERS.
R  INDICATES RECORD WAS SET OR TIED.
MM INDICATES DATA IS MISSING.
T  INDICATES TRACE AMOUNT.




$$
