000
CDUS41 KOKX 150616
CLIEWR


CLIMATE REPORT
NATIONAL WEATHER SERVICE NEW YORK NY
216 AM EDT FRI MAY 15 2015


...................................

...THE NEWARK NJ CLIMATE SUMMARY FOR MAY 14 2015...

CLIMATE NORMAL PERIOD 1981 TO 2010
CLIMATE RECORD PERIOD 1929 TO 2015


WEATHER ITEM   OBSERVED TIME   RECORD YEAR NORMAL DEPARTURE LAST
                VALUE   (LST)  VALUE       VALUE  FROM      YEAR
                                                  NORMAL
..................................................................
TEMPERATURE (F)
 YESTERDAY
  MAXIMUM         74    341 PM  86    1991  72      2       67
                                      1985
  MINIMUM         50    510 AM  36    1939  53     -3       52
  AVERAGE         62                        62      0       60

PRECIPITATION (IN)
  YESTERDAY        0.00          1.96 1946   0.12  -0.12      T
  MONTH TO DATE    0.17                      1.73  -1.56     1.05
  SINCE MAR 1      6.47                     10.11  -3.64    12.65
  SINCE JAN 1     12.95                     16.53  -3.58    20.37

SNOWFALL (IN)
  YESTERDAY        0.0           0.0  2002   0.0    0.0      0.0
                                      2001
  MONTH TO DATE    0.0                       0.0    0.0      0.0
  SINCE OCT 1     46.4                      28.5   17.9     61.1
  SINCE JUL 1     46.4                      28.5   17.9     61.1
  SNOW DEPTH       0

DEGREE DAYS
 HEATING
  YESTERDAY        3                         5     -2        5
  MONTH TO DATE   29                        85    -56       48
  SINCE MAR 1   1192                      1170     22     1265
  SINCE JUL 1   5095                      4805    290     5140

 COOLING
  YESTERDAY        0                         2     -2        0
  MONTH TO DATE   50                        15     35       19
  SINCE MAR 1     53                        27     26       27
  SINCE JAN 1     53                        27     26       27
..................................................................


WIND (MPH)
  HIGHEST WIND SPEED    17   HIGHEST WIND DIRECTION     N (340)
  HIGHEST GUST SPEED    21   HIGHEST GUST DIRECTION     N (340)
  AVERAGE WIND SPEED     8.1


SKY COVER
  AVERAGE SKY COVER 0.3


WEATHER CONDITIONS
 THE FOLLOWING WEATHER WAS RECORDED YESTERDAY.
  NO SIGNIFICANT WEATHER WAS OBSERVED.


RELATIVE HUMIDITY (PERCENT)
 HIGHEST    56           500 AM
 LOWEST     15           300 PM
 AVERAGE    36

..........................................................


THE NEWARK NJ CLIMATE NORMALS FOR TODAY
                         NORMAL    RECORD    YEAR
 MAXIMUM TEMPERATURE (F)   72        89      2004
                                             1957
 MINIMUM TEMPERATURE (F)   53        40      1939
                                             1936


SUNRISE AND SUNSET
MAY 15 2015...........SUNRISE   540 AM EDT   SUNSET   807 PM EDT
MAY 16 2015...........SUNRISE   539 AM EDT   SUNSET   808 PM EDT


-  INDICATES NEGATIVE NUMBERS.
R  INDICATES RECORD WAS SET OR TIED.
MM INDICATES DATA IS MISSING.
T  INDICATES TRACE AMOUNT.




$$
