025
CDUS41 KOKX 072151
CLIEWR


CLIMATE REPORT
NATIONAL WEATHER SERVICE NEW YORK NY
451 PM EST SAT JAN 7 2017


...................................

...THE NEWARK NJ CLIMATE SUMMARY FOR JANUARY 7 2017...
VALID TODAY AS OF 0400 PM LOCAL TIME.

CLIMATE NORMAL PERIOD 1981 TO 2010
CLIMATE RECORD PERIOD 1929 TO 2017


WEATHER ITEM   OBSERVED TIME   RECORD YEAR NORMAL DEPARTURE LAST
                VALUE   (LST)  VALUE       VALUE  FROM      YEAR
                                                  NORMAL
..................................................................
TEMPERATURE (F)
 TODAY
  MAXIMUM         26   1232 AM  64    2012  39    -13       46
  MINIMUM         20    350 PM   3    2014  25     -5       24
  AVERAGE         23                        32     -9       35

PRECIPITATION (IN)
  TODAY            0.17          1.44 1996   0.12   0.05     0.00
  MONTH TO DATE    0.95                      0.83   0.12     0.00
  SINCE DEC 1      3.86                      4.64  -0.78     4.40
  SINCE JAN 1      0.95                      0.83   0.12     0.00

SNOWFALL (IN)
  TODAY            4.0          18.0  1996   0.3    3.7      0.0
  MONTH TO DATE    5.6                       1.7    3.9      0.0
  SINCE OCT 1      9.0                       7.5    1.5      0.3
  SINCE JUL 1      9.0                       7.5    1.5      0.3
  SNOW DEPTH       2

DEGREE DAYS
 HEATING
  TODAY           42                        33      9       30
  MONTH TO DATE  207                       230    -23      232
  SINCE DEC 1   1047                      1112    -65      697
  SINCE JUL 1   1730                      1980   -250     1329

 COOLING
  TODAY            0                         0      0        0
  MONTH TO DATE    0                         0      0        0
  SINCE DEC 1      0                         0      0        0
  SINCE JAN 1      0                         0      0        0
..................................................................


WIND (MPH)
  HIGHEST WIND SPEED    22   HIGHEST WIND DIRECTION     N (350)
  HIGHEST GUST SPEED    26   HIGHEST GUST DIRECTION     N (360)
  AVERAGE WIND SPEED    13.9


SKY COVER
  AVERAGE SKY COVER 1.0


WEATHER CONDITIONS
 THE FOLLOWING WEATHER WAS RECORDED TODAY.
  SNOW
  LIGHT SNOW
  FOG


RELATIVE HUMIDITY (PERCENT)
 HIGHEST    91          1100 AM
 LOWEST     46          1200 AM
 AVERAGE    69

..........................................................


THE NEWARK NJ CLIMATE NORMALS FOR TOMORROW
                         NORMAL    RECORD    YEAR
 MAXIMUM TEMPERATURE (F)   39        70      1998
 MINIMUM TEMPERATURE (F)   25         3      1970
                                             1968


SUNRISE AND SUNSET
JANUARY  7 2017.......SUNRISE   721 AM EST   SUNSET   446 PM EST
JANUARY  8 2017.......SUNRISE   720 AM EST   SUNSET   447 PM EST


-  INDICATES NEGATIVE NUMBERS.
R  INDICATES RECORD WAS SET OR TIED.
MM INDICATES DATA IS MISSING.
T  INDICATES TRACE AMOUNT.




$$
