000
CDUS41 KOKX 040617
CLIEWR


CLIMATE REPORT
NATIONAL WEATHER SERVICE NEW YORK NY
217 AM EDT SUN JUN 4 2017


...................................

...THE NEWARK NJ CLIMATE SUMMARY FOR JUNE 3 2017...

CLIMATE NORMAL PERIOD 1981 TO 2010
CLIMATE RECORD PERIOD 1929 TO 2017


WEATHER ITEM   OBSERVED TIME   RECORD YEAR NORMAL DEPARTURE LAST
                VALUE   (LST)  VALUE       VALUE  FROM      YEAR
                                                  NORMAL
..................................................................
TEMPERATURE (F)
 YESTERDAY
  MAXIMUM         76    515 PM  94    1943  78     -2       70
  MINIMUM         55    811 AM  45    1946  59     -4       63
  AVERAGE         66                        68     -2       67

PRECIPITATION (IN)
  YESTERDAY        0.03          2.65 1996   0.14  -0.11     0.03
  MONTH TO DATE    0.03                      0.43  -0.40     0.03
  SINCE JUN 1      0.03                      0.43  -0.40     0.03
  SINCE JAN 1     22.57                     19.32   3.25    14.43

SNOWFALL (IN)
  YESTERDAY        0.0           0.0  2002   0.0    0.0      0.0
                                      2001
  MONTH TO DATE    0.0                       0.0    0.0      0.0
  SINCE OCT 1     30.0                      28.5    1.5     32.8
  SINCE JUL 1     30.0                      28.5    1.5     32.8
  SNOW DEPTH       0

DEGREE DAYS
 HEATING
  YESTERDAY        0                         1     -1        0
  MONTH TO DATE    0                         5     -5        0
  SINCE JUN 1      0                         5     -5        0
  SINCE JUL 1   4215                      4860   -645     3895

 COOLING
  YESTERDAY        1                         5     -4        2
  MONTH TO DATE   12                        14     -2       16
  SINCE JUN 1     12                        14     -2       16
  SINCE JAN 1    107                        90     17      134
..................................................................


WIND (MPH)
  HIGHEST WIND SPEED    25   HIGHEST WIND DIRECTION     W (280)
  HIGHEST GUST SPEED    33   HIGHEST GUST DIRECTION    NW (310)
  AVERAGE WIND SPEED    10.7


SKY COVER
  AVERAGE SKY COVER 0.5


WEATHER CONDITIONS
 THE FOLLOWING WEATHER WAS RECORDED YESTERDAY.
  LIGHT RAIN


RELATIVE HUMIDITY (PERCENT)
 HIGHEST    77           900 AM
 LOWEST     23           300 PM
 AVERAGE    50

..........................................................


THE NEWARK NJ CLIMATE NORMALS FOR TODAY
                         NORMAL    RECORD    YEAR
 MAXIMUM TEMPERATURE (F)   78        97      1943
 MINIMUM TEMPERATURE (F)   60        48      1964


SUNRISE AND SUNSET
JUNE  4 2017..........SUNRISE   527 AM EDT   SUNSET   824 PM EDT
JUNE  5 2017..........SUNRISE   526 AM EDT   SUNSET   825 PM EDT


-  INDICATES NEGATIVE NUMBERS.
R  INDICATES RECORD WAS SET OR TIED.
MM INDICATES DATA IS MISSING.
T  INDICATES TRACE AMOUNT.




$$
