641
CDUS41 KOKX 160619
CLIEWR


CLIMATE REPORT
NATIONAL WEATHER SERVICE NEW YORK NY
119 AM EST THU FEB 16 2017


...................................

...THE NEWARK NJ CLIMATE SUMMARY FOR FEBRUARY 15 2017...

CLIMATE NORMAL PERIOD 1981 TO 2010
CLIMATE RECORD PERIOD 1929 TO 2017


WEATHER ITEM   OBSERVED TIME   RECORD YEAR NORMAL DEPARTURE LAST
                VALUE   (LST)  VALUE       VALUE  FROM      YEAR
                                                  NORMAL
..................................................................
TEMPERATURE (F)
 YESTERDAY
  MAXIMUM         52    259 PM  76    1949  42     10       33
  MINIMUM         32    422 AM  -7    1943  27      5       10
  AVERAGE         42                        35      7       22

PRECIPITATION (IN)
  YESTERDAY        T             1.65 1984   0.10  -0.10     0.42
  MONTH TO DATE    1.55                      1.50   0.05     1.60
  SINCE DEC 1      9.11                      8.85   0.26    10.01
  SINCE JAN 1      6.20                      5.04   1.16     5.61

SNOWFALL (IN)
  YESTERDAY        0.0           4.2  1958   0.4   -0.4      1.5
  MONTH TO DATE    7.9                       5.1    2.8      5.2
  SINCE OCT 1     20.6                      18.8    1.8     31.2
  SINCE JUL 1     20.6                      18.8    1.8     31.2
  SNOW DEPTH       1

DEGREE DAYS
 HEATING
  YESTERDAY       23                        30     -7       43
  MONTH TO DATE  428                       475    -47      483
  SINCE DEC 1   2101                      2391   -290     1924
  SINCE JUL 1   2784                      3259   -475     2556

 COOLING
  YESTERDAY        0                         0      0        0
  MONTH TO DATE    0                         0      0        0
  SINCE DEC 1      0                         0      0        0
  SINCE JAN 1      0                         0      0        0
..................................................................


WIND (MPH)
  HIGHEST WIND SPEED    31   HIGHEST WIND DIRECTION     W (290)
  HIGHEST GUST SPEED    41   HIGHEST GUST DIRECTION     W (290)
  AVERAGE WIND SPEED     8.1


SKY COVER
  AVERAGE SKY COVER 0.7


WEATHER CONDITIONS
 THE FOLLOWING WEATHER WAS RECORDED YESTERDAY.
  LIGHT RAIN


RELATIVE HUMIDITY (PERCENT)
 HIGHEST    85           900 AM
 LOWEST     44           300 PM
 AVERAGE    65

..........................................................


THE NEWARK NJ CLIMATE NORMALS FOR TODAY
                         NORMAL    RECORD    YEAR
 MAXIMUM TEMPERATURE (F)   43        74      1954
 MINIMUM TEMPERATURE (F)   27         0      1943


SUNRISE AND SUNSET
FEBRUARY 16 2017......SUNRISE   649 AM EST   SUNSET   533 PM EST
FEBRUARY 17 2017......SUNRISE   648 AM EST   SUNSET   534 PM EST


-  INDICATES NEGATIVE NUMBERS.
R  INDICATES RECORD WAS SET OR TIED.
MM INDICATES DATA IS MISSING.
T  INDICATES TRACE AMOUNT.




$$
