000
CDUS41 KOKX 292032
CLIEWR


CLIMATE REPORT
NATIONAL WEATHER SERVICE NEW YORK NY
432 PM EDT SUN JUN 29 2014


...................................

...THE NEWARK NJ CLIMATE SUMMARY FOR JUNE 29 2014...
VALID TODAY AS OF 0400 PM LOCAL TIME.

CLIMATE NORMAL PERIOD 1981 TO 2010
CLIMATE RECORD PERIOD 1929 TO 2014


WEATHER ITEM   OBSERVED TIME   RECORD YEAR NORMAL DEPARTURE LAST
                VALUE   (LST)  VALUE       VALUE  FROM      YEAR
                                                  NORMAL
..................................................................
TEMPERATURE (F)
 TODAY
  MAXIMUM         84    246 PM 100    1959  85     -1       85
                                      1934
  MINIMUM         64    335 AM  56    1968  67     -3       70
                                      1938
  AVERAGE         74                        76     -2       78

PRECIPITATION (IN)
  TODAY            0.00          1.69 1973   0.12  -0.12     0.00
  MONTH TO DATE    4.41                      3.90   0.51     8.74
  SINCE JUN 1      4.41                      3.90   0.51     8.74
  SINCE JAN 1     27.76                     22.79   4.97    24.99

SNOWFALL (IN)
  TODAY            0.0           T    1952   0.0    0.0      0.0
  MONTH TO DATE    0.0                       0.0    0.0      0.0
  SINCE OCT 1     61.1                      28.5   32.6     29.5
  SINCE JUL 1     61.1                      28.5   32.6     29.5
  SNOW DEPTH       0

DEGREE DAYS
 HEATING
  TODAY            0                         0      0        0
  MONTH TO DATE    0                        15    -15        8
  SINCE JUN 1      0                        15    -15        8
  SINCE JUL 1   5166                      4870    296     4639

 COOLING
  TODAY            9                        11     -2       13
  MONTH TO DATE  235                       227      8      250
  SINCE JUN 1    235                       227      8      250
  SINCE JAN 1    297                       303     -6      350
..................................................................


WIND (MPH)
  HIGHEST WIND SPEED    16   HIGHEST WIND DIRECTION    SE (140)
  HIGHEST GUST SPEED    20   HIGHEST GUST DIRECTION    SE (150)
  AVERAGE WIND SPEED     5.9


SKY COVER
  AVERAGE SKY COVER 0.7


WEATHER CONDITIONS
 THE FOLLOWING WEATHER WAS RECORDED TODAY.
  NO SIGNIFICANT WEATHER WAS OBSERVED.


RELATIVE HUMIDITY (PERCENT)
 HIGHEST    78           500 AM
 LOWEST     43           300 PM
 AVERAGE    61

..........................................................


THE NEWARK NJ CLIMATE NORMALS FOR TOMORROW
                         NORMAL    RECORD    YEAR
 MAXIMUM TEMPERATURE (F)   85        99      1964
 MINIMUM TEMPERATURE (F)   67        55      1940


SUNRISE AND SUNSET
JUNE 29 2014..........SUNRISE   528 AM EDT   SUNSET   832 PM EDT
JUNE 30 2014..........SUNRISE   529 AM EDT   SUNSET   832 PM EDT


-  INDICATES NEGATIVE NUMBERS.
R  INDICATES RECORD WAS SET OR TIED.
MM INDICATES DATA IS MISSING.
T  INDICATES TRACE AMOUNT.




$$
