000
CDUS41 KOKX 200619
CLIEWR


CLIMATE REPORT
NATIONAL WEATHER SERVICE NEW YORK NY
218 AM EDT WED APR 20 2016


...................................

...THE NEWARK NJ CLIMATE SUMMARY FOR APRIL 19 2016...

CLIMATE NORMAL PERIOD 1981 TO 2010
CLIMATE RECORD PERIOD 1929 TO 2016


WEATHER ITEM   OBSERVED TIME   RECORD YEAR NORMAL DEPARTURE LAST
                VALUE   (LST)  VALUE       VALUE  FROM      YEAR
                                                  NORMAL
..................................................................
TEMPERATURE (F)
 YESTERDAY
  MAXIMUM         74    154 PM  92    1976  63     11       62
  MINIMUM         54    345 AM  33    2001  45      9       47
  AVERAGE         64                        54     10       55

PRECIPITATION (IN)
  YESTERDAY        0.00          1.97 1978   0.13  -0.13     0.00
  MONTH TO DATE    0.95                      2.74  -1.79     0.46
  SINCE MAR 1      2.33                      6.92  -4.59     5.09
  SINCE JAN 1     10.38                     13.34  -2.96    11.57

SNOWFALL (IN)
  YESTERDAY        0.0           4.1  1983   0.0    0.0      0.0
  MONTH TO DATE    T                         0.8   -0.8      0.0
  SINCE OCT 1     36.4                      28.4    8.0     46.4
  SINCE JUL 1     36.4                      28.4    8.0     46.4
  SNOW DEPTH       0

DEGREE DAYS
 HEATING
  YESTERDAY        1                        11    -10       10
  MONTH TO DATE  287                       273     14      214
  SINCE MAR 1    781                       982   -201     1053
  SINCE JUL 1   3654                      4617   -963     4956

 COOLING
  YESTERDAY        0                         0      0        0
  MONTH TO DATE    6                         0      6        3
  SINCE MAR 1     11                         1     10        3
  SINCE JAN 1     11                         1     10        3
..................................................................


WIND (MPH)
  HIGHEST WIND SPEED    28   HIGHEST WIND DIRECTION     N (350)
  HIGHEST GUST SPEED    36   HIGHEST GUST DIRECTION     N (350)
  AVERAGE WIND SPEED    14.4


SKY COVER
  AVERAGE SKY COVER 0.7


WEATHER CONDITIONS
 THE FOLLOWING WEATHER WAS RECORDED YESTERDAY.
  NO SIGNIFICANT WEATHER WAS OBSERVED.


RELATIVE HUMIDITY (PERCENT)
 HIGHEST    43           400 AM
 LOWEST     15           500 PM
 AVERAGE    29

..........................................................


THE NEWARK NJ CLIMATE NORMALS FOR TODAY
                         NORMAL    RECORD    YEAR
 MAXIMUM TEMPERATURE (F)   64        91      1941
 MINIMUM TEMPERATURE (F)   45        34      1953


SUNRISE AND SUNSET
APRIL 20 2016.........SUNRISE   610 AM EDT   SUNSET   742 PM EDT
APRIL 21 2016.........SUNRISE   608 AM EDT   SUNSET   743 PM EDT


-  INDICATES NEGATIVE NUMBERS.
R  INDICATES RECORD WAS SET OR TIED.
MM INDICATES DATA IS MISSING.
T  INDICATES TRACE AMOUNT.




$$
