000
CDUS41 KOKX 132048
CLIEWR


CLIMATE REPORT
NATIONAL WEATHER SERVICE NEW YORK NY
447 PM EDT WED SEP 13 2017


...................................

...THE NEWARK NJ CLIMATE SUMMARY FOR SEPTEMBER 13 2017...
VALID TODAY AS OF 0400 PM LOCAL TIME.

CLIMATE NORMAL PERIOD 1981 TO 2010
CLIMATE RECORD PERIOD 1929 TO 2017


WEATHER ITEM   OBSERVED TIME   RECORD YEAR NORMAL DEPARTURE LAST
                VALUE   (LST)  VALUE       VALUE  FROM      YEAR
                                                  NORMAL
..................................................................
TEMPERATURE (F)
 TODAY
  MAXIMUM         84   1214 PM  94    2005  78      6       84
                                      1952
  MINIMUM         59    357 AM  49    1985  61     -2       60
                                      1963
                                      1958
  AVERAGE         72                        69      3       72

PRECIPITATION (IN)
  TODAY            0.13          4.56 1944   0.13   0.00     0.00
  MONTH TO DATE    1.64                      1.51   0.13     0.22
  SINCE SEP 1      1.64                      1.51   0.13     0.22
  SINCE JAN 1     39.32                     32.88   6.44    24.03

SNOWFALL (IN)
  TODAY            0.0           0.0  2002   0.0    0.0      0.0
                                      2001
  MONTH TO DATE    0.0                       0.0    0.0      0.0
  SINCE OCT 1     30.0                      28.5    1.5     32.8
  SINCE JUL 1      0.0                       0.0    0.0      0.0
  SNOW DEPTH       0

DEGREE DAYS
 HEATING
  TODAY            0                         1     -1        0
  MONTH TO DATE   10                         4      6        0
  SINCE SEP 1     10                         4      6        0
  SINCE JUL 1     10                         5      5        0

 COOLING
  TODAY            7                         5      2        7
  MONTH TO DATE   35                        87    -52      140
  SINCE SEP 1     35                        87    -52      140
  SINCE JAN 1   1063                      1121    -58     1450
..................................................................


WIND (MPH)
  HIGHEST WIND SPEED    18   HIGHEST WIND DIRECTION     W (250)
  HIGHEST GUST SPEED    23   HIGHEST GUST DIRECTION     W (250)
  AVERAGE WIND SPEED     6.1


SKY COVER
  AVERAGE SKY COVER 0.5


WEATHER CONDITIONS
 THE FOLLOWING WEATHER WAS RECORDED TODAY.
  LIGHT RAIN
  FOG


RELATIVE HUMIDITY (PERCENT)
 HIGHEST    93           400 AM
 LOWEST     42          1000 AM
 AVERAGE    68

..........................................................


THE NEWARK NJ CLIMATE NORMALS FOR TOMORROW
                         NORMAL    RECORD    YEAR
 MAXIMUM TEMPERATURE (F)   78        94      2016
 MINIMUM TEMPERATURE (F)   61        45      1975


SUNRISE AND SUNSET
SEPTEMBER 13 2017.....SUNRISE   636 AM EDT   SUNSET   709 PM EDT
SEPTEMBER 14 2017.....SUNRISE   637 AM EDT   SUNSET   707 PM EDT


-  INDICATES NEGATIVE NUMBERS.
R  INDICATES RECORD WAS SET OR TIED.
MM INDICATES DATA IS MISSING.
T  INDICATES TRACE AMOUNT.




$$
