000
CDUS41 KOKX 052135
CLIEWR


CLIMATE REPORT
NATIONAL WEATHER SERVICE NEW YORK NY
435 PM EST SUN FEB 5 2017


...................................

...THE NEWARK NJ CLIMATE SUMMARY FOR FEBRUARY 5 2017...
VALID TODAY AS OF 0400 PM LOCAL TIME.

CLIMATE NORMAL PERIOD 1981 TO 2010
CLIMATE RECORD PERIOD 1929 TO 2017


WEATHER ITEM   OBSERVED TIME   RECORD YEAR NORMAL DEPARTURE LAST
                VALUE   (LST)  VALUE       VALUE  FROM      YEAR
                                                  NORMAL
..................................................................
TEMPERATURE (F)
 TODAY
  MAXIMUM         42    359 PM  69    1991  40      2       43
  MINIMUM         28    115 AM   3    1996  25      3       31
  AVERAGE         35                        33      2       37

PRECIPITATION (IN)
  TODAY            0.00          1.44 2014   0.10  -0.10     0.48
  MONTH TO DATE    T                         0.51  -0.51     1.12
  SINCE DEC 1      7.56                      7.86  -0.30     9.53
  SINCE JAN 1      4.65                      4.05   0.60     5.13

SNOWFALL (IN)
  TODAY            0.0           5.2  2001   0.3   -0.3      2.8
  MONTH TO DATE    T                         1.7   -1.7      2.8
  SINCE OCT 1     12.7                      15.4   -2.7     28.8
  SINCE JUL 1     12.7                      15.4   -2.7     28.8
  SNOW DEPTH       0

DEGREE DAYS
 HEATING
  TODAY           30                        32     -2       28
  MONTH TO DATE  153                       162     -9      101
  SINCE DEC 1   1826                      2078   -252     1542
  SINCE JUL 1   2509                      2946   -437     2174

 COOLING
  TODAY            0                         0      0        0
  MONTH TO DATE    0                         0      0        0
  SINCE DEC 1      0                         0      0        0
  SINCE JAN 1      0                         0      0        0
..................................................................


WIND (MPH)
  HIGHEST WIND SPEED    18   HIGHEST WIND DIRECTION    SW (230)
  HIGHEST GUST SPEED    24   HIGHEST GUST DIRECTION    SW (220)
  AVERAGE WIND SPEED     9.4


SKY COVER
  AVERAGE SKY COVER 1.0


WEATHER CONDITIONS
 THE FOLLOWING WEATHER WAS RECORDED TODAY.
  NO SIGNIFICANT WEATHER WAS OBSERVED.


RELATIVE HUMIDITY (PERCENT)
 HIGHEST    63           700 AM
 LOWEST     33           400 PM
 AVERAGE    48

..........................................................


THE NEWARK NJ CLIMATE NORMALS FOR TOMORROW
                         NORMAL    RECORD    YEAR
 MAXIMUM TEMPERATURE (F)   40        69      2008
 MINIMUM TEMPERATURE (F)   26         5      1995
                                             1935


SUNRISE AND SUNSET
FEBRUARY  5 2017......SUNRISE   702 AM EST   SUNSET   520 PM EST
FEBRUARY  6 2017......SUNRISE   701 AM EST   SUNSET   521 PM EST


-  INDICATES NEGATIVE NUMBERS.
R  INDICATES RECORD WAS SET OR TIED.
MM INDICATES DATA IS MISSING.
T  INDICATES TRACE AMOUNT.




$$
