300
CDUS41 KOKX 090617
CLIEWR


CLIMATE REPORT
NATIONAL WEATHER SERVICE NEW YORK NY
216 AM EDT MON OCT 9 2017


...................................

...THE NEWARK NJ CLIMATE SUMMARY FOR OCTOBER 8 2017...

CLIMATE NORMAL PERIOD 1981 TO 2010
CLIMATE RECORD PERIOD 1929 TO 2017


WEATHER ITEM   OBSERVED TIME   RECORD YEAR NORMAL DEPARTURE LAST
                VALUE   (LST)  VALUE       VALUE  FROM      YEAR
                                                  NORMAL
..................................................................
TEMPERATURE (F)
 YESTERDAY
  MAXIMUM         79    403 PM  89    2007  68     11       69
  MINIMUM         73    857 AM  32    1935  51     22       55
  AVERAGE         76                        59     17       62

PRECIPITATION (IN)
  YESTERDAY        0.22          4.08 2005   0.12   0.10     0.17
  MONTH TO DATE    0.22                      0.95  -0.73     0.17
  SINCE SEP 1      1.94                      4.77  -2.83     2.34
  SINCE JAN 1     39.62                     36.14   3.48    26.15

SNOWFALL (IN)
  YESTERDAY        0.0           0.0  2002   0.0    0.0      0.0
                                      2001
  MONTH TO DATE    0.0                       0.0    0.0      0.0
  SINCE OCT 1      0.0                       0.0    0.0      0.0
  SINCE JUL 1      0.0                       0.0    0.0      0.0
  SNOW DEPTH       0

DEGREE DAYS
 HEATING
  YESTERDAY        0                         7     -7        3
  MONTH TO DATE   14                        44    -30       20
  SINCE SEP 1     31                        88    -57       36
  SINCE JUL 1     31                        89    -58       36

 COOLING
  YESTERDAY       11                         1     10        0
  MONTH TO DATE   42                         9     33        3
  SINCE SEP 1    244                       149     95      231
  SINCE JAN 1   1272                      1183     89     1541
..................................................................


WIND (MPH)
  HIGHEST WIND SPEED    20   HIGHEST WIND DIRECTION    SW (220)
  HIGHEST GUST SPEED    28   HIGHEST GUST DIRECTION    SW (230)
  AVERAGE WIND SPEED    11.3


SKY COVER
  AVERAGE SKY COVER 1.0


WEATHER CONDITIONS
 THE FOLLOWING WEATHER WAS RECORDED YESTERDAY.
  THUNDERSTORM
  RAIN
  LIGHT RAIN
  FOG


RELATIVE HUMIDITY (PERCENT)
 HIGHEST    94          1100 AM
 LOWEST     74           500 PM
 AVERAGE    84

..........................................................


THE NEWARK NJ CLIMATE NORMALS FOR TODAY
                         NORMAL    RECORD    YEAR
 MAXIMUM TEMPERATURE (F)   68        88      2011
 MINIMUM TEMPERATURE (F)   50        35      1988


SUNRISE AND SUNSET
OCTOBER  9 2017.......SUNRISE   702 AM EDT   SUNSET   625 PM EDT
OCTOBER 10 2017.......SUNRISE   703 AM EDT   SUNSET   624 PM EDT


-  INDICATES NEGATIVE NUMBERS.
R  INDICATES RECORD WAS SET OR TIED.
MM INDICATES DATA IS MISSING.
T  INDICATES TRACE AMOUNT.




$$
