000
CDUS41 KOKX 280616
CLIEWR


CLIMATE REPORT
NATIONAL WEATHER SERVICE NEW YORK NY
216 AM EDT FRI MAR 28 2014


...................................

...THE NEWARK NJ CLIMATE SUMMARY FOR MARCH 27 2014...

CLIMATE NORMAL PERIOD 1981 TO 2010
CLIMATE RECORD PERIOD 1929 TO 2014


WEATHER ITEM   OBSERVED TIME   RECORD YEAR NORMAL DEPARTURE LAST
                VALUE   (LST)  VALUE       VALUE  FROM      YEAR
                                                  NORMAL
..................................................................
TEMPERATURE (F)
 YESTERDAY
  MAXIMUM         46    502 PM  84    1998  55     -9       56
  MINIMUM         22R   617 AM  23    2001  37    -15       35
                                      1975
  AVERAGE         34                        46    -12       46

PRECIPITATION (IN)
  YESTERDAY        0.00          1.60 1983   0.15  -0.15      T
  MONTH TO DATE    0.89                      3.61  -2.72     2.91
  SINCE MAR 1      0.89                      3.61  -2.72     2.91
  SINCE JAN 1      8.61                     10.03  -1.42     9.25

SNOWFALL (IN)
  YESTERDAY        0.0           1.0  1959   0.1   -0.1      0.0
  MONTH TO DATE    0.2                       4.3   -4.1      8.8
  SINCE OCT 1     60.7                      27.3   33.4     29.5
  SINCE JUL 1     60.7                      27.3   33.4     29.5
  SNOW DEPTH       0

DEGREE DAYS
 HEATING
  YESTERDAY       31                        19     12       19
  MONTH TO DATE  765                       635    130      687
  SINCE MAR 1    765                       635    130      687
  SINCE JUL 1   4640                      4270    370     4067

 COOLING
  YESTERDAY        0                         0      0        0
  MONTH TO DATE    0                         0      0        0
  SINCE MAR 1      0                         0      0        0
  SINCE JAN 1      0                         0      0        0
..................................................................


WIND (MPH)
  HIGHEST WIND SPEED    18   HIGHEST WIND DIRECTION     S (200)
  HIGHEST GUST SPEED    25   HIGHEST GUST DIRECTION    SW (210)
  AVERAGE WIND SPEED     9.7


SKY COVER
  AVERAGE SKY COVER 0.5


WEATHER CONDITIONS
 THE FOLLOWING WEATHER WAS RECORDED YESTERDAY.
  NO SIGNIFICANT WEATHER WAS OBSERVED.


RELATIVE HUMIDITY (PERCENT)
 HIGHEST    52           400 AM
 LOWEST     16           300 PM
 AVERAGE    34

..........................................................


THE NEWARK NJ CLIMATE NORMALS FOR TODAY
                         NORMAL    RECORD    YEAR
 MAXIMUM TEMPERATURE (F)   55        87      1945
 MINIMUM TEMPERATURE (F)   37        19      1982


SUNRISE AND SUNSET
MARCH 28 2014.........SUNRISE   647 AM EDT   SUNSET   717 PM EDT
MARCH 29 2014.........SUNRISE   645 AM EDT   SUNSET   718 PM EDT


-  INDICATES NEGATIVE NUMBERS.
R  INDICATES RECORD WAS SET OR TIED.
MM INDICATES DATA IS MISSING.
T  INDICATES TRACE AMOUNT.




$$
