000
CDUS41 KOKX 180615
CLIEWR


CLIMATE REPORT
NATIONAL WEATHER SERVICE NEW YORK NY
115 AM EST FRI NOV 18 2016


...................................

...THE NEWARK NJ CLIMATE SUMMARY FOR NOVEMBER 17 2016...

CLIMATE NORMAL PERIOD 1981 TO 2010
CLIMATE RECORD PERIOD 1929 TO 2016


WEATHER ITEM   OBSERVED TIME   RECORD YEAR NORMAL DEPARTURE LAST
                VALUE   (LST)  VALUE       VALUE  FROM      YEAR
                                                  NORMAL
..................................................................
TEMPERATURE (F)
 YESTERDAY
  MAXIMUM         63    255 PM  71    1953  54      9       53
  MINIMUM         48   1159 PM  18    1933  39      9       39
  AVERAGE         56                        46     10       46

PRECIPITATION (IN)
  YESTERDAY        0.00          1.48 2014   0.12  -0.12     0.00
  MONTH TO DATE    2.99                      1.99   1.00     0.42
  SINCE SEP 1      8.16                      9.41  -1.25     6.10
  SINCE JAN 1     31.97                     40.78  -8.81    33.70

SNOWFALL (IN)
  YESTERDAY        0.0           0.4  1980   0.0    0.0      0.0
  MONTH TO DATE    0.0                       0.1   -0.1      0.0
  SINCE OCT 1      0.0                       0.1   -0.1      0.0
  SINCE JUL 1      0.0                       0.1   -0.1      0.0
  SNOW DEPTH       0

DEGREE DAYS
 HEATING
  YESTERDAY        9                        19    -10       19
  MONTH TO DATE  210                       273    -63      157
  SINCE SEP 1    441                       593   -152      401
  SINCE JUL 1    441                       594   -153      401

 COOLING
  YESTERDAY        0                         0      0        0
  MONTH TO DATE    1                         0      1        5
  SINCE SEP 1    261                       157    104      273
  SINCE JAN 1   1571                      1191    380     1555
..................................................................


WIND (MPH)
  HIGHEST WIND SPEED    23   HIGHEST WIND DIRECTION    NW (320)
  HIGHEST GUST SPEED    28   HIGHEST GUST DIRECTION    NW (330)
  AVERAGE WIND SPEED     9.8


SKY COVER
  AVERAGE SKY COVER 0.3


WEATHER CONDITIONS
 THE FOLLOWING WEATHER WAS RECORDED YESTERDAY.
  NO SIGNIFICANT WEATHER WAS OBSERVED.


RELATIVE HUMIDITY (PERCENT)
 HIGHEST    80           600 AM
 LOWEST     39           300 PM
 AVERAGE    60

..........................................................


THE NEWARK NJ CLIMATE NORMALS FOR TODAY
                         NORMAL    RECORD    YEAR
 MAXIMUM TEMPERATURE (F)   54        73      1963
 MINIMUM TEMPERATURE (F)   38        19      1936


SUNRISE AND SUNSET
NOVEMBER 18 2016......SUNRISE   647 AM EST   SUNSET   436 PM EST
NOVEMBER 19 2016......SUNRISE   649 AM EST   SUNSET   435 PM EST


-  INDICATES NEGATIVE NUMBERS.
R  INDICATES RECORD WAS SET OR TIED.
MM INDICATES DATA IS MISSING.
T  INDICATES TRACE AMOUNT.




$$
