987
CDUS41 KOKX 150621
CLIEWR


CLIMATE REPORT
NATIONAL WEATHER SERVICE NEW YORK NY
120 AM EST THU FEB 15 2018


...................................

...THE NEWARK NJ CLIMATE SUMMARY FOR FEBRUARY 14 2018...

CLIMATE NORMAL PERIOD 1981 TO 2010
CLIMATE RECORD PERIOD 1929 TO 2018


WEATHER ITEM   OBSERVED TIME   RECORD YEAR NORMAL DEPARTURE LAST
                VALUE   (LST)  VALUE       VALUE  FROM      YEAR
                                                  NORMAL
..................................................................
TEMPERATURE (F)
 YESTERDAY
  MAXIMUM         55    256 PM  65    1946  42     13       42
  MINIMUM         33    148 AM   0    2016  27      6       27
                                      1979
  AVERAGE         44                        34     10       35

PRECIPITATION (IN)
  YESTERDAY        0.05          1.19 1935   0.10  -0.05     0.00
  MONTH TO DATE    3.79                      1.40   2.39     1.55
  SINCE DEC 1      7.49                      8.75  -1.26     9.11
  SINCE JAN 1      5.85                      4.94   0.91     6.20

SNOWFALL (IN)
  YESTERDAY        0.0           3.5  1978   0.3   -0.3      0.0
  MONTH TO DATE    0.6                       4.7   -4.1      7.9
  SINCE OCT 1     18.4                      18.4    0.0     20.6
  SINCE JUL 1     18.4                      18.4    0.0     20.6
  SNOW DEPTH       0

DEGREE DAYS
 HEATING
  YESTERDAY       21                        31    -10       30
  MONTH TO DATE  407                       445    -38      405
  SINCE DEC 1   2390                      2361     29     2078
  SINCE JUL 1   3075                      3229   -154     2761

 COOLING
  YESTERDAY        0                         0      0        0
  MONTH TO DATE    0                         0      0        0
  SINCE DEC 1      0                         0      0        0
  SINCE JAN 1      0                         0      0        0
..................................................................


WIND (MPH)
  HIGHEST WIND SPEED    17   HIGHEST WIND DIRECTION    SW (240)
  HIGHEST GUST SPEED    24   HIGHEST GUST DIRECTION    SW (240)
  AVERAGE WIND SPEED     8.5


SKY COVER
  AVERAGE SKY COVER 0.9


WEATHER CONDITIONS
 THE FOLLOWING WEATHER WAS RECORDED YESTERDAY.
  LIGHT RAIN


RELATIVE HUMIDITY (PERCENT)
 HIGHEST    82           500 AM
 LOWEST     47           300 PM
 AVERAGE    65

..........................................................


THE NEWARK NJ CLIMATE NORMALS FOR TODAY
                         NORMAL    RECORD    YEAR
 MAXIMUM TEMPERATURE (F)   42        76      1949
 MINIMUM TEMPERATURE (F)   27        -7      1943


SUNRISE AND SUNSET
FEBRUARY 15 2018......SUNRISE   651 AM EST   SUNSET   532 PM EST
FEBRUARY 16 2018......SUNRISE   649 AM EST   SUNSET   533 PM EST


-  INDICATES NEGATIVE NUMBERS.
R  INDICATES RECORD WAS SET OR TIED.
MM INDICATES DATA IS MISSING.
T  INDICATES TRACE AMOUNT.




$$
