000
CDUS41 KOKX 142040
CLIEWR


CLIMATE REPORT
NATIONAL WEATHER SERVICE NEW YORK NY
440 PM EDT WED JUN 14 2017


...................................

...THE NEWARK NJ CLIMATE SUMMARY FOR JUNE 14 2017...
VALID TODAY AS OF 0400 PM LOCAL TIME.

CLIMATE NORMAL PERIOD 1981 TO 2010
CLIMATE RECORD PERIOD 1929 TO 2017


WEATHER ITEM   OBSERVED TIME   RECORD YEAR NORMAL DEPARTURE LAST
                VALUE   (LST)  VALUE       VALUE  FROM      YEAR
                                                  NORMAL
..................................................................
TEMPERATURE (F)
 TODAY
  MAXIMUM         83   1217 AM  99    1988  81      2       82
                                      1956
  MINIMUM         70    715 AM  49    1978  63      7       59
                                      1933
  AVERAGE         77                        72      5       71

PRECIPITATION (IN)
  TODAY            0.17          2.16 2008   0.14   0.03     0.00
  MONTH TO DATE    0.40                      1.99  -1.59     1.63
  SINCE JUN 1      0.40                      1.99  -1.59     1.63
  SINCE JAN 1     22.94                     20.88   2.06    16.03

SNOWFALL (IN)
  TODAY            0.0           0.0  2002   0.0    0.0      0.0
                                      2001
  MONTH TO DATE    0.0                       0.0    0.0      0.0
  SINCE OCT 1     30.0                      28.5    1.5     32.8
  SINCE JUL 1     30.0                      28.5    1.5     32.8
  SNOW DEPTH       0

DEGREE DAYS
 HEATING
  TODAY            0                         0      0        0
  MONTH TO DATE   18                        15      3        4
  SINCE JUN 1     18                        15      3        4
  SINCE JUL 1   4233                      4870   -637     3899

 COOLING
  TODAY           12                         8      4        6
  MONTH TO DATE   92                        84      8       83
  SINCE JUN 1     92                        84      8       83
  SINCE JAN 1    187                       160     27      201
..................................................................


WIND (MPH)
  HIGHEST WIND SPEED    18   HIGHEST WIND DIRECTION     N (20)
  HIGHEST GUST SPEED    22   HIGHEST GUST DIRECTION    NE (30)
  AVERAGE WIND SPEED     8.7


SKY COVER
  AVERAGE SKY COVER 0.8


WEATHER CONDITIONS
 THE FOLLOWING WEATHER WAS RECORDED TODAY.
  THUNDERSTORM
  RAIN
  LIGHT RAIN
  FOG


RELATIVE HUMIDITY (PERCENT)
 HIGHEST    90           500 AM
 LOWEST     54          1200 PM
 AVERAGE    72

..........................................................


THE NEWARK NJ CLIMATE NORMALS FOR TOMORROW
                         NORMAL    RECORD    YEAR
 MAXIMUM TEMPERATURE (F)   82       101      1994
 MINIMUM TEMPERATURE (F)   63        48      1933


SUNRISE AND SUNSET
JUNE 14 2017..........SUNRISE   525 AM EDT   SUNSET   829 PM EDT
JUNE 15 2017..........SUNRISE   525 AM EDT   SUNSET   830 PM EDT


-  INDICATES NEGATIVE NUMBERS.
R  INDICATES RECORD WAS SET OR TIED.
MM INDICATES DATA IS MISSING.
T  INDICATES TRACE AMOUNT.




$$
