000
CDUS41 KOKX 130621
CLIEWR


CLIMATE REPORT
NATIONAL WEATHER SERVICE NEW YORK NY
220 AM EDT THU APR 13 2017


...................................

...THE NEWARK NJ CLIMATE SUMMARY FOR APRIL 12 2017...

CLIMATE NORMAL PERIOD 1981 TO 2010
CLIMATE RECORD PERIOD 1929 TO 2017


WEATHER ITEM   OBSERVED TIME   RECORD YEAR NORMAL DEPARTURE LAST
                VALUE   (LST)  VALUE       VALUE  FROM      YEAR
                                                  NORMAL
..................................................................
TEMPERATURE (F)
 YESTERDAY
  MAXIMUM         78    415 PM  90    1977  61     17       61
  MINIMUM         59   1159 PM  27    1976  43     16       44
                                      1940
  AVERAGE         69                        52     17       53

PRECIPITATION (IN)
  YESTERDAY        0.03          2.50 1933   0.15  -0.12     0.13
  MONTH TO DATE    2.07                      1.77   0.30     0.95
  SINCE MAR 1      7.14                      5.95   1.19     2.33
  SINCE JAN 1     13.88                     12.37   1.51    10.38

SNOWFALL (IN)
  YESTERDAY        0.0           1.1  1959   0.1   -0.1      0.0
  MONTH TO DATE    0.0                       0.6   -0.6       T
  SINCE OCT 1     30.0                      28.2    1.8     32.8
  SINCE JUL 1     30.0                      28.2    1.8     32.8
  SNOW DEPTH       0

DEGREE DAYS
 HEATING
  YESTERDAY        0                        14    -14       12
  MONTH TO DATE  136                       187    -51      226
  SINCE MAR 1    908                       896     12      720
  SINCE JUL 1   3917                      4531   -614     3593

 COOLING
  YESTERDAY        4                         0      4        0
  MONTH TO DATE    9                         0      9        6
  SINCE MAR 1      9                         1      8       11
  SINCE JAN 1      9                         1      8       11
..................................................................


WIND (MPH)
  HIGHEST WIND SPEED    22   HIGHEST WIND DIRECTION     N (350)
  HIGHEST GUST SPEED    28   HIGHEST GUST DIRECTION     N (340)
  AVERAGE WIND SPEED     7.9


SKY COVER
  AVERAGE SKY COVER 0.6


WEATHER CONDITIONS
 THE FOLLOWING WEATHER WAS RECORDED YESTERDAY.
  THUNDERSTORM
  LIGHT RAIN


RELATIVE HUMIDITY (PERCENT)
 HIGHEST    72           400 AM
 LOWEST     19           600 PM
 AVERAGE    46

..........................................................


THE NEWARK NJ CLIMATE NORMALS FOR TODAY
                         NORMAL    RECORD    YEAR
 MAXIMUM TEMPERATURE (F)   61        86      1977
 MINIMUM TEMPERATURE (F)   43        26      1940


SUNRISE AND SUNSET
APRIL 13 2017.........SUNRISE   621 AM EDT   SUNSET   734 PM EDT
APRIL 14 2017.........SUNRISE   619 AM EDT   SUNSET   735 PM EDT


-  INDICATES NEGATIVE NUMBERS.
R  INDICATES RECORD WAS SET OR TIED.
MM INDICATES DATA IS MISSING.
T  INDICATES TRACE AMOUNT.




$$
