000
CDUS41 KOKX 270617
CLIEWR


CLIMATE REPORT
NATIONAL WEATHER SERVICE NEW YORK NY
116 AM EST TUE DEC 27 2016


...................................

...THE NEWARK NJ CLIMATE SUMMARY FOR DECEMBER 26 2016...

CLIMATE NORMAL PERIOD 1981 TO 2010
CLIMATE RECORD PERIOD 1929 TO 2016


WEATHER ITEM   OBSERVED TIME   RECORD YEAR NORMAL DEPARTURE LAST
                VALUE   (LST)  VALUE       VALUE  FROM      YEAR
                                                  NORMAL
..................................................................
TEMPERATURE (F)
 YESTERDAY
  MAXIMUM         47   1159 PM  66    1982  41      6       60
  MINIMUM         29    401 AM  -1    1980  27      2       48
  AVERAGE         38                        34      4       54

PRECIPITATION (IN)
  YESTERDAY        T             2.49 1947   0.12  -0.12     0.02
  MONTH TO DATE    2.54                      3.25  -0.71     3.41
  SINCE DEC 1      2.54                      3.25  -0.71     3.41
  SINCE JAN 1     38.04                     45.69  -7.65    37.99

SNOWFALL (IN)
  YESTERDAY        0.0          25.9  1947   0.2   -0.2      0.0
  MONTH TO DATE    3.4                       4.1   -0.7      0.0
  SINCE OCT 1      3.4                       4.5   -1.1      0.0
  SINCE JUL 1      3.4                       4.5   -1.1      0.0
  SNOW DEPTH       0

DEGREE DAYS
 HEATING
  YESTERDAY       27                        31     -4       11
  MONTH TO DATE  715                       721     -6      364
  SINCE DEC 1    715                       721     -6      364
  SINCE JUL 1   1398                      1589   -191      996

 COOLING
  YESTERDAY        0                         0      0        0
  MONTH TO DATE    0                         0      0        0
  SINCE DEC 1      0                         0      0        0
  SINCE JAN 1   1571                      1192    379     1555
..................................................................


WIND (MPH)
  HIGHEST WIND SPEED    16   HIGHEST WIND DIRECTION    SW (230)
  HIGHEST GUST SPEED    21   HIGHEST GUST DIRECTION    SW (230)
  AVERAGE WIND SPEED     7.4


SKY COVER
  AVERAGE SKY COVER 0.8


WEATHER CONDITIONS
 THE FOLLOWING WEATHER WAS RECORDED YESTERDAY.
  LIGHT RAIN
  FOG
  FOG W/VISIBILITY <= 1/4 MILE
  HAZE


RELATIVE HUMIDITY (PERCENT)
 HIGHEST   100          1000 PM
 LOWEST     54           600 AM
 AVERAGE    77

..........................................................


THE NEWARK NJ CLIMATE NORMALS FOR TODAY
                         NORMAL    RECORD    YEAR
 MAXIMUM TEMPERATURE (F)   40        63      1949
 MINIMUM TEMPERATURE (F)   27         3      1948


SUNRISE AND SUNSET
DECEMBER 27 2016......SUNRISE   720 AM EST   SUNSET   436 PM EST
DECEMBER 28 2016......SUNRISE   720 AM EST   SUNSET   437 PM EST


-  INDICATES NEGATIVE NUMBERS.
R  INDICATES RECORD WAS SET OR TIED.
MM INDICATES DATA IS MISSING.
T  INDICATES TRACE AMOUNT.




$$
