000
CDUS41 KOKX 090618
CLIEWR


CLIMATE REPORT
NATIONAL WEATHER SERVICE NEW YORK NY
218 AM EDT MON MAY 9 2016


...................................

...THE NEWARK NJ CLIMATE SUMMARY FOR MAY 8 2016...

CLIMATE NORMAL PERIOD 1981 TO 2010
CLIMATE RECORD PERIOD 1929 TO 2016


WEATHER ITEM   OBSERVED TIME   RECORD YEAR NORMAL DEPARTURE LAST
                VALUE   (LST)  VALUE       VALUE  FROM      YEAR
                                                  NORMAL
..................................................................
TEMPERATURE (F)
 YESTERDAY
  MAXIMUM         68    249 PM  92    2000  70     -2       81
                                      1943
  MINIMUM         47    132 AM  35    1947  51     -4       54
  AVERAGE         58                        60     -2       68

PRECIPITATION (IN)
  YESTERDAY        0.11          1.15 2013   0.13  -0.02     0.00
  MONTH TO DATE    1.78                      0.99   0.79      T
  SINCE MAR 1      4.28                      9.37  -5.09     6.30
  SINCE JAN 1     12.33                     15.79  -3.46    12.78

SNOWFALL (IN)
  YESTERDAY        0.0           0.0  2002   0.0    0.0      0.0
                                      2001
  MONTH TO DATE    0.0                       0.0    0.0      0.0
  SINCE OCT 1     36.4                      28.5    7.9     46.4
  SINCE JUL 1     36.4                      28.5    7.9     46.4
  SNOW DEPTH       0

DEGREE DAYS
 HEATING
  YESTERDAY        7                         6      1        0
  MONTH TO DATE  100                        54     46       22
  SINCE MAR 1    956                      1139   -183     1185
  SINCE JUL 1   3829                      4774   -945     5088

 COOLING
  YESTERDAY        0                         1     -1        3
  MONTH TO DATE    0                         8     -8       20
  SINCE MAR 1     18                        20     -2       23
  SINCE JAN 1     18                        20     -2       23
..................................................................


WIND (MPH)
  HIGHEST WIND SPEED    30   HIGHEST WIND DIRECTION    NW (310)
  HIGHEST GUST SPEED    40   HIGHEST GUST DIRECTION    NW (300)
  AVERAGE WIND SPEED    10.2


SKY COVER
  AVERAGE SKY COVER 0.7


WEATHER CONDITIONS
 THE FOLLOWING WEATHER WAS RECORDED YESTERDAY.
  LIGHT RAIN
  FOG


RELATIVE HUMIDITY (PERCENT)
 HIGHEST   100           100 AM
 LOWEST     20           500 PM
 AVERAGE    60

..........................................................


THE NEWARK NJ CLIMATE NORMALS FOR TODAY
                         NORMAL    RECORD    YEAR
 MAXIMUM TEMPERATURE (F)   70        93      2000
 MINIMUM TEMPERATURE (F)   51        33      1947


SUNRISE AND SUNSET
MAY  9 2016...........SUNRISE   545 AM EDT   SUNSET   801 PM EDT
MAY 10 2016...........SUNRISE   544 AM EDT   SUNSET   802 PM EDT


-  INDICATES NEGATIVE NUMBERS.
R  INDICATES RECORD WAS SET OR TIED.
MM INDICATES DATA IS MISSING.
T  INDICATES TRACE AMOUNT.




$$
