000
CDUS41 KOKX 110615
CLIEWR


CLIMATE REPORT
NATIONAL WEATHER SERVICE NEW YORK NY
115 AM EST WED JAN 11 2017


...................................

...THE NEWARK NJ CLIMATE SUMMARY FOR JANUARY 10 2017...

CLIMATE NORMAL PERIOD 1981 TO 2010
CLIMATE RECORD PERIOD 1929 TO 2017


WEATHER ITEM   OBSERVED TIME   RECORD YEAR NORMAL DEPARTURE LAST
                VALUE   (LST)  VALUE       VALUE  FROM      YEAR
                                                  NORMAL
..................................................................
TEMPERATURE (F)
 YESTERDAY
  MAXIMUM         44   1143 PM  65    2016  39      5       65
  MINIMUM         15   1258 AM   0    1982  24     -9       39
  AVERAGE         30                        32     -2       52

PRECIPITATION (IN)
  YESTERDAY        0.00          1.78 2016   0.12  -0.12     1.77
  MONTH TO DATE    1.10                      1.18  -0.08     1.78
  SINCE DEC 1      4.01                      4.99  -0.98     6.18
  SINCE JAN 1      1.10                      1.18  -0.08     1.78

SNOWFALL (IN)
  YESTERDAY        0.0           7.7  1965   0.3   -0.3      0.0
  MONTH TO DATE    7.4                       2.5    4.9      0.0
  SINCE OCT 1     10.8                       8.3    2.5      0.3
  SINCE JUL 1     10.8                       8.3    2.5      0.3
  SNOW DEPTH       2

DEGREE DAYS
 HEATING
  YESTERDAY       35                        34      1       13
  MONTH TO DATE  333                       330      3      294
  SINCE DEC 1   1173                      1212    -39      759
  SINCE JUL 1   1856                      2080   -224     1391

 COOLING
  YESTERDAY        0                         0      0        0
  MONTH TO DATE    0                         0      0        0
  SINCE DEC 1      0                         0      0        0
  SINCE JAN 1      0                         0      0        0
..................................................................


WIND (MPH)
  HIGHEST WIND SPEED    14   HIGHEST WIND DIRECTION     S (180)
  HIGHEST GUST SPEED    18   HIGHEST GUST DIRECTION     S (180)
  AVERAGE WIND SPEED     4.0


SKY COVER
  AVERAGE SKY COVER 0.9


WEATHER CONDITIONS
 THE FOLLOWING WEATHER WAS RECORDED YESTERDAY.
  NO SIGNIFICANT WEATHER WAS OBSERVED.


RELATIVE HUMIDITY (PERCENT)
 HIGHEST    85           800 PM
 LOWEST     47          1200 PM
 AVERAGE    66

..........................................................


THE NEWARK NJ CLIMATE NORMALS FOR TODAY
                         NORMAL    RECORD    YEAR
 MAXIMUM TEMPERATURE (F)   39        66      1975
 MINIMUM TEMPERATURE (F)   24        -2      1982


SUNRISE AND SUNSET
JANUARY 11 2017.......SUNRISE   720 AM EST   SUNSET   450 PM EST
JANUARY 12 2017.......SUNRISE   720 AM EST   SUNSET   451 PM EST


-  INDICATES NEGATIVE NUMBERS.
R  INDICATES RECORD WAS SET OR TIED.
MM INDICATES DATA IS MISSING.
T  INDICATES TRACE AMOUNT.




$$
