000
CDUS41 KOKX 280820
CLIEWR


CLIMATE REPORT
NATIONAL WEATHER SERVICE NEW YORK NY
420 AM EDT WED JUN 28 2017


...................................

...THE NEWARK NJ CLIMATE SUMMARY FOR JUNE 27 2017...

CLIMATE NORMAL PERIOD 1981 TO 2010
CLIMATE RECORD PERIOD 1929 TO 2017


WEATHER ITEM   OBSERVED TIME   RECORD YEAR NORMAL DEPARTURE LAST
                VALUE   (LST)  VALUE       VALUE  FROM      YEAR
                                                  NORMAL
..................................................................
TEMPERATURE (F)
 YESTERDAY
  MAXIMUM         80    426 PM 101    1966  85     -5       87
  MINIMUM         62    602 AM  52    1940  67     -5       64
  AVERAGE         71                        76     -5       76

PRECIPITATION (IN)
  YESTERDAY        0.15          1.40 1932   0.12   0.03     0.37
  MONTH TO DATE    5.29                      3.65   1.64     2.00
  SINCE JUN 1      5.29                      3.65   1.64     2.00
  SINCE JAN 1     27.83                     22.54   5.29    16.40

SNOWFALL (IN)
  YESTERDAY        0.0           0.0  2002   0.0    0.0      0.0
                                      2001
  MONTH TO DATE    0.0                       0.0    0.0      0.0
  SINCE OCT 1     30.0                      28.5    1.5     32.8
  SINCE JUL 1     30.0                      28.5    1.5     32.8
  SNOW DEPTH       0

DEGREE DAYS
 HEATING
  YESTERDAY        0                         0      0        0
  MONTH TO DATE   18                        15      3        4
  SINCE JUN 1     18                        15      3        4
  SINCE JUL 1   4233                      4870   -637     3899

 COOLING
  YESTERDAY        6                        11     -5       11
  MONTH TO DATE  225                       205     20      215
  SINCE JUN 1    225                       205     20      215
  SINCE JAN 1    320                       281     39      333
..................................................................


WIND (MPH)
  HIGHEST WIND SPEED    21   HIGHEST WIND DIRECTION     W (270)
  HIGHEST GUST SPEED    25   HIGHEST GUST DIRECTION     W (280)
  AVERAGE WIND SPEED     8.1


SKY COVER
  AVERAGE SKY COVER 0.7


WEATHER CONDITIONS
 THE FOLLOWING WEATHER WAS RECORDED YESTERDAY.
  LIGHT RAIN


RELATIVE HUMIDITY (PERCENT)
 HIGHEST    84           500 AM
 LOWEST     32           500 PM
 AVERAGE    58

..........................................................


THE NEWARK NJ CLIMATE NORMALS FOR TODAY
                         NORMAL    RECORD    YEAR
 MAXIMUM TEMPERATURE (F)   85        99      1993
 MINIMUM TEMPERATURE (F)   67        53      1970


SUNRISE AND SUNSET
JUNE 28 2017..........SUNRISE   528 AM EDT   SUNSET   832 PM EDT
JUNE 29 2017..........SUNRISE   528 AM EDT   SUNSET   832 PM EDT


-  INDICATES NEGATIVE NUMBERS.
R  INDICATES RECORD WAS SET OR TIED.
MM INDICATES DATA IS MISSING.
T  INDICATES TRACE AMOUNT.




$$
