000
CDUS41 KOKX 012044
CLIEWR


CLIMATE REPORT
NATIONAL WEATHER SERVICE NEW YORK NY
444 PM EDT MON AUG 1 2016


...................................

...THE NEWARK NJ CLIMATE SUMMARY FOR AUGUST 1 2016...
VALID TODAY AS OF 0400 PM LOCAL TIME.

CLIMATE NORMAL PERIOD 1981 TO 2010
CLIMATE RECORD PERIOD 1929 TO 2016


WEATHER ITEM   OBSERVED TIME   RECORD YEAR NORMAL DEPARTURE LAST
                VALUE   (LST)  VALUE       VALUE  FROM      YEAR
                                                  NORMAL
..................................................................
TEMPERATURE (F)
 TODAY
  MAXIMUM         79    244 PM 100    2006  86     -7       91
  MINIMUM         71    740 AM  58    1936  69      2       73
                                      1932
  AVERAGE         75                        77     -2       82

PRECIPITATION (IN)
  TODAY            0.00          1.67 1971   0.15  -0.15     0.00
  MONTH TO DATE    0.00                      0.15  -0.15     0.00
  SINCE JUN 1      8.48                      8.93  -0.45     8.59
  SINCE JAN 1     22.88                     27.82  -4.94    26.20

SNOWFALL (IN)
  TODAY            0.0           0.0  2002   0.0    0.0      0.0
                                      2001
  MONTH TO DATE    0.0                       0.0    0.0      0.0
  SINCE OCT 1     32.8                      28.5    4.3     46.4
  SINCE JUL 1      0.0                       0.0    0.0      0.0
  SNOW DEPTH       0

DEGREE DAYS
 HEATING
  TODAY            0                         0      0        0
  MONTH TO DATE    0                         0      0        0
  SINCE JUN 1      4                        17    -13       29
  SINCE JUL 1      0                         0      0        0

 COOLING
  TODAY           10                        12     -2       17
  MONTH TO DATE   10                        12     -2       17
  SINCE JUN 1    730                       634     96      707
  SINCE JAN 1    848                       710    138      867
..................................................................


WIND (MPH)
  HIGHEST WIND SPEED    13   HIGHEST WIND DIRECTION    NE (60)
  HIGHEST GUST SPEED    17   HIGHEST GUST DIRECTION     E (70)
  AVERAGE WIND SPEED     6.8


SKY COVER
  AVERAGE SKY COVER 1.0


WEATHER CONDITIONS
 THE FOLLOWING WEATHER WAS RECORDED TODAY.
  NO SIGNIFICANT WEATHER WAS OBSERVED.


RELATIVE HUMIDITY (PERCENT)
 HIGHEST   100          1200 AM
 LOWEST     67           300 PM
 AVERAGE    84

..........................................................


THE NEWARK NJ CLIMATE NORMALS FOR TOMORROW
                         NORMAL    RECORD    YEAR
 MAXIMUM TEMPERATURE (F)   86       100      2006
                                             1955
 MINIMUM TEMPERATURE (F)   69        58      1953


SUNRISE AND SUNSET
AUGUST  1 2016........SUNRISE   554 AM EDT   SUNSET   811 PM EDT
AUGUST  2 2016........SUNRISE   555 AM EDT   SUNSET   810 PM EDT


-  INDICATES NEGATIVE NUMBERS.
R  INDICATES RECORD WAS SET OR TIED.
MM INDICATES DATA IS MISSING.
T  INDICATES TRACE AMOUNT.




$$
