000
CDUS41 KOKX 260645
CLIEWR


CLIMATE REPORT
NATIONAL WEATHER SERVICE NEW YORK NY
245 AM EDT THU OCT 26 2017


...................................

...THE NEWARK NJ CLIMATE SUMMARY FOR OCTOBER 25 2017...

CLIMATE NORMAL PERIOD 1981 TO 2010
CLIMATE RECORD PERIOD 1929 TO 2017


WEATHER ITEM   OBSERVED TIME   RECORD YEAR NORMAL DEPARTURE LAST
                VALUE   (LST)  VALUE       VALUE  FROM      YEAR
                                                  NORMAL
..................................................................
TEMPERATURE (F)
 YESTERDAY
  MAXIMUM         68   1245 PM  79    2001  62      6       54
                                      1963
  MINIMUM         57   1159 PM  33    1939  45     12       42
                                      1937
  AVERAGE         63                        54      9       48

PRECIPITATION (IN)
  YESTERDAY        0.00          1.66 1980   0.12  -0.12     0.00
  MONTH TO DATE    0.86                      2.92  -2.06     1.43
  SINCE SEP 1      2.58                      6.74  -4.16     3.60
  SINCE JAN 1     40.26                     38.11   2.15    27.41

SNOWFALL (IN)
  YESTERDAY        0.0           T    1960   0.0    0.0      0.0
  MONTH TO DATE    0.0                       0.0    0.0      0.0
  SINCE OCT 1      0.0                       0.0    0.0      0.0
  SINCE JUL 1      0.0                       0.0    0.0      0.0
  SNOW DEPTH       0

DEGREE DAYS
 HEATING
  YESTERDAY        2                        12    -10       17
  MONTH TO DATE   58                       201   -143      133
  SINCE SEP 1     75                       245   -170      149
  SINCE JUL 1     75                       246   -171      149

 COOLING
  YESTERDAY        0                         0      0        0
  MONTH TO DATE   86                        14     72       31
  SINCE SEP 1    288                       154    134      259
  SINCE JAN 1   1316                      1188    128     1569
..................................................................


WIND (MPH)
  HIGHEST WIND SPEED    15   HIGHEST WIND DIRECTION    NW (310)
  HIGHEST GUST SPEED    20   HIGHEST GUST DIRECTION    NW (310)
  AVERAGE WIND SPEED     6.7


SKY COVER
  AVERAGE SKY COVER 0.7


WEATHER CONDITIONS
 THE FOLLOWING WEATHER WAS RECORDED YESTERDAY.
  NO SIGNIFICANT WEATHER WAS OBSERVED.


RELATIVE HUMIDITY (PERCENT)
 HIGHEST   100           200 AM
 LOWEST     40           400 PM
 AVERAGE    70

..........................................................


THE NEWARK NJ CLIMATE NORMALS FOR TODAY
                         NORMAL    RECORD    YEAR
 MAXIMUM TEMPERATURE (F)   62        79      1964
                                             1963
 MINIMUM TEMPERATURE (F)   45        31      1952
                                             1936
                                             1933


SUNRISE AND SUNSET
OCTOBER 26 2017.......SUNRISE   720 AM EDT   SUNSET   600 PM EDT
OCTOBER 27 2017.......SUNRISE   721 AM EDT   SUNSET   559 PM EDT


-  INDICATES NEGATIVE NUMBERS.
R  INDICATES RECORD WAS SET OR TIED.
MM INDICATES DATA IS MISSING.
T  INDICATES TRACE AMOUNT.




$$
