000
CDUS41 KOKX 040621
CLIEWR


CLIMATE REPORT
NATIONAL WEATHER SERVICE NEW YORK NY
121 AM EST THU DEC 4 2014


...................................

...THE NEWARK NJ CLIMATE SUMMARY FOR DECEMBER 3 2014...

CLIMATE NORMAL PERIOD 1981 TO 2010
CLIMATE RECORD PERIOD 1929 TO 2014


WEATHER ITEM   OBSERVED TIME   RECORD YEAR NORMAL DEPARTURE LAST
                VALUE   (LST)  VALUE       VALUE  FROM      YEAR
                                                  NORMAL
..................................................................
TEMPERATURE (F)
 YESTERDAY
  MAXIMUM         46    627 PM  70    1998  48     -2       55
  MINIMUM         40   1159 PM   9    1976  34      6       36
  AVERAGE         43                        41      2       46

PRECIPITATION (IN)
  YESTERDAY        0.06          1.43 1967   0.14  -0.08     0.00
  MONTH TO DATE    0.21                      0.40  -0.19      T
  SINCE DEC 1      0.21                      0.40  -0.19      T
  SINCE JAN 1     44.63                     42.84   1.79    38.32

SNOWFALL (IN)
  YESTERDAY        0.0           1.6  1952   0.1   -0.1      0.0
  MONTH TO DATE    T                         0.3   -0.3      0.0
  SINCE OCT 1      1.4                       0.7    0.7       T
  SINCE JUL 1      1.4                       0.7    0.7       T
  SNOW DEPTH       0

DEGREE DAYS
 HEATING
  YESTERDAY       22                        24     -2       19
  MONTH TO DATE   60                        72    -12       62
  SINCE DEC 1     60                        72    -12       62
  SINCE JUL 1    892                       940    -48      932

 COOLING
  YESTERDAY        0                         0      0        0
  MONTH TO DATE    0                         0      0        0
  SINCE DEC 1      0                         0      0        0
  SINCE JAN 1   1175                      1192    -17     1337
..................................................................


WIND (MPH)
  HIGHEST WIND SPEED    21   HIGHEST WIND DIRECTION     W (280)
  HIGHEST GUST SPEED    30   HIGHEST GUST DIRECTION     W (280)
  AVERAGE WIND SPEED    10.2


SKY COVER
  AVERAGE SKY COVER 0.7


WEATHER CONDITIONS
 THE FOLLOWING WEATHER WAS RECORDED YESTERDAY.
  LIGHT RAIN
  FOG
  FOG W/VISIBILITY <= 1/4 MILE


RELATIVE HUMIDITY (PERCENT)
 HIGHEST   100           500 AM
 LOWEST     60          1100 PM
 AVERAGE    80

..........................................................


THE NEWARK NJ CLIMATE NORMALS FOR TODAY
                         NORMAL    RECORD    YEAR
 MAXIMUM TEMPERATURE (F)   47        75      1998
 MINIMUM TEMPERATURE (F)   33         9      1940


SUNRISE AND SUNSET
DECEMBER  4 2014......SUNRISE   704 AM EST   SUNSET   429 PM EST
DECEMBER  5 2014......SUNRISE   705 AM EST   SUNSET   429 PM EST


-  INDICATES NEGATIVE NUMBERS.
R  INDICATES RECORD WAS SET OR TIED.
MM INDICATES DATA IS MISSING.
T  INDICATES TRACE AMOUNT.




$$
