190
CDUS41 KOKX 290638
CLIEWR


CLIMATE REPORT
NATIONAL WEATHER SERVICE NEW YORK NY
136 AM EST FRI JAN 29 2016


...................................

...THE NEWARK NJ CLIMATE SUMMARY FOR JANUARY 28 2016...

CLIMATE NORMAL PERIOD 1981 TO 2010
CLIMATE RECORD PERIOD 1929 TO 2016


WEATHER ITEM   OBSERVED TIME   RECORD YEAR NORMAL DEPARTURE LAST
                VALUE   (LST)  VALUE       VALUE  FROM      YEAR
                                                  NORMAL
..................................................................
TEMPERATURE (F)
 YESTERDAY
  MAXIMUM         42    415 PM  62    2002  39      3       33
  MINIMUM         24    657 AM  -4    1935  25     -1       15
  AVERAGE         33                        32      1       24

PRECIPITATION (IN)
  YESTERDAY        0.00          1.73 1994   0.11  -0.11     0.00
  MONTH TO DATE    4.01                      3.21   0.80     4.35
  SINCE DEC 1      8.41                      7.02   1.39     9.26
  SINCE JAN 1      4.01                      3.21   0.80     4.35

SNOWFALL (IN)
  YESTERDAY        0.0           3.5  1952   0.3   -0.3      0.0
  MONTH TO DATE   29.3                       7.0   22.3     14.0
  SINCE OCT 1     29.6                      12.8   16.8     15.7
  SINCE JUL 1     29.6                      12.8   16.8     15.7
  SNOW DEPTH      10

DEGREE DAYS
 HEATING
  YESTERDAY       32                        33     -1       41
  MONTH TO DATE  891                       937    -46      998
  SINCE DEC 1   1356                      1819   -463     1763
  SINCE JUL 1   1988                      2687   -699     2595

 COOLING
  YESTERDAY        0                         0      0        0
  MONTH TO DATE    0                         0      0        0
  SINCE DEC 1      0                         0      0        0
  SINCE JAN 1      0                         0      0        0
..................................................................


WIND (MPH)
  HIGHEST WIND SPEED    14   HIGHEST WIND DIRECTION    SW (240)
  HIGHEST GUST SPEED    18   HIGHEST GUST DIRECTION    SW (240)
  AVERAGE WIND SPEED     4.0


SKY COVER
  AVERAGE SKY COVER 0.5


WEATHER CONDITIONS
 THE FOLLOWING WEATHER WAS RECORDED YESTERDAY.
  NO SIGNIFICANT WEATHER WAS OBSERVED.


RELATIVE HUMIDITY (PERCENT)
 HIGHEST    75           300 AM
 LOWEST     45           100 PM
 AVERAGE    60

..........................................................


THE NEWARK NJ CLIMATE NORMALS FOR TODAY
                         NORMAL    RECORD    YEAR
 MAXIMUM TEMPERATURE (F)   39        70      2002
 MINIMUM TEMPERATURE (F)   25         0      1977


SUNRISE AND SUNSET
JANUARY 29 2016.......SUNRISE   710 AM EST   SUNSET   510 PM EST
JANUARY 30 2016.......SUNRISE   709 AM EST   SUNSET   511 PM EST


-  INDICATES NEGATIVE NUMBERS.
R  INDICATES RECORD WAS SET OR TIED.
MM INDICATES DATA IS MISSING.
T  INDICATES TRACE AMOUNT.




$$
