000
CDUS41 KOKX 040617
CLIEWR


CLIMATE REPORT
NATIONAL WEATHER SERVICE NEW YORK NY
117 AM EST WED JAN 4 2017


...................................

...THE NEWARK NJ CLIMATE SUMMARY FOR JANUARY 3 2017...

CLIMATE NORMAL PERIOD 1981 TO 2010
CLIMATE RECORD PERIOD 1929 TO 2017


WEATHER ITEM   OBSERVED TIME   RECORD YEAR NORMAL DEPARTURE LAST
                VALUE   (LST)  VALUE       VALUE  FROM      YEAR
                                                  NORMAL
..................................................................
TEMPERATURE (F)
 YESTERDAY
  MAXIMUM         44    715 PM  65    2000  39      5       47
  MINIMUM         39    500 AM   8    2014  25     14       28
  AVERAGE         42                        32     10       38

PRECIPITATION (IN)
  YESTERDAY        0.43          2.57 1999   0.12   0.31     0.00
  MONTH TO DATE    0.72                      0.35   0.37     0.00
  SINCE DEC 1      3.63                      4.16  -0.53     4.40
  SINCE JAN 1      0.72                      0.35   0.37     0.00

SNOWFALL (IN)
  YESTERDAY        0.0           5.6  2014   0.2   -0.2      0.0
  MONTH TO DATE    T                         0.7   -0.7      0.0
  SINCE OCT 1      3.4                       6.5   -3.1      0.3
  SINCE JUL 1      3.4                       6.5   -3.1      0.3
  SNOW DEPTH       0

DEGREE DAYS
 HEATING
  YESTERDAY       23                        33    -10       27
  MONTH TO DATE   74                        98    -24       82
  SINCE DEC 1    914                       980    -66      547
  SINCE JUL 1   1597                      1848   -251     1179

 COOLING
  YESTERDAY        0                         0      0        0
  MONTH TO DATE    0                         0      0        0
  SINCE DEC 1      0                         0      0        0
  SINCE JAN 1      0                         0      0        0
..................................................................


WIND (MPH)
  HIGHEST WIND SPEED    21   HIGHEST WIND DIRECTION    NE (30)
  HIGHEST GUST SPEED    27   HIGHEST GUST DIRECTION    NE (30)
  AVERAGE WIND SPEED    12.4


SKY COVER
  AVERAGE SKY COVER 1.0


WEATHER CONDITIONS
 THE FOLLOWING WEATHER WAS RECORDED YESTERDAY.
  RAIN
  LIGHT RAIN
  FOG


RELATIVE HUMIDITY (PERCENT)
 HIGHEST   100           600 AM
 LOWEST     92          1200 AM
 AVERAGE    96

..........................................................


THE NEWARK NJ CLIMATE NORMALS FOR TODAY
                         NORMAL    RECORD    YEAR
 MAXIMUM TEMPERATURE (F)   39        68      2000
 MINIMUM TEMPERATURE (F)   25         1      1981


SUNRISE AND SUNSET
JANUARY  4 2017.......SUNRISE   721 AM EST   SUNSET   443 PM EST
JANUARY  5 2017.......SUNRISE   721 AM EST   SUNSET   444 PM EST


-  INDICATES NEGATIVE NUMBERS.
R  INDICATES RECORD WAS SET OR TIED.
MM INDICATES DATA IS MISSING.
T  INDICATES TRACE AMOUNT.




$$
