000
CDUS41 KOKX 060619
CLIEWR


CLIMATE REPORT
NATIONAL WEATHER SERVICE NEW YORK NY
218 AM EDT SAT MAY 6 2017


...................................

...THE NEWARK NJ CLIMATE SUMMARY FOR MAY 5 2017...

CLIMATE NORMAL PERIOD 1981 TO 2010
CLIMATE RECORD PERIOD 1929 TO 2017


WEATHER ITEM   OBSERVED TIME   RECORD YEAR NORMAL DEPARTURE LAST
                VALUE   (LST)  VALUE       VALUE  FROM      YEAR
                                                  NORMAL
..................................................................
TEMPERATURE (F)
 YESTERDAY
  MAXIMUM         60    656 PM  94    1949  69     -9       59
  MINIMUM         53    105 PM  38    1966  50      3       46
  AVERAGE         57                        59     -2       53

PRECIPITATION (IN)
  YESTERDAY        3.05R         0.99 1988   0.13   2.92      T
  MONTH TO DATE    3.05                      0.61   2.44     0.95
  SINCE MAR 1     11.61                      8.99   2.62     3.45
  SINCE JAN 1     18.35                     15.41   2.94    11.50

SNOWFALL (IN)
  YESTERDAY        0.0           0.0  2002   0.0    0.0      0.0
                                      2001
  MONTH TO DATE    0.0                       0.0    0.0      0.0
  SINCE OCT 1     30.0                      28.5    1.5     32.8
  SINCE JUL 1     30.0                      28.5    1.5     32.8
  SNOW DEPTH       0

DEGREE DAYS
 HEATING
  YESTERDAY        8                         7      1       12
  MONTH TO DATE   29                        36     -7       65
  SINCE MAR 1   1066                      1121    -55      921
  SINCE JUL 1   4075                      4756   -681     3794

 COOLING
  YESTERDAY        0                         1     -1        0
  MONTH TO DATE    5                         5      0        0
  SINCE MAR 1     41                        17     24       18
  SINCE JAN 1     41                        17     24       18
..................................................................


WIND (MPH)
  HIGHEST WIND SPEED    20   HIGHEST WIND DIRECTION     E (90)
  HIGHEST GUST SPEED    28   HIGHEST GUST DIRECTION     E (90)
  AVERAGE WIND SPEED    10.6


SKY COVER
  AVERAGE SKY COVER 1.0


WEATHER CONDITIONS
 THE FOLLOWING WEATHER WAS RECORDED YESTERDAY.
  THUNDERSTORM
  HEAVY RAIN
  RAIN
  LIGHT RAIN
  FOG


RELATIVE HUMIDITY (PERCENT)
 HIGHEST   100          1200 PM
 LOWEST     71          1200 AM
 AVERAGE    86

..........................................................


THE NEWARK NJ CLIMATE NORMALS FOR TODAY
                         NORMAL    RECORD    YEAR
 MAXIMUM TEMPERATURE (F)   69        93      1949
 MINIMUM TEMPERATURE (F)   50        40      1967
                                             1931


SUNRISE AND SUNSET
MAY  6 2017...........SUNRISE   549 AM EDT   SUNSET   758 PM EDT
MAY  7 2017...........SUNRISE   548 AM EDT   SUNSET   759 PM EDT


-  INDICATES NEGATIVE NUMBERS.
R  INDICATES RECORD WAS SET OR TIED.
MM INDICATES DATA IS MISSING.
T  INDICATES TRACE AMOUNT.




$$
