000
CDUS41 KOKX 152145
CLIEWR


CLIMATE REPORT
NATIONAL WEATHER SERVICE NEW YORK NY
445 PM EST SUN FEB 15 2015


...................................

...THE NEWARK NJ CLIMATE SUMMARY FOR FEBRUARY 15 2015...
VALID TODAY AS OF 0400 PM LOCAL TIME.

CLIMATE NORMAL PERIOD 1981 TO 2010
CLIMATE RECORD PERIOD 1929 TO 2015


WEATHER ITEM   OBSERVED TIME   RECORD YEAR NORMAL DEPARTURE LAST
                VALUE   (LST)  VALUE       VALUE  FROM      YEAR
                                                  NORMAL
..................................................................
TEMPERATURE (F)
 TODAY
  MAXIMUM         25   1226 AM  76    1949  42    -17       37
  MINIMUM         13    756 AM  -7    1943  27    -14       26
  AVERAGE         19                        35    -16       32

PRECIPITATION (IN)
  TODAY            0.01          1.65 1984   0.10  -0.09     0.37
  MONTH TO DATE    1.29                      1.50  -0.21     4.38
  SINCE DEC 1     10.62                      8.85   1.77    11.78
  SINCE JAN 1      5.71                      5.04   0.67     7.16

SNOWFALL (IN)
  TODAY            0.2           4.2  1958   0.4   -0.2      2.8
  MONTH TO DATE    5.9                       5.1    0.8     28.2
  SINCE OCT 1     22.5                      18.8    3.7     58.4
  SINCE JUL 1     22.5                      18.8    3.7     58.4
  SNOW DEPTH       6

DEGREE DAYS
 HEATING
  TODAY           46                        30     16       33
  MONTH TO DATE  602                       475    127      548
  SINCE DEC 1   2490                      2391     99     2576
  SINCE JUL 1   3322                      3259     63     3446

 COOLING
  TODAY            0                         0      0        0
  MONTH TO DATE    0                         0      0        0
  SINCE DEC 1      0                         0      0        0
  SINCE JAN 1      0                         0      0        0
..................................................................


WIND (MPH)
  HIGHEST WIND SPEED    36   HIGHEST WIND DIRECTION    NW (330)
  HIGHEST GUST SPEED    46   HIGHEST GUST DIRECTION    NW (320)
  AVERAGE WIND SPEED    22.9


SKY COVER
  AVERAGE SKY COVER 0.8


WEATHER CONDITIONS
 THE FOLLOWING WEATHER WAS RECORDED TODAY.
  LIGHT SNOW
  BLOWING SNOW


RELATIVE HUMIDITY (PERCENT)
 HIGHEST    88          1200 AM
 LOWEST     39           400 PM
 AVERAGE    64

..........................................................


THE NEWARK NJ CLIMATE NORMALS FOR TOMORROW
                         NORMAL    RECORD    YEAR
 MAXIMUM TEMPERATURE (F)   43        74      1954
 MINIMUM TEMPERATURE (F)   27         0      1943


SUNRISE AND SUNSET
FEBRUARY 15 2015......SUNRISE   651 AM EST   SUNSET   531 PM EST
FEBRUARY 16 2015......SUNRISE   650 AM EST   SUNSET   532 PM EST


-  INDICATES NEGATIVE NUMBERS.
R  INDICATES RECORD WAS SET OR TIED.
MM INDICATES DATA IS MISSING.
T  INDICATES TRACE AMOUNT.




$$
