000
CDUS41 KOKX 150631
CLIEWR


CLIMATE REPORT
NATIONAL WEATHER SERVICE NEW YORK NY
131 AM EST FRI DEC 15 2017


...................................

...THE NEWARK NJ CLIMATE SUMMARY FOR DECEMBER 14 2017...

CLIMATE NORMAL PERIOD 1981 TO 2010
CLIMATE RECORD PERIOD 1929 TO 2017


WEATHER ITEM   OBSERVED TIME   RECORD YEAR NORMAL DEPARTURE LAST
                VALUE   (LST)  VALUE       VALUE  FROM      YEAR
                                                  NORMAL
..................................................................
TEMPERATURE (F)
 YESTERDAY
  MAXIMUM         34    204 PM  67    2015  44    -10       44
  MINIMUM         22   1159 PM  11    2005  30     -8       32
                                      1976
  AVERAGE         28                        37     -9       38

PRECIPITATION (IN)
  YESTERDAY        0.08          1.30 2003   0.12  -0.04      T
  MONTH TO DATE    0.76                      1.81  -1.05     1.27
  SINCE DEC 1      0.76                      1.81  -1.05     1.27
  SINCE JAN 1     46.61                     44.25   2.36    36.77

SNOWFALL (IN)
  YESTERDAY        1.7           4.3  2013   0.1    1.6      0.0
  MONTH TO DATE    6.0                       1.7    4.3      0.3
  SINCE OCT 1      6.0                       2.1    3.9      0.3
  SINCE JUL 1      6.0                       2.1    3.9      0.3
  SNOW DEPTH       2

DEGREE DAYS
 HEATING
  YESTERDAY       37                        28      9       27
  MONTH TO DATE  359                       362     -3      349
  SINCE DEC 1    359                       362     -3      349
  SINCE JUL 1   1044                      1230   -186     1032

 COOLING
  YESTERDAY        0                         0      0        0
  MONTH TO DATE    0                         0      0        0
  SINCE DEC 1      0                         0      0        0
  SINCE JAN 1   1316                      1192    124     1571
..................................................................


WIND (MPH)
  HIGHEST WIND SPEED    22   HIGHEST WIND DIRECTION    NW (320)
  HIGHEST GUST SPEED    30   HIGHEST GUST DIRECTION    NW (300)
  AVERAGE WIND SPEED    10.5


SKY COVER
  AVERAGE SKY COVER 0.7


WEATHER CONDITIONS
 THE FOLLOWING WEATHER WAS RECORDED YESTERDAY.
  LIGHT SNOW
  FOG


RELATIVE HUMIDITY (PERCENT)
 HIGHEST    88           100 AM
 LOWEST     40           900 PM
 AVERAGE    64

..........................................................


THE NEWARK NJ CLIMATE NORMALS FOR TODAY
                         NORMAL    RECORD    YEAR
 MAXIMUM TEMPERATURE (F)   44        68      2015
 MINIMUM TEMPERATURE (F)   30        12      2005


SUNRISE AND SUNSET
DECEMBER 15 2017......SUNRISE   714 AM EST   SUNSET   430 PM EST
DECEMBER 16 2017......SUNRISE   714 AM EST   SUNSET   431 PM EST


-  INDICATES NEGATIVE NUMBERS.
R  INDICATES RECORD WAS SET OR TIED.
MM INDICATES DATA IS MISSING.
T  INDICATES TRACE AMOUNT.




$$
