563
CDUS41 KOKX 120618
CLIEWR


CLIMATE REPORT
NATIONAL WEATHER SERVICE NEW YORK NY
217 AM EDT MON JUN 12 2017


...................................

...THE NEWARK NJ CLIMATE SUMMARY FOR JUNE 11 2017...

CLIMATE NORMAL PERIOD 1981 TO 2010
CLIMATE RECORD PERIOD 1929 TO 2017


WEATHER ITEM   OBSERVED TIME   RECORD YEAR NORMAL DEPARTURE LAST
                VALUE   (LST)  VALUE       VALUE  FROM      YEAR
                                                  NORMAL
..................................................................
TEMPERATURE (F)
 YESTERDAY
  MAXIMUM         94    404 PM  96    2000  80     14       91
                                      1984
  MINIMUM         67    420 AM  46    1980  62      5       55
                                      1972
  AVERAGE         81                        71     10       73

PRECIPITATION (IN)
  YESTERDAY        0.00          0.82 2000   0.15  -0.15     0.00
  MONTH TO DATE    0.23                      1.58  -1.35     1.63
  SINCE JUN 1      0.23                      1.58  -1.35     1.63
  SINCE JAN 1     22.77                     20.47   2.30    16.03

SNOWFALL (IN)
  YESTERDAY        0.0           0.0  2002   0.0    0.0      0.0
                                      2001
  MONTH TO DATE    0.0                       0.0    0.0      0.0
  SINCE OCT 1     30.0                      28.5    1.5     32.8
  SINCE JUL 1     30.0                      28.5    1.5     32.8
  SNOW DEPTH       0

DEGREE DAYS
 HEATING
  YESTERDAY        0                         1     -1        0
  MONTH TO DATE   18                        13      5        4
  SINCE JUN 1     18                        13      5        4
  SINCE JUL 1   4233                      4868   -635     3899

 COOLING
  YESTERDAY       16                         7      9        8
  MONTH TO DATE   41                        62    -21       64
  SINCE JUN 1     41                        62    -21       64
  SINCE JAN 1    136                       138     -2      182
..................................................................


WIND (MPH)
  HIGHEST WIND SPEED    24   HIGHEST WIND DIRECTION     W (250)
  HIGHEST GUST SPEED    33   HIGHEST GUST DIRECTION    SW (230)
  AVERAGE WIND SPEED    11.2


SKY COVER
  AVERAGE SKY COVER 0.5


WEATHER CONDITIONS
 THE FOLLOWING WEATHER WAS RECORDED YESTERDAY.
  NO SIGNIFICANT WEATHER WAS OBSERVED.


RELATIVE HUMIDITY (PERCENT)
 HIGHEST    76           500 AM
 LOWEST     30           300 PM
 AVERAGE    53

..........................................................


THE NEWARK NJ CLIMATE NORMALS FOR TODAY
                         NORMAL    RECORD    YEAR
 MAXIMUM TEMPERATURE (F)   81        95      1973
 MINIMUM TEMPERATURE (F)   62        47      1951


SUNRISE AND SUNSET
JUNE 12 2017..........SUNRISE   525 AM EDT   SUNSET   828 PM EDT
JUNE 13 2017..........SUNRISE   525 AM EDT   SUNSET   829 PM EDT


-  INDICATES NEGATIVE NUMBERS.
R  INDICATES RECORD WAS SET OR TIED.
MM INDICATES DATA IS MISSING.
T  INDICATES TRACE AMOUNT.




$$
