000
CDUS41 KOKX 110617
CLIEWR


CLIMATE REPORT
NATIONAL WEATHER SERVICE NEW YORK NY
217 AM EDT TUE APR 11 2017


...................................

...THE NEWARK NJ CLIMATE SUMMARY FOR APRIL 10 2017...

CLIMATE NORMAL PERIOD 1981 TO 2010
CLIMATE RECORD PERIOD 1929 TO 2017


WEATHER ITEM   OBSERVED TIME   RECORD YEAR NORMAL DEPARTURE LAST
                VALUE   (LST)  VALUE       VALUE  FROM      YEAR
                                                  NORMAL
..................................................................
TEMPERATURE (F)
 YESTERDAY
  MAXIMUM         82R   415 PM  82    1955  60     22       52
  MINIMUM         48    505 AM  28    1997  42      6       31
  AVERAGE         65                        51     14       42

PRECIPITATION (IN)
  YESTERDAY        0.00          2.57 1983   0.15  -0.15     0.00
  MONTH TO DATE    2.04                      1.47   0.57     0.81
  SINCE MAR 1      7.11                      5.65   1.46     2.19
  SINCE JAN 1     13.85                     12.07   1.78    10.24

SNOWFALL (IN)
  YESTERDAY        0.0           0.3  1974   0.0    0.0      0.0
  MONTH TO DATE    0.0                       0.5   -0.5       T
  SINCE OCT 1     30.0                      28.1    1.9     32.8
  SINCE JUL 1     30.0                      28.1    1.9     32.8
  SNOW DEPTH       0

DEGREE DAYS
 HEATING
  YESTERDAY        0                        14    -14       23
  MONTH TO DATE  136                       159    -23      204
  SINCE MAR 1    908                       868     40      698
  SINCE JUL 1   3917                      4503   -586     3571

 COOLING
  YESTERDAY        0                         0      0        0
  MONTH TO DATE    0                         0      0        6
  SINCE MAR 1      0                         1     -1       11
  SINCE JAN 1      0                         1     -1       11
..................................................................


WIND (MPH)
  HIGHEST WIND SPEED    23   HIGHEST WIND DIRECTION    SW (230)
  HIGHEST GUST SPEED    29   HIGHEST GUST DIRECTION    SW (230)
  AVERAGE WIND SPEED     9.3


SKY COVER
  AVERAGE SKY COVER 0.7


WEATHER CONDITIONS
 THE FOLLOWING WEATHER WAS RECORDED YESTERDAY.
  NO SIGNIFICANT WEATHER WAS OBSERVED.


RELATIVE HUMIDITY (PERCENT)
 HIGHEST    61           500 AM
 LOWEST     21           300 PM
 AVERAGE    41

..........................................................


THE NEWARK NJ CLIMATE NORMALS FOR TODAY
                         NORMAL    RECORD    YEAR
 MAXIMUM TEMPERATURE (F)   60        87      2011
 MINIMUM TEMPERATURE (F)   42        29      1976
                                             1938


SUNRISE AND SUNSET
APRIL 11 2017.........SUNRISE   624 AM EDT   SUNSET   732 PM EDT
APRIL 12 2017.........SUNRISE   622 AM EDT   SUNSET   733 PM EDT


-  INDICATES NEGATIVE NUMBERS.
R  INDICATES RECORD WAS SET OR TIED.
MM INDICATES DATA IS MISSING.
T  INDICATES TRACE AMOUNT.




$$
