000
CDUS41 KOKX 270624
CLIEWR


CLIMATE REPORT
NATIONAL WEATHER SERVICE NEW YORK NY
224 AM EDT THU MAR 27 2014


...................................

...THE NEWARK NJ CLIMATE SUMMARY FOR MARCH 26 2014...

CLIMATE NORMAL PERIOD 1981 TO 2010
CLIMATE RECORD PERIOD 1929 TO 2014


WEATHER ITEM   OBSERVED TIME   RECORD YEAR NORMAL DEPARTURE LAST
                VALUE   (LST)  VALUE       VALUE  FROM      YEAR
                                                  NORMAL
..................................................................
TEMPERATURE (F)
 YESTERDAY
  MAXIMUM         38   1228 PM  73    1986  54    -16       53
                                      1943
  MINIMUM         24   1159 PM  19    1960  37    -13       36
  AVERAGE         31                        45    -14       45

PRECIPITATION (IN)
  YESTERDAY        0.00          1.56 1978   0.14  -0.14      T
  MONTH TO DATE    0.89                      3.46  -2.57     2.91
  SINCE MAR 1      0.89                      3.46  -2.57     2.91
  SINCE JAN 1      8.61                      9.88  -1.27     9.25

SNOWFALL (IN)
  YESTERDAY        0.0           0.7  1955   0.1   -0.1      0.0
  MONTH TO DATE    0.2                       4.2   -4.0      8.8
  SINCE OCT 1     60.7                      27.2   33.5     29.5
  SINCE JUL 1     60.7                      27.2   33.5     29.5
  SNOW DEPTH       0

DEGREE DAYS
 HEATING
  YESTERDAY       34                        20     14       20
  MONTH TO DATE  734                       616    118      668
  SINCE MAR 1    734                       616    118      668
  SINCE JUL 1   4609                      4251    358     4048

 COOLING
  YESTERDAY        0                         0      0        0
  MONTH TO DATE    0                         0      0        0
  SINCE MAR 1      0                         0      0        0
  SINCE JAN 1      0                         0      0        0
..................................................................


WIND (MPH)
  HIGHEST WIND SPEED    36   HIGHEST WIND DIRECTION    NW (320)
  HIGHEST GUST SPEED    48   HIGHEST GUST DIRECTION    NW (320)
  AVERAGE WIND SPEED    22.0


SKY COVER
  AVERAGE SKY COVER 0.5


WEATHER CONDITIONS
 THE FOLLOWING WEATHER WAS RECORDED YESTERDAY.
  NO SIGNIFICANT WEATHER WAS OBSERVED.


RELATIVE HUMIDITY (PERCENT)
 HIGHEST    51           100 AM
 LOWEST     23           100 PM
 AVERAGE    37

..........................................................


THE NEWARK NJ CLIMATE NORMALS FOR TODAY
                         NORMAL    RECORD    YEAR
 MAXIMUM TEMPERATURE (F)   55        84      1998
 MINIMUM TEMPERATURE (F)   37        23      2001
                                             1975


SUNRISE AND SUNSET
MARCH 27 2014.........SUNRISE   649 AM EDT   SUNSET   716 PM EDT
MARCH 28 2014.........SUNRISE   647 AM EDT   SUNSET   717 PM EDT


-  INDICATES NEGATIVE NUMBERS.
R  INDICATES RECORD WAS SET OR TIED.
MM INDICATES DATA IS MISSING.
T  INDICATES TRACE AMOUNT.




$$
