000
CDUS41 KOKX 180823
CLIEWR


CLIMATE REPORT
NATIONAL WEATHER SERVICE NEW YORK NY
418 AM EDT TUE AUG 18 2015


...................................

...THE NEWARK NJ CLIMATE SUMMARY FOR AUGUST 17 2015...

CLIMATE NORMAL PERIOD 1981 TO 2010
CLIMATE RECORD PERIOD 1929 TO 2015


WEATHER ITEM   OBSERVED TIME   RECORD YEAR NORMAL DEPARTURE LAST
                VALUE   (LST)  VALUE       VALUE  FROM      YEAR
                                                  NORMAL
..................................................................
TEMPERATURE (F)
 YESTERDAY
  MAXIMUM         97R   359 PM  97    2015  84     13       86
                                      1987
  MINIMUM         73    531 AM  55    1979  68      5       65
  AVERAGE         85                        76      9       76

PRECIPITATION (IN)
  YESTERDAY        0.00          3.44 1974   0.11  -0.11      T
  MONTH TO DATE    1.21                      2.25  -1.04     1.17
  SINCE JUN 1      9.80                     11.03  -1.23    10.68
  SINCE JAN 1     27.41                     29.92  -2.51    34.03

SNOWFALL (IN)
  YESTERDAY        0.0           0.0  2002   0.0    0.0      0.0
                                      2001
  MONTH TO DATE    0.0                       0.0    0.0      0.0
  SINCE OCT 1     46.4                      28.5   17.9     61.1
  SINCE JUL 1      0.0                       0.0    0.0      0.0
  SNOW DEPTH       0

DEGREE DAYS
 HEATING
  YESTERDAY        0                         0      0        0
  MONTH TO DATE    0                         0      0        0
  SINCE JUN 1     29                        17     12        0
  SINCE JUL 1      0                         0      0        0

 COOLING
  YESTERDAY       20                        11      9       11
  MONTH TO DATE  236                       198     38      171
  SINCE JUN 1    926                       820    106      794
  SINCE JAN 1   1086                       896    190      856
..................................................................


WIND (MPH)
  HIGHEST WIND SPEED    13   HIGHEST WIND DIRECTION    SW (240)
  HIGHEST GUST SPEED    18   HIGHEST GUST DIRECTION     W (290)
  AVERAGE WIND SPEED     7.5


SKY COVER
  AVERAGE SKY COVER 0.3


WEATHER CONDITIONS
 THE FOLLOWING WEATHER WAS RECORDED YESTERDAY.
  NO SIGNIFICANT WEATHER WAS OBSERVED.


RELATIVE HUMIDITY (PERCENT)
 HIGHEST    73           400 AM
 LOWEST     27           400 PM
 AVERAGE    50

..........................................................


THE NEWARK NJ CLIMATE NORMALS FOR TODAY
                         NORMAL    RECORD    YEAR
 MAXIMUM TEMPERATURE (F)   84        97      2002
 MINIMUM TEMPERATURE (F)   68        52      1941


SUNRISE AND SUNSET
AUGUST 18 2015........SUNRISE   610 AM EDT   SUNSET   751 PM EDT
AUGUST 19 2015........SUNRISE   611 AM EDT   SUNSET   749 PM EDT


-  INDICATES NEGATIVE NUMBERS.
R  INDICATES RECORD WAS SET OR TIED.
MM INDICATES DATA IS MISSING.
T  INDICATES TRACE AMOUNT.




$$
