000
CDUS41 KOKX 172140
CLIEWR


CLIMATE REPORT
NATIONAL WEATHER SERVICE NEW YORK NY
440 PM EST TUE FEB 17 2015


...................................

...THE NEWARK NJ CLIMATE SUMMARY FOR FEBRUARY 17 2015...
VALID TODAY AS OF 0400 PM LOCAL TIME.

CLIMATE NORMAL PERIOD 1981 TO 2010
CLIMATE RECORD PERIOD 1929 TO 2015


WEATHER ITEM   OBSERVED TIME   RECORD YEAR NORMAL DEPARTURE LAST
                VALUE   (LST)  VALUE       VALUE  FROM      YEAR
                                                  NORMAL
..................................................................
TEMPERATURE (F)
 TODAY
  MAXIMUM         29    316 PM  66    2011  43    -14       33
                                      1976
  MINIMUM         13    756 AM   0    1979  27    -14       15
  AVERAGE         21                        35    -14       24

PRECIPITATION (IN)
  TODAY            0.10          0.94 2003   0.10   0.00     0.00
  MONTH TO DATE    1.39                      1.70  -0.31     4.38
  SINCE DEC 1     10.72                      9.05   1.67    11.78
  SINCE JAN 1      5.81                      5.24   0.57     7.16

SNOWFALL (IN)
  TODAY            3.2          18.6  2003   0.4    2.8      0.0
  MONTH TO DATE    9.1                       5.8    3.3     28.2
  SINCE OCT 1     25.7                      19.5    6.2     58.4
  SINCE JUL 1     25.7                      19.5    6.2     58.4
  SNOW DEPTH       8

DEGREE DAYS
 HEATING
  TODAY           44                        30     14       41
  MONTH TO DATE  704                       535    169      629
  SINCE DEC 1   2592                      2451    141     2657
  SINCE JUL 1   3424                      3319    105     3527

 COOLING
  TODAY            0                         0      0        0
  MONTH TO DATE    0                         0      0        0
  SINCE DEC 1      0                         0      0        0
  SINCE JAN 1      0                         0      0        0
..................................................................


WIND (MPH)
  HIGHEST WIND SPEED    16   HIGHEST WIND DIRECTION     N (10)
  HIGHEST GUST SPEED    21   HIGHEST GUST DIRECTION     W (280)
  AVERAGE WIND SPEED     9.2


SKY COVER
  AVERAGE SKY COVER 0.9


WEATHER CONDITIONS
 THE FOLLOWING WEATHER WAS RECORDED TODAY.
  LIGHT SNOW


RELATIVE HUMIDITY (PERCENT)
 HIGHEST    88           400 AM
 LOWEST     34          1200 AM
 AVERAGE    61

..........................................................


THE NEWARK NJ CLIMATE NORMALS FOR TOMORROW
                         NORMAL    RECORD    YEAR
 MAXIMUM TEMPERATURE (F)   43        71      2011
 MINIMUM TEMPERATURE (F)   27        -1      1979


SUNRISE AND SUNSET
FEBRUARY 17 2015......SUNRISE   648 AM EST   SUNSET   534 PM EST
FEBRUARY 18 2015......SUNRISE   647 AM EST   SUNSET   535 PM EST


-  INDICATES NEGATIVE NUMBERS.
R  INDICATES RECORD WAS SET OR TIED.
MM INDICATES DATA IS MISSING.
T  INDICATES TRACE AMOUNT.




$$
