000
CDUS41 KOKX 200618
CLIEWR


CLIMATE REPORT
NATIONAL WEATHER SERVICE NEW YORK NY
118 AM EST TUE JAN 20 2015


...................................

...THE NEWARK NJ CLIMATE SUMMARY FOR JANUARY 19 2015...

CLIMATE NORMAL PERIOD 1981 TO 2010
CLIMATE RECORD PERIOD 1929 TO 2015


WEATHER ITEM   OBSERVED TIME   RECORD YEAR NORMAL DEPARTURE LAST
                VALUE   (LST)  VALUE       VALUE  FROM      YEAR
                                                  NORMAL
..................................................................
TEMPERATURE (F)
 YESTERDAY
  MAXIMUM         43    132 PM  64    1951  39      4       37
  MINIMUM         34    712 AM  -2    1994  24     10       22
  AVERAGE         39                        31      8       30

PRECIPITATION (IN)
  YESTERDAY        T             1.93 1936   0.11  -0.11     0.00
  MONTH TO DATE    3.32                      2.24   1.08     2.29
  SINCE DEC 1      8.23                      6.05   2.18     6.91
  SINCE JAN 1      3.32                      2.24   1.08     2.29

SNOWFALL (IN)
  YESTERDAY        T             6.3  1961   0.2   -0.2      0.0
  MONTH TO DATE    2.4                       4.7   -2.3      9.1
  SINCE OCT 1      4.1                      10.5   -6.4     18.5
  SINCE JUL 1      4.1                      10.5   -6.4     18.5
  SNOW DEPTH       0

DEGREE DAYS
 HEATING
  YESTERDAY       26                        34     -8       35
  MONTH TO DATE  690                       636     54      645
  SINCE DEC 1   1455                      1518    -63     1507
  SINCE JUL 1   2287                      2386    -99     2377

 COOLING
  YESTERDAY        0                         0      0        0
  MONTH TO DATE    0                         0      0        0
  SINCE DEC 1      0                         0      0        0
  SINCE JAN 1      0                         0      0        0
..................................................................


WIND (MPH)
  HIGHEST WIND SPEED    24   HIGHEST WIND DIRECTION     W (280)
  HIGHEST GUST SPEED    32   HIGHEST GUST DIRECTION     W (280)
  AVERAGE WIND SPEED    14.0


SKY COVER
  AVERAGE SKY COVER 0.7


WEATHER CONDITIONS
 THE FOLLOWING WEATHER WAS RECORDED YESTERDAY.
  LIGHT RAIN
  SNOW


RELATIVE HUMIDITY (PERCENT)
 HIGHEST    92           100 AM
 LOWEST     53           200 PM
 AVERAGE    73

..........................................................


THE NEWARK NJ CLIMATE NORMALS FOR TODAY
                         NORMAL    RECORD    YEAR
 MAXIMUM TEMPERATURE (F)   39        62      2006
                                             1951
                                             1947
 MINIMUM TEMPERATURE (F)   24        -3      1985


SUNRISE AND SUNSET
JANUARY 20 2015.......SUNRISE   716 AM EST   SUNSET   459 PM EST
JANUARY 21 2015.......SUNRISE   716 AM EST   SUNSET   501 PM EST


-  INDICATES NEGATIVE NUMBERS.
R  INDICATES RECORD WAS SET OR TIED.
MM INDICATES DATA IS MISSING.
T  INDICATES TRACE AMOUNT.




$$
