000
CDUS41 KOKX 112049
CLIEWR


CLIMATE REPORT
NATIONAL WEATHER SERVICE NEW YORK NY
449 PM EDT MON APR 11 2016


...................................

...THE NEWARK NJ CLIMATE SUMMARY FOR APRIL 11 2016...
VALID TODAY AS OF 0400 PM LOCAL TIME.

CLIMATE NORMAL PERIOD 1981 TO 2010
CLIMATE RECORD PERIOD 1929 TO 2016


WEATHER ITEM   OBSERVED TIME   RECORD YEAR NORMAL DEPARTURE LAST
                VALUE   (LST)  VALUE       VALUE  FROM      YEAR
                                                  NORMAL
..................................................................
TEMPERATURE (F)
 TODAY
  MAXIMUM         67    259 PM  87    2011  60      7       61
  MINIMUM         42   1235 AM  29    1976  42      0       45
                                      1938
  AVERAGE         55                        51      4       53

PRECIPITATION (IN)
  TODAY            T             0.78 1934   0.15  -0.15     0.00
  MONTH TO DATE    0.81                      1.62  -0.81     0.39
  SINCE MAR 1      2.19                      5.80  -3.61     5.02
  SINCE JAN 1     10.24                     12.22  -1.98    11.50

SNOWFALL (IN)
  TODAY            0.0           T    1986   0.0    0.0      0.0
  MONTH TO DATE    T                         0.5   -0.5      0.0
  SINCE OCT 1     36.4                      28.1    8.3     46.4
  SINCE JUL 1     36.4                      28.1    8.3     46.4
  SNOW DEPTH       0

DEGREE DAYS
 HEATING
  TODAY           10                        14     -4       12
  MONTH TO DATE  214                       173     41      166
  SINCE MAR 1    708                       882   -174     1005
  SINCE JUL 1   3581                      4517   -936     4908

 COOLING
  TODAY            0                         0      0        0
  MONTH TO DATE    6                         0      6        0
  SINCE MAR 1     11                         1     10        0
  SINCE JAN 1     11                         1     10        0
..................................................................


WIND (MPH)
  HIGHEST WIND SPEED    26   HIGHEST WIND DIRECTION     S (200)
  HIGHEST GUST SPEED    33   HIGHEST GUST DIRECTION     S (190)
  AVERAGE WIND SPEED    12.8


SKY COVER
  AVERAGE SKY COVER 0.9


WEATHER CONDITIONS
 THE FOLLOWING WEATHER WAS RECORDED TODAY.
  LIGHT RAIN


RELATIVE HUMIDITY (PERCENT)
 HIGHEST    71           700 AM
 LOWEST     32           300 PM
 AVERAGE    52

..........................................................


THE NEWARK NJ CLIMATE NORMALS FOR TOMORROW
                         NORMAL    RECORD    YEAR
 MAXIMUM TEMPERATURE (F)   61        90      1977
 MINIMUM TEMPERATURE (F)   43        27      1976
                                             1940


SUNRISE AND SUNSET
APRIL 11 2016.........SUNRISE   623 AM EDT   SUNSET   732 PM EDT
APRIL 12 2016.........SUNRISE   622 AM EDT   SUNSET   733 PM EDT


-  INDICATES NEGATIVE NUMBERS.
R  INDICATES RECORD WAS SET OR TIED.
MM INDICATES DATA IS MISSING.
T  INDICATES TRACE AMOUNT.




$$
