000
CDUS41 KOKX 010623
CLIEWR


CLIMATE REPORT
NATIONAL WEATHER SERVICE NEW YORK NY
222 AM EDT SAT APR 1 2017


...................................

...THE NEWARK NJ CLIMATE SUMMARY FOR MARCH 31 2017...

CLIMATE NORMAL PERIOD 1981 TO 2010
CLIMATE RECORD PERIOD 1929 TO 2017


WEATHER ITEM   OBSERVED TIME   RECORD YEAR NORMAL DEPARTURE LAST
                VALUE   (LST)  VALUE       VALUE  FROM      YEAR
                                                  NORMAL
..................................................................
TEMPERATURE (F)
 YESTERDAY
  MAXIMUM         42   1210 AM  85    1998  56    -14       74
  MINIMUM         38   1159 PM  22    1964  38      0       46
  AVERAGE         40                        47     -7       60

PRECIPITATION (IN)
  YESTERDAY        2.06          2.50 1934   0.14   1.92      T
  MONTH TO DATE    5.07                      4.18   0.89     1.38
  SINCE MAR 1      5.07                      4.18   0.89     1.38
  SINCE JAN 1     11.81                     10.60   1.21     9.43

SNOWFALL (IN)
  YESTERDAY        0.0           1.4  1980   0.1   -0.1      0.0
  MONTH TO DATE    9.4                       4.6    4.8      1.6
  SINCE OCT 1     30.0                      27.6    2.4     32.8
  SINCE JUL 1     30.0                      27.6    2.4     32.8
  SNOW DEPTH       0

DEGREE DAYS
 HEATING
  YESTERDAY       25                        18      7        5
  MONTH TO DATE  772                       709     63      494
  SINCE MAR 1    772                       709     63      494
  SINCE JUL 1   3781                      4344   -563     3367

 COOLING
  YESTERDAY        0                         0      0        0
  MONTH TO DATE    0                         1     -1        5
  SINCE MAR 1      0                         1     -1        5
  SINCE JAN 1      0                         1     -1        5
..................................................................


WIND (MPH)
  HIGHEST WIND SPEED    25   HIGHEST WIND DIRECTION    NE (40)
  HIGHEST GUST SPEED    35   HIGHEST GUST DIRECTION    NE (50)
  AVERAGE WIND SPEED    12.0


SKY COVER
  AVERAGE SKY COVER 1.0


WEATHER CONDITIONS
 THE FOLLOWING WEATHER WAS RECORDED YESTERDAY.
  HEAVY RAIN
  RAIN
  LIGHT RAIN
  FOG


RELATIVE HUMIDITY (PERCENT)
 HIGHEST   100           800 PM
 LOWEST     79           100 AM
 AVERAGE    90

..........................................................


THE NEWARK NJ CLIMATE NORMALS FOR TODAY
                         NORMAL    RECORD    YEAR
 MAXIMUM TEMPERATURE (F)   57        82      1978
 MINIMUM TEMPERATURE (F)   39        28      1969
                                             1964


SUNRISE AND SUNSET
APRIL  1 2017.........SUNRISE   640 AM EDT   SUNSET   722 PM EDT
APRIL  2 2017.........SUNRISE   638 AM EDT   SUNSET   723 PM EDT


-  INDICATES NEGATIVE NUMBERS.
R  INDICATES RECORD WAS SET OR TIED.
MM INDICATES DATA IS MISSING.
T  INDICATES TRACE AMOUNT.




$$
