000
CDUS41 KOKX 100616
CLIEWR


CLIMATE REPORT
NATIONAL WEATHER SERVICE NEW YORK NY
216 AM EDT WED SEP 10 2014


...................................

...THE NEWARK NJ CLIMATE SUMMARY FOR SEPTEMBER 9 2014...

CLIMATE NORMAL PERIOD 1981 TO 2010
CLIMATE RECORD PERIOD 1929 TO 2014


WEATHER ITEM   OBSERVED TIME   RECORD YEAR NORMAL DEPARTURE LAST
                VALUE   (LST)  VALUE       VALUE  FROM      YEAR
                                                  NORMAL
..................................................................
TEMPERATURE (F)
 YESTERDAY
  MAXIMUM         75   1246 PM  94    1964  79     -4       71
  MINIMUM         62    615 AM  48    1938  62      0       54
  AVERAGE         69                        71     -2       63

PRECIPITATION (IN)
  YESTERDAY        0.02          0.81 1942   0.12  -0.10     0.00
  MONTH TO DATE    0.36                      1.03  -0.67     0.14
  SINCE SEP 1      0.36                      1.03  -0.67     0.14
  SINCE JAN 1     34.98                     32.40   2.58    33.44

SNOWFALL (IN)
  YESTERDAY        0.0           0.0  2002   0.0    0.0      0.0
                                      2001
  MONTH TO DATE    0.0                       0.0    0.0      0.0
  SINCE OCT 1     61.1                      28.5   32.6     29.5
  SINCE JUL 1      0.0                       0.0    0.0      0.0
  SNOW DEPTH       0

DEGREE DAYS
 HEATING
  YESTERDAY        0                         0      0        2
  MONTH TO DATE    0                         0      0        3
  SINCE SEP 1      0                         0      0        3
  SINCE JUL 1      0                         1     -1        3

 COOLING
  YESTERDAY        4                         6     -2        0
  MONTH TO DATE  113                        65     48       61
  SINCE SEP 1    113                        65     48       61
  SINCE JAN 1   1098                      1099     -1     1232
..................................................................


WIND (MPH)
  HIGHEST WIND SPEED    16   HIGHEST WIND DIRECTION    NE (40)
  HIGHEST GUST SPEED    20   HIGHEST GUST DIRECTION    NE (40)
  AVERAGE WIND SPEED    10.6


SKY COVER
  AVERAGE SKY COVER 0.8


WEATHER CONDITIONS
 THE FOLLOWING WEATHER WAS RECORDED YESTERDAY.
  RAIN
  LIGHT RAIN
  FOG


RELATIVE HUMIDITY (PERCENT)
 HIGHEST    78           500 AM
 LOWEST     59          1200 AM
 AVERAGE    69

..........................................................


THE NEWARK NJ CLIMATE NORMALS FOR TODAY
                         NORMAL    RECORD    YEAR
 MAXIMUM TEMPERATURE (F)   79        98      1983
 MINIMUM TEMPERATURE (F)   62        44      1938


SUNRISE AND SUNSET
SEPTEMBER 10 2014.....SUNRISE   632 AM EDT   SUNSET   714 PM EDT
SEPTEMBER 11 2014.....SUNRISE   633 AM EDT   SUNSET   712 PM EDT


-  INDICATES NEGATIVE NUMBERS.
R  INDICATES RECORD WAS SET OR TIED.
MM INDICATES DATA IS MISSING.
T  INDICATES TRACE AMOUNT.




$$
