000
CDUS41 KOKX 070617
CLIEWR


CLIMATE REPORT
NATIONAL WEATHER SERVICE NEW YORK NY
216 AM EDT THU SEP 7 2017


...................................

...THE NEWARK NJ CLIMATE SUMMARY FOR SEPTEMBER 6 2017...

CLIMATE NORMAL PERIOD 1981 TO 2010
CLIMATE RECORD PERIOD 1929 TO 2017


WEATHER ITEM   OBSERVED TIME   RECORD YEAR NORMAL DEPARTURE LAST
                VALUE   (LST)  VALUE       VALUE  FROM      YEAR
                                                  NORMAL
..................................................................
TEMPERATURE (F)
 YESTERDAY
  MAXIMUM         71    837 AM  97    1983  80     -9       82
  MINIMUM         61   1155 PM  48    1938  63     -2       69
  AVERAGE         66                        72     -6       76

PRECIPITATION (IN)
  YESTERDAY        0.32          3.64 2008   0.12   0.20      T
  MONTH TO DATE    1.43                      0.68   0.75     0.21
  SINCE SEP 1      1.43                      0.68   0.75     0.21
  SINCE JAN 1     39.11                     32.05   7.06    24.02

SNOWFALL (IN)
  YESTERDAY        0.0           0.0  2002   0.0    0.0      0.0
                                      2001
  MONTH TO DATE    0.0                       0.0    0.0      0.0
  SINCE OCT 1     30.0                      28.5    1.5     32.8
  SINCE JUL 1      0.0                       0.0    0.0      0.0
  SNOW DEPTH       0

DEGREE DAYS
 HEATING
  YESTERDAY        0                         0      0        0
  MONTH TO DATE    7                         0      7        0
  SINCE SEP 1      7                         0      7        0
  SINCE JUL 1      7                         1      6        0

 COOLING
  YESTERDAY        1                         7     -6       11
  MONTH TO DATE   20                        46    -26       49
  SINCE SEP 1     20                        46    -26       49
  SINCE JAN 1   1048                      1080    -32     1359
..................................................................


WIND (MPH)
  HIGHEST WIND SPEED    23   HIGHEST WIND DIRECTION     N (340)
  HIGHEST GUST SPEED    27   HIGHEST GUST DIRECTION     N (340)
  AVERAGE WIND SPEED     9.1


SKY COVER
  AVERAGE SKY COVER 1.0


WEATHER CONDITIONS
 THE FOLLOWING WEATHER WAS RECORDED YESTERDAY.
  THUNDERSTORM
  RAIN
  LIGHT RAIN
  FOG


RELATIVE HUMIDITY (PERCENT)
 HIGHEST   100           900 PM
 LOWEST     78          1200 AM
 AVERAGE    89

..........................................................


THE NEWARK NJ CLIMATE NORMALS FOR TODAY
                         NORMAL    RECORD    YEAR
 MAXIMUM TEMPERATURE (F)   80        95      2015
 MINIMUM TEMPERATURE (F)   63        49      1984


SUNRISE AND SUNSET
SEPTEMBER  7 2017.....SUNRISE   630 AM EDT   SUNSET   719 PM EDT
SEPTEMBER  8 2017.....SUNRISE   631 AM EDT   SUNSET   717 PM EDT


-  INDICATES NEGATIVE NUMBERS.
R  INDICATES RECORD WAS SET OR TIED.
MM INDICATES DATA IS MISSING.
T  INDICATES TRACE AMOUNT.




$$
