000
CDUS41 KOKX 070616
CLIEWR


CLIMATE REPORT
NATIONAL WEATHER SERVICE NEW YORK NY
116 AM EST SUN DEC 7 2014


...................................

...THE NEWARK NJ CLIMATE SUMMARY FOR DECEMBER 6 2014...

CLIMATE NORMAL PERIOD 1981 TO 2010
CLIMATE RECORD PERIOD 1929 TO 2014


WEATHER ITEM   OBSERVED TIME   RECORD YEAR NORMAL DEPARTURE LAST
                VALUE   (LST)  VALUE       VALUE  FROM      YEAR
                                                  NORMAL
..................................................................
TEMPERATURE (F)
 YESTERDAY
  MAXIMUM         48    143 PM  74    2001  47      1       62
  MINIMUM         40   1159 PM  17    1954  33      7       37
  AVERAGE         44                        40      4       50

PRECIPITATION (IN)
  YESTERDAY        1.09          1.19 1996   0.13   0.96     0.80
  MONTH TO DATE    1.74                      0.79   0.95     0.81
  SINCE DEC 1      1.74                      0.79   0.95     0.81
  SINCE JAN 1     46.16                     43.23   2.93    39.13

SNOWFALL (IN)
  YESTERDAY        0.0           8.5  2003   0.1   -0.1      0.0
  MONTH TO DATE    T                         0.6   -0.6      0.0
  SINCE OCT 1      1.4                       1.0    0.4       T
  SINCE JUL 1      1.4                       1.0    0.4       T
  SNOW DEPTH       0

DEGREE DAYS
 HEATING
  YESTERDAY       21                        25     -4       15
  MONTH TO DATE  135                       147    -12      110
  SINCE DEC 1    135                       147    -12      110
  SINCE JUL 1    967                      1015    -48      980

 COOLING
  YESTERDAY        0                         0      0        0
  MONTH TO DATE    0                         0      0        0
  SINCE DEC 1      0                         0      0        0
  SINCE JAN 1   1175                      1192    -17     1337
..................................................................


WIND (MPH)
  HIGHEST WIND SPEED    26   HIGHEST WIND DIRECTION     N (10)
  HIGHEST GUST SPEED    35   HIGHEST GUST DIRECTION     N (360)
  AVERAGE WIND SPEED     6.1


SKY COVER
  AVERAGE SKY COVER 1.0


WEATHER CONDITIONS
 THE FOLLOWING WEATHER WAS RECORDED YESTERDAY.
  RAIN
  LIGHT RAIN
  FOG


RELATIVE HUMIDITY (PERCENT)
 HIGHEST   100          1200 AM
 LOWEST     86           100 PM
 AVERAGE    93

..........................................................


THE NEWARK NJ CLIMATE NORMALS FOR TODAY
                         NORMAL    RECORD    YEAR
 MAXIMUM TEMPERATURE (F)   46        76      1998
 MINIMUM TEMPERATURE (F)   32        16      1954


SUNRISE AND SUNSET
DECEMBER  7 2014......SUNRISE   707 AM EST   SUNSET   429 PM EST
DECEMBER  8 2014......SUNRISE   708 AM EST   SUNSET   429 PM EST


-  INDICATES NEGATIVE NUMBERS.
R  INDICATES RECORD WAS SET OR TIED.
MM INDICATES DATA IS MISSING.
T  INDICATES TRACE AMOUNT.




$$
