000
CDUS41 KOKX 170617
CLIEWR


CLIMATE REPORT
NATIONAL WEATHER SERVICE NEW YORK NY
217 AM EDT TUE MAR 17 2015


...................................

...THE NEWARK NJ CLIMATE SUMMARY FOR MARCH 16 2015...

CLIMATE NORMAL PERIOD 1981 TO 2010
CLIMATE RECORD PERIOD 1929 TO 2015


WEATHER ITEM   OBSERVED TIME   RECORD YEAR NORMAL DEPARTURE LAST
                VALUE   (LST)  VALUE       VALUE  FROM      YEAR
                                                  NORMAL
..................................................................
TEMPERATURE (F)
 YESTERDAY
  MAXIMUM         53    451 PM  82    1990  51      2       42
  MINIMUM         33    547 AM  17    1992  33      0       30
  AVERAGE         43                        42      1       36

PRECIPITATION (IN)
  YESTERDAY        0.00          1.21 1956   0.14  -0.14     0.00
  MONTH TO DATE    3.45                      2.03   1.42     0.27
  SINCE MAR 1      3.45                      2.03   1.42     0.27
  SINCE JAN 1      9.93                      8.45   1.48     7.99

SNOWFALL (IN)
  YESTERDAY        0.0           6.1  2004   0.2   -0.2      0.0
  MONTH TO DATE   12.4                       3.1    9.3      0.2
  SINCE OCT 1     42.5                      26.1   16.4     60.7
  SINCE JUL 1     42.5                      26.1   16.4     60.7
  SNOW DEPTH       0

DEGREE DAYS
 HEATING
  YESTERDAY       22                        23     -1       29
  MONTH TO DATE  457                       404     53      460
  SINCE MAR 1    457                       404     53      460
  SINCE JUL 1   4360                      4039    321     4335

 COOLING
  YESTERDAY        0                         0      0        0
  MONTH TO DATE    0                         0      0        0
  SINCE MAR 1      0                         0      0        0
  SINCE JAN 1      0                         0      0        0
..................................................................


WIND (MPH)
  HIGHEST WIND SPEED    20   HIGHEST WIND DIRECTION    NW (320)
  HIGHEST GUST SPEED    24   HIGHEST GUST DIRECTION    NW (320)
  AVERAGE WIND SPEED     6.5


SKY COVER
  AVERAGE SKY COVER 0.8


WEATHER CONDITIONS
 THE FOLLOWING WEATHER WAS RECORDED YESTERDAY.
  NO SIGNIFICANT WEATHER WAS OBSERVED.


RELATIVE HUMIDITY (PERCENT)
 HIGHEST    70           700 AM
 LOWEST     39           200 PM
 AVERAGE    55

..........................................................


THE NEWARK NJ CLIMATE NORMALS FOR TODAY
                         NORMAL    RECORD    YEAR
 MAXIMUM TEMPERATURE (F)   51        80      1945
 MINIMUM TEMPERATURE (F)   34        16      1981
                                             1967
                                             1941


SUNRISE AND SUNSET
MARCH 17 2015.........SUNRISE   705 AM EDT   SUNSET   705 PM EDT
MARCH 18 2015.........SUNRISE   704 AM EDT   SUNSET   706 PM EDT


-  INDICATES NEGATIVE NUMBERS.
R  INDICATES RECORD WAS SET OR TIED.
MM INDICATES DATA IS MISSING.
T  INDICATES TRACE AMOUNT.




$$
