000
CDUS41 KOKX 112133
CLIEWR


CLIMATE REPORT
NATIONAL WEATHER SERVICE NEW YORK NY
433 PM EST SAT MAR 11 2017


...................................

...THE NEWARK NJ CLIMATE SUMMARY FOR MARCH 11 2017...
VALID TODAY AS OF 0400 PM LOCAL TIME.

CLIMATE NORMAL PERIOD 1981 TO 2010
CLIMATE RECORD PERIOD 1929 TO 2017


WEATHER ITEM   OBSERVED TIME   RECORD YEAR NORMAL DEPARTURE LAST
                VALUE   (LST)  VALUE       VALUE  FROM      YEAR
                                                  NORMAL
..................................................................
TEMPERATURE (F)
 TODAY
  MAXIMUM         31    344 PM  71    1977  49    -18       69
  MINIMUM         18    612 AM  14    1960  32    -14       48
  AVERAGE         25                        40    -15       59

PRECIPITATION (IN)
  TODAY            T             1.53 1952   0.12  -0.12     0.03
  MONTH TO DATE    0.51                      1.37  -0.86     0.27
  SINCE MAR 1      0.51                      1.37  -0.86     0.27
  SINCE JAN 1      7.25                      7.79  -0.54     8.32

SNOWFALL (IN)
  TODAY            T             0.6  1981   0.2   -0.2      0.0
  MONTH TO DATE    2.4                       2.3    0.1      1.4
  SINCE OCT 1     23.0                      25.3   -2.3     32.6
  SINCE JUL 1     23.0                      25.3   -2.3     32.6
  SNOW DEPTH       0

DEGREE DAYS
 HEATING
  TODAY           40                        25     15        6
  MONTH TO DATE  258                       286    -28      198
  SINCE MAR 1    258                       286    -28      198
  SINCE JUL 1   3267                      3921   -654     3071

 COOLING
  TODAY            0                         0      0        0
  MONTH TO DATE    0                         0      0        5
  SINCE MAR 1      0                         0      0        5
  SINCE JAN 1      0                         0      0        5
..................................................................


WIND (MPH)
  HIGHEST WIND SPEED    31   HIGHEST WIND DIRECTION    NW (320)
  HIGHEST GUST SPEED    40   HIGHEST GUST DIRECTION    NW (330)
  AVERAGE WIND SPEED    18.1


SKY COVER
  AVERAGE SKY COVER 0.6


WEATHER CONDITIONS
 THE FOLLOWING WEATHER WAS RECORDED TODAY.
  LIGHT SNOW


RELATIVE HUMIDITY (PERCENT)
 HIGHEST    46          1200 AM
 LOWEST     34           100 PM
 AVERAGE    40

..........................................................


THE NEWARK NJ CLIMATE NORMALS FOR TOMORROW
                         NORMAL    RECORD    YEAR
 MAXIMUM TEMPERATURE (F)   49        73      2012
 MINIMUM TEMPERATURE (F)   32        13      1934


SUNRISE AND SUNSET
MARCH 11 2017.........SUNRISE   614 AM EST   SUNSET   559 PM EST
MARCH 12 2017.........SUNRISE   713 AM EDT   SUNSET   700 PM EDT


-  INDICATES NEGATIVE NUMBERS.
R  INDICATES RECORD WAS SET OR TIED.
MM INDICATES DATA IS MISSING.
T  INDICATES TRACE AMOUNT.




$$
