000
CDUS41 KOKX 070626
CLIEWR


CLIMATE REPORT
NATIONAL WEATHER SERVICE NEW YORK NY
226 AM EDT WED SEP 7 2016


...................................

...THE NEWARK NJ CLIMATE SUMMARY FOR SEPTEMBER 6 2016...

CLIMATE NORMAL PERIOD 1981 TO 2010
CLIMATE RECORD PERIOD 1929 TO 2016


WEATHER ITEM   OBSERVED TIME   RECORD YEAR NORMAL DEPARTURE LAST
                VALUE   (LST)  VALUE       VALUE  FROM      YEAR
                                                  NORMAL
..................................................................
TEMPERATURE (F)
 YESTERDAY
  MAXIMUM         82   1248 PM  97    1983  80      2       84
  MINIMUM         69   1159 PM  48    1938  63      6       60
  AVERAGE         76                        72      4       72

PRECIPITATION (IN)
  YESTERDAY        T             3.64 2008   0.12  -0.12     0.00
  MONTH TO DATE    0.21                      0.68  -0.47     0.00
  SINCE SEP 1      0.21                      0.68  -0.47     0.00
  SINCE JAN 1     24.02                     32.05  -8.03    27.60

SNOWFALL (IN)
  YESTERDAY        0.0           0.0  2002   0.0    0.0      0.0
                                      2001
  MONTH TO DATE    0.0                       0.0    0.0      0.0
  SINCE OCT 1     32.8                      28.5    4.3     46.4
  SINCE JUL 1      0.0                       0.0    0.0      0.0
  SNOW DEPTH       0

DEGREE DAYS
 HEATING
  YESTERDAY        0                         0      0        0
  MONTH TO DATE    0                         0      0        0
  SINCE SEP 1      0                         0      0        0
  SINCE JUL 1      0                         1     -1        0

 COOLING
  YESTERDAY       11                         7      4        7
  MONTH TO DATE   49                        46      3       81
  SINCE SEP 1     49                        46      3       81
  SINCE JAN 1   1359                      1080    279     1363
..................................................................


WIND (MPH)
  HIGHEST WIND SPEED    29   HIGHEST WIND DIRECTION     N (10)
  HIGHEST GUST SPEED    36   HIGHEST GUST DIRECTION     N (360)
  AVERAGE WIND SPEED    19.6


SKY COVER
  AVERAGE SKY COVER 0.7


WEATHER CONDITIONS
 THE FOLLOWING WEATHER WAS RECORDED YESTERDAY.
  LIGHT RAIN


RELATIVE HUMIDITY (PERCENT)
 HIGHEST    90          1100 PM
 LOWEST     50          1200 AM
 AVERAGE    70

..........................................................


THE NEWARK NJ CLIMATE NORMALS FOR TODAY
                         NORMAL    RECORD    YEAR
 MAXIMUM TEMPERATURE (F)   80        95      2015
 MINIMUM TEMPERATURE (F)   63        49      1984


SUNRISE AND SUNSET
SEPTEMBER  7 2016.....SUNRISE   630 AM EDT   SUNSET   718 PM EDT
SEPTEMBER  8 2016.....SUNRISE   631 AM EDT   SUNSET   717 PM EDT


-  INDICATES NEGATIVE NUMBERS.
R  INDICATES RECORD WAS SET OR TIED.
MM INDICATES DATA IS MISSING.
T  INDICATES TRACE AMOUNT.




$$
