000
CDUS41 KOKX 042139
CLIEWR


CLIMATE REPORT
NATIONAL WEATHER SERVICE NEW YORK NY
439 PM EST TUE NOV 4 2014


...................................

...THE NEWARK NJ CLIMATE SUMMARY FOR NOVEMBER 4 2014...
VALID TODAY AS OF 0400 PM LOCAL TIME.

CLIMATE NORMAL PERIOD 1981 TO 2010
CLIMATE RECORD PERIOD 1929 TO 2014


WEATHER ITEM   OBSERVED TIME   RECORD YEAR NORMAL DEPARTURE LAST
                VALUE   (LST)  VALUE       VALUE  FROM      YEAR
                                                  NORMAL
..................................................................
TEMPERATURE (F)
 TODAY
  MAXIMUM         71    230 PM  79    1994  59     12       47
  MINIMUM         49    710 AM  26    1951  42      7       32
  AVERAGE         60                        51      9       40

PRECIPITATION (IN)
  TODAY            0.00          1.79 1947   0.11  -0.11     0.00
  MONTH TO DATE    0.51                      0.47   0.04     0.13
  SINCE SEP 1      6.18                      7.89  -1.71     2.18
  SINCE JAN 1     40.80                     39.26   1.54    35.48

SNOWFALL (IN)
  TODAY            0.0           0.0  2002   0.0    0.0      0.0
                                      2001
  MONTH TO DATE    0.0                       0.0    0.0      0.0
  SINCE OCT 1      T                         0.0    0.0      0.0
  SINCE JUL 1      T                         0.0    0.0      0.0
  SNOW DEPTH       0

DEGREE DAYS
 HEATING
  TODAY            5                        14     -9       25
  MONTH TO DATE   60                        56      4       50
  SINCE SEP 1    268                       376   -108      307
  SINCE JUL 1    268                       377   -109      307

 COOLING
  TODAY            0                         0      0        0
  MONTH TO DATE    0                         0      0        0
  SINCE SEP 1    190                       157     33      166
  SINCE JAN 1   1175                      1191    -16     1337
..................................................................


WIND (MPH)
  HIGHEST WIND SPEED    17   HIGHEST WIND DIRECTION    SW (230)
  HIGHEST GUST SPEED    22   HIGHEST GUST DIRECTION     W (250)
  AVERAGE WIND SPEED     8.5


SKY COVER
  AVERAGE SKY COVER 0.8


WEATHER CONDITIONS
 THE FOLLOWING WEATHER WAS RECORDED TODAY.
  NO SIGNIFICANT WEATHER WAS OBSERVED.


RELATIVE HUMIDITY (PERCENT)
 HIGHEST    41           500 AM
 LOWEST     17           200 PM
 AVERAGE    29

..........................................................


THE NEWARK NJ CLIMATE NORMALS FOR TOMORROW
                         NORMAL    RECORD    YEAR
 MAXIMUM TEMPERATURE (F)   59        77      1959
 MINIMUM TEMPERATURE (F)   42        27      1933


SUNRISE AND SUNSET
NOVEMBER  4 2014......SUNRISE   630 AM EST   SUNSET   450 PM EST
NOVEMBER  5 2014......SUNRISE   632 AM EST   SUNSET   448 PM EST


-  INDICATES NEGATIVE NUMBERS.
R  INDICATES RECORD WAS SET OR TIED.
MM INDICATES DATA IS MISSING.
T  INDICATES TRACE AMOUNT.




$$
