000
CDUS41 KOKX 272031
CLIEWR


CLIMATE REPORT
NATIONAL WEATHER SERVICE NEW YORK NY
431 PM EDT MON OCT 27 2014


...................................

...THE NEWARK NJ CLIMATE SUMMARY FOR OCTOBER 27 2014...
VALID TODAY AS OF 0400 PM LOCAL TIME.

CLIMATE NORMAL PERIOD 1981 TO 2010
CLIMATE RECORD PERIOD 1929 TO 2014


WEATHER ITEM   OBSERVED TIME   RECORD YEAR NORMAL DEPARTURE LAST
                VALUE   (LST)  VALUE       VALUE  FROM      YEAR
                                                  NORMAL
..................................................................
TEMPERATURE (F)
 TODAY
  MAXIMUM         65    259 PM  81    1963  62      3       61
  MINIMUM         48    639 AM  27    1936  45      3       40
  AVERAGE         57                        53      4       51

PRECIPITATION (IN)
  TODAY            0.00          1.55 1987   0.11  -0.11     0.00
  MONTH TO DATE    4.12                      3.14   0.98     0.43
  SINCE SEP 1      5.64                      6.96  -1.32     1.97
  SINCE JAN 1     40.26                     38.33   1.93    35.27

SNOWFALL (IN)
  TODAY            0.0           T    1957   0.0    0.0      0.0
  MONTH TO DATE    T                         0.0    0.0      0.0
  SINCE OCT 1      T                         0.0    0.0      0.0
  SINCE JUL 1      T                         0.0    0.0      0.0
  SNOW DEPTH       0

DEGREE DAYS
 HEATING
  TODAY            8                        12     -4       14
  MONTH TO DATE  153                       225    -72      162
  SINCE SEP 1    172                       269    -97      209
  SINCE JUL 1    172                       270    -98      209

 COOLING
  TODAY            0                         0      0        0
  MONTH TO DATE   21                        14      7       47
  SINCE SEP 1    190                       154     36      166
  SINCE JAN 1   1175                      1188    -13     1337
..................................................................


WIND (MPH)
  HIGHEST WIND SPEED    17   HIGHEST WIND DIRECTION     W (280)
  HIGHEST GUST SPEED    22   HIGHEST GUST DIRECTION     W (280)
  AVERAGE WIND SPEED    10.3


SKY COVER
  AVERAGE SKY COVER 0.4


WEATHER CONDITIONS
 THE FOLLOWING WEATHER WAS RECORDED TODAY.
  NO SIGNIFICANT WEATHER WAS OBSERVED.


RELATIVE HUMIDITY (PERCENT)
 HIGHEST    61           200 AM
 LOWEST     34           200 PM
 AVERAGE    48

..........................................................


THE NEWARK NJ CLIMATE NORMALS FOR TOMORROW
                         NORMAL    RECORD    YEAR
 MAXIMUM TEMPERATURE (F)   61        82      1984
 MINIMUM TEMPERATURE (F)   44        25      1936


SUNRISE AND SUNSET
OCTOBER 27 2014.......SUNRISE   721 AM EDT   SUNSET   559 PM EDT
OCTOBER 28 2014.......SUNRISE   722 AM EDT   SUNSET   558 PM EDT


-  INDICATES NEGATIVE NUMBERS.
R  INDICATES RECORD WAS SET OR TIED.
MM INDICATES DATA IS MISSING.
T  INDICATES TRACE AMOUNT.




$$
