000
CDUS41 KOKX 170621
CLIEWR


CLIMATE REPORT
NATIONAL WEATHER SERVICE NEW YORK NY
221 AM EDT WED SEP 17 2014


...................................

...THE NEWARK NJ CLIMATE SUMMARY FOR SEPTEMBER 16 2014...

CLIMATE NORMAL PERIOD 1981 TO 2010
CLIMATE RECORD PERIOD 1929 TO 2014


WEATHER ITEM   OBSERVED TIME   RECORD YEAR NORMAL DEPARTURE LAST
                VALUE   (LST)  VALUE       VALUE  FROM      YEAR
                                                  NORMAL
..................................................................
TEMPERATURE (F)
 YESTERDAY
  MAXIMUM         72    309 PM  95    1991  77     -5       74
  MINIMUM         58    928 AM  42    1984  60     -2       55
  AVERAGE         65                        68     -3       65

PRECIPITATION (IN)
  YESTERDAY        0.53          6.22 1999   0.13   0.40     0.03
  MONTH TO DATE    1.11                      1.90  -0.79     0.77
  SINCE SEP 1      1.11                      1.90  -0.79     0.77
  SINCE JAN 1     35.73                     33.27   2.46    34.07

SNOWFALL (IN)
  YESTERDAY        0.0           0.0  2002   0.0    0.0      0.0
                                      2001
  MONTH TO DATE    0.0                       0.0    0.0      0.0
  SINCE OCT 1     61.1                      28.5   32.6     29.5
  SINCE JUL 1      0.0                       0.0    0.0      0.0
  SNOW DEPTH       0

DEGREE DAYS
 HEATING
  YESTERDAY        0                         1     -1        0
  MONTH TO DATE    5                         7     -2       11
  SINCE SEP 1      5                         7     -2       11
  SINCE JUL 1      5                         8     -3       11

 COOLING
  YESTERDAY        0                         4     -4        0
  MONTH TO DATE  136                       101     35      114
  SINCE SEP 1    136                       101     35      114
  SINCE JAN 1   1121                      1135    -14     1285
..................................................................


WIND (MPH)
  HIGHEST WIND SPEED    13   HIGHEST WIND DIRECTION     N (340)
  HIGHEST GUST SPEED    21   HIGHEST GUST DIRECTION    NW (310)
  AVERAGE WIND SPEED     5.4


SKY COVER
  AVERAGE SKY COVER 0.8


WEATHER CONDITIONS
 THE FOLLOWING WEATHER WAS RECORDED YESTERDAY.
  HEAVY RAIN
  RAIN
  LIGHT RAIN
  FOG


RELATIVE HUMIDITY (PERCENT)
 HIGHEST   100           900 AM
 LOWEST     49           400 PM
 AVERAGE    75

..........................................................


THE NEWARK NJ CLIMATE NORMALS FOR TODAY
                         NORMAL    RECORD    YEAR
 MAXIMUM TEMPERATURE (F)   76        95      1991
 MINIMUM TEMPERATURE (F)   59        44      1950


SUNRISE AND SUNSET
SEPTEMBER 17 2014.....SUNRISE   639 AM EDT   SUNSET   702 PM EDT
SEPTEMBER 18 2014.....SUNRISE   640 AM EDT   SUNSET   701 PM EDT


-  INDICATES NEGATIVE NUMBERS.
R  INDICATES RECORD WAS SET OR TIED.
MM INDICATES DATA IS MISSING.
T  INDICATES TRACE AMOUNT.




$$
