000
CDUS41 KOKX 280621
CLIEWR


CLIMATE REPORT
NATIONAL WEATHER SERVICE NEW YORK NY
220 AM EDT SUN AUG 28 2016


...................................

...THE NEWARK NJ CLIMATE SUMMARY FOR AUGUST 27 2016...

CLIMATE NORMAL PERIOD 1981 TO 2010
CLIMATE RECORD PERIOD 1929 TO 2016


WEATHER ITEM   OBSERVED TIME   RECORD YEAR NORMAL DEPARTURE LAST
                VALUE   (LST)  VALUE       VALUE  FROM      YEAR
                                                  NORMAL
..................................................................
TEMPERATURE (F)
 YESTERDAY
  MAXIMUM         88   1224 PM 100    1993  83      5       84
  MINIMUM         71    552 AM  52    1940  66      5       64
  AVERAGE         80                        74      6       74

PRECIPITATION (IN)
  YESTERDAY        0.00          5.93 1971   0.10  -0.10     0.00
  MONTH TO DATE    0.93                      3.32  -2.39     1.40
  SINCE JUN 1      9.41                     12.10  -2.69     9.99
  SINCE JAN 1     23.81                     30.99  -7.18    27.60

SNOWFALL (IN)
  YESTERDAY        0.0           0.0  2002   0.0    0.0      0.0
                                      2001
  MONTH TO DATE    0.0                       0.0    0.0      0.0
  SINCE OCT 1     32.8                      28.5    4.3     46.4
  SINCE JUL 1      0.0                       0.0    0.0      0.0
  SNOW DEPTH       0

DEGREE DAYS
 HEATING
  YESTERDAY        0                         0      0        0
  MONTH TO DATE    0                         0      0        0
  SINCE JUN 1      4                        17    -13       29
  SINCE JUL 1      0                         0      0        0

 COOLING
  YESTERDAY       15                         9      6        9
  MONTH TO DATE  409                       300    109      379
  SINCE JUN 1   1129                       922    207     1069
  SINCE JAN 1   1247                       998    249     1229
..................................................................


WIND (MPH)
  HIGHEST WIND SPEED    15   HIGHEST WIND DIRECTION    SE (140)
  HIGHEST GUST SPEED    20   HIGHEST GUST DIRECTION    SE (140)
  AVERAGE WIND SPEED     7.1


SKY COVER
  AVERAGE SKY COVER 0.5


WEATHER CONDITIONS
 THE FOLLOWING WEATHER WAS RECORDED YESTERDAY.
  NO SIGNIFICANT WEATHER WAS OBSERVED.


RELATIVE HUMIDITY (PERCENT)
 HIGHEST    73           500 AM
 LOWEST     34           400 PM
 AVERAGE    54

..........................................................


THE NEWARK NJ CLIMATE NORMALS FOR TODAY
                         NORMAL    RECORD    YEAR
 MAXIMUM TEMPERATURE (F)   82       102      1948
 MINIMUM TEMPERATURE (F)   66        51      1941


SUNRISE AND SUNSET
AUGUST 28 2016........SUNRISE   620 AM EDT   SUNSET   734 PM EDT
AUGUST 29 2016........SUNRISE   621 AM EDT   SUNSET   733 PM EDT


-  INDICATES NEGATIVE NUMBERS.
R  INDICATES RECORD WAS SET OR TIED.
MM INDICATES DATA IS MISSING.
T  INDICATES TRACE AMOUNT.




$$
