000
CDUS41 KOKX 300631
CLIEWR


CLIMATE REPORT
NATIONAL WEATHER SERVICE NEW YORK NY
131 AM EST WED NOV 30 2016


...................................

...THE NEWARK NJ CLIMATE SUMMARY FOR NOVEMBER 29 2016...

CLIMATE NORMAL PERIOD 1981 TO 2010
CLIMATE RECORD PERIOD 1929 TO 2016


WEATHER ITEM   OBSERVED TIME   RECORD YEAR NORMAL DEPARTURE LAST
                VALUE   (LST)  VALUE       VALUE  FROM      YEAR
                                                  NORMAL
..................................................................
TEMPERATURE (F)
 YESTERDAY
  MAXIMUM         60   1110 PM  70    1990  49     11       50
  MINIMUM         49   1244 AM  15    1955  35     14       37
  AVERAGE         55                        42     13       44

PRECIPITATION (IN)
  YESTERDAY        2.02R         1.34 1963   0.13   1.89      T
  MONTH TO DATE    5.45                      3.51   1.94     1.30
  SINCE SEP 1     10.62                     10.93  -0.31     6.98
  SINCE JAN 1     34.43                     42.30  -7.87    34.58

SNOWFALL (IN)
  YESTERDAY        0.0           3.0  1995   0.1   -0.1      0.0
  MONTH TO DATE    T                         0.4   -0.4      0.0
  SINCE OCT 1      T                         0.4   -0.4      0.0
  SINCE JUL 1      T                         0.4   -0.4      0.0
  SNOW DEPTH       0

DEGREE DAYS
 HEATING
  YESTERDAY       10                        23    -13       21
  MONTH TO DATE  442                       524    -82      362
  SINCE SEP 1    673                       844   -171      606
  SINCE JUL 1    673                       845   -172      606

 COOLING
  YESTERDAY        0                         0      0        0
  MONTH TO DATE    1                         0      1        5
  SINCE SEP 1    261                       157    104      273
  SINCE JAN 1   1571                      1191    380     1555
..................................................................


WIND (MPH)
  HIGHEST WIND SPEED    16   HIGHEST WIND DIRECTION    SE (150)
  HIGHEST GUST SPEED    23   HIGHEST GUST DIRECTION    SE (140)
  AVERAGE WIND SPEED     8.1


SKY COVER
  AVERAGE SKY COVER 1.0


WEATHER CONDITIONS
 THE FOLLOWING WEATHER WAS RECORDED YESTERDAY.
  HEAVY RAIN
  RAIN
  LIGHT RAIN
  FOG


RELATIVE HUMIDITY (PERCENT)
 HIGHEST   100           100 PM
 LOWEST     71          1200 AM
 AVERAGE    86

..........................................................


THE NEWARK NJ CLIMATE NORMALS FOR TODAY
                         NORMAL    RECORD    YEAR
 MAXIMUM TEMPERATURE (F)   49        71      1991
 MINIMUM TEMPERATURE (F)   35        16      1976


SUNRISE AND SUNSET
NOVEMBER 30 2016......SUNRISE   701 AM EST   SUNSET   430 PM EST
DECEMBER  1 2016......SUNRISE   702 AM EST   SUNSET   430 PM EST


-  INDICATES NEGATIVE NUMBERS.
R  INDICATES RECORD WAS SET OR TIED.
MM INDICATES DATA IS MISSING.
T  INDICATES TRACE AMOUNT.




$$
