000
CDUS41 KOKX 270620
CLIEWR


CLIMATE REPORT
NATIONAL WEATHER SERVICE NEW YORK NY
220 AM EDT TUE SEP 27 2016


...................................

...THE NEWARK NJ CLIMATE SUMMARY FOR SEPTEMBER 26 2016...

CLIMATE NORMAL PERIOD 1981 TO 2010
CLIMATE RECORD PERIOD 1929 TO 2016


WEATHER ITEM   OBSERVED TIME   RECORD YEAR NORMAL DEPARTURE LAST
                VALUE   (LST)  VALUE       VALUE  FROM      YEAR
                                                  NORMAL
..................................................................
TEMPERATURE (F)
 YESTERDAY
  MAXIMUM         73    220 PM  90    2007  73      0       72
                                      1958
  MINIMUM         51    606 AM  40    1940  56     -5       60
  AVERAGE         62                        64     -2       66

PRECIPITATION (IN)
  YESTERDAY        0.00          2.11 1975   0.14  -0.14     0.00
  MONTH TO DATE    1.70                      3.26  -1.56     1.02
  SINCE SEP 1      1.70                      3.26  -1.56     1.02
  SINCE JAN 1     25.51                     34.63  -9.12    28.62

SNOWFALL (IN)
  YESTERDAY        0.0           0.0  2002   0.0    0.0      0.0
                                      2001
  MONTH TO DATE    0.0                       0.0    0.0      0.0
  SINCE OCT 1     32.8                      28.5    4.3     46.4
  SINCE JUL 1      0.0                       0.0    0.0      0.0
  SNOW DEPTH       0

DEGREE DAYS
 HEATING
  YESTERDAY        3                         3      0        0
  MONTH TO DATE    6                        28    -22        0
  SINCE SEP 1      6                        28    -22        0
  SINCE JUL 1      6                        29    -23        0

 COOLING
  YESTERDAY        0                         2     -2        1
  MONTH TO DATE  223                       131     92      235
  SINCE SEP 1    223                       131     92      235
  SINCE JAN 1   1533                      1165    368     1517
..................................................................


WIND (MPH)
  HIGHEST WIND SPEED    18   HIGHEST WIND DIRECTION    SE (140)
  HIGHEST GUST SPEED    25   HIGHEST GUST DIRECTION    SE (140)
  AVERAGE WIND SPEED     8.9


SKY COVER
  AVERAGE SKY COVER 0.7


WEATHER CONDITIONS
 THE FOLLOWING WEATHER WAS RECORDED YESTERDAY.
  NO SIGNIFICANT WEATHER WAS OBSERVED.


RELATIVE HUMIDITY (PERCENT)
 HIGHEST    77           400 AM
 LOWEST     44           100 PM
 AVERAGE    61

..........................................................


THE NEWARK NJ CLIMATE NORMALS FOR TODAY
                         NORMAL    RECORD    YEAR
 MAXIMUM TEMPERATURE (F)   72        91      1998
 MINIMUM TEMPERATURE (F)   55        35      1947


SUNRISE AND SUNSET
SEPTEMBER 27 2016.....SUNRISE   650 AM EDT   SUNSET   645 PM EDT
SEPTEMBER 28 2016.....SUNRISE   651 AM EDT   SUNSET   643 PM EDT


-  INDICATES NEGATIVE NUMBERS.
R  INDICATES RECORD WAS SET OR TIED.
MM INDICATES DATA IS MISSING.
T  INDICATES TRACE AMOUNT.




$$
