000
CDUS41 KOKX 250616
CLIEWR


CLIMATE REPORT
NATIONAL WEATHER SERVICE NEW YORK NY
116 AM EST THU DEC 25 2014


...................................

...THE NEWARK NJ CLIMATE SUMMARY FOR DECEMBER 24 2014...

CLIMATE NORMAL PERIOD 1981 TO 2010
CLIMATE RECORD PERIOD 1929 TO 2014


WEATHER ITEM   OBSERVED TIME   RECORD YEAR NORMAL DEPARTURE LAST
                VALUE   (LST)  VALUE       VALUE  FROM      YEAR
                                                  NORMAL
..................................................................
TEMPERATURE (F)
 YESTERDAY
  MAXIMUM         54   1159 PM  64    1990  41     13       43
  MINIMUM         45   1120 AM   3    1983  27     18       26
  AVERAGE         50                        34     16       35

PRECIPITATION (IN)
  YESTERDAY        1.13          1.37 2003   0.13   1.00      T
  MONTH TO DATE    4.72                      3.01   1.71     3.30
  SINCE DEC 1      4.72                      3.01   1.71     3.30
  SINCE JAN 1     49.14                     45.45   3.69    41.62

SNOWFALL (IN)
  YESTERDAY        0.0           7.3  1966   0.2   -0.2       T
  MONTH TO DATE    0.3                       3.7   -3.4      9.4
  SINCE OCT 1      1.7                       4.1   -2.4      9.4
  SINCE JUL 1      1.7                       4.1   -2.4      9.4
  SNOW DEPTH       0

DEGREE DAYS
 HEATING
  YESTERDAY       15                        31    -16       30
  MONTH TO DATE  600                       659    -59      644
  SINCE DEC 1    600                       659    -59      644
  SINCE JUL 1   1432                      1527    -95     1514

 COOLING
  YESTERDAY        0                         0      0        0
  MONTH TO DATE    0                         0      0        0
  SINCE DEC 1      0                         0      0        0
  SINCE JAN 1   1175                      1192    -17     1337
..................................................................


WIND (MPH)
  HIGHEST WIND SPEED    13   HIGHEST WIND DIRECTION     N (20)
  HIGHEST GUST SPEED    15   HIGHEST GUST DIRECTION     N (20)
  AVERAGE WIND SPEED     5.0


SKY COVER
  AVERAGE SKY COVER 1.0


WEATHER CONDITIONS
 THE FOLLOWING WEATHER WAS RECORDED YESTERDAY.
  HEAVY RAIN
  RAIN
  LIGHT RAIN
  FOG
  FOG W/VISIBILITY <= 1/4 MILE


RELATIVE HUMIDITY (PERCENT)
 HIGHEST   100          1200 AM
 LOWEST     93           200 AM
 AVERAGE    97

..........................................................


THE NEWARK NJ CLIMATE NORMALS FOR TODAY
                         NORMAL    RECORD    YEAR
 MAXIMUM TEMPERATURE (F)   41        69      1964
 MINIMUM TEMPERATURE (F)   27         0      1980


SUNRISE AND SUNSET
DECEMBER 25 2014......SUNRISE   719 AM EST   SUNSET   435 PM EST
DECEMBER 26 2014......SUNRISE   719 AM EST   SUNSET   435 PM EST


-  INDICATES NEGATIVE NUMBERS.
R  INDICATES RECORD WAS SET OR TIED.
MM INDICATES DATA IS MISSING.
T  INDICATES TRACE AMOUNT.




$$
