000
CDUS41 KOKX 240628
CLIEWR


CLIMATE REPORT
NATIONAL WEATHER SERVICE NEW YORK NY
228 AM EDT SUN SEP 24 2017


...................................

...THE NEWARK NJ CLIMATE SUMMARY FOR SEPTEMBER 23 2017...

CLIMATE NORMAL PERIOD 1981 TO 2010
CLIMATE RECORD PERIOD 1929 TO 2017


WEATHER ITEM   OBSERVED TIME   RECORD YEAR NORMAL DEPARTURE LAST
                VALUE   (LST)  VALUE       VALUE  FROM      YEAR
                                                  NORMAL
..................................................................
TEMPERATURE (F)
 YESTERDAY
  MAXIMUM         90    334 PM  94    1970  74     16       90
  MINIMUM         70    608 AM  40    1947  57     13       60
  AVERAGE         80                        65     15       75

PRECIPITATION (IN)
  YESTERDAY        0.00          2.20 1975   0.13  -0.13     0.01
  MONTH TO DATE    1.72                      2.85  -1.13     1.26
  SINCE SEP 1      1.72                      2.85  -1.13     1.26
  SINCE JAN 1     39.40                     34.22   5.18    25.07

SNOWFALL (IN)
  YESTERDAY        0.0           0.0  2002   0.0    0.0      0.0
                                      2001
  MONTH TO DATE    0.0                       0.0    0.0      0.0
  SINCE OCT 1     30.0                      28.5    1.5     32.8
  SINCE JUL 1      0.0                       0.0    0.0      0.0
  SNOW DEPTH       0

DEGREE DAYS
 HEATING
  YESTERDAY        0                         2     -2        0
  MONTH TO DATE   10                        19     -9        0
  SINCE SEP 1     10                        19     -9        0
  SINCE JUL 1     10                        20    -10        0

 COOLING
  YESTERDAY       15                         3     12       10
  MONTH TO DATE  143                       125     18      224
  SINCE SEP 1    143                       125     18      224
  SINCE JAN 1   1171                      1159     12     1534
..................................................................


WIND (MPH)
  HIGHEST WIND SPEED    18   HIGHEST WIND DIRECTION     N (360)
  HIGHEST GUST SPEED    24   HIGHEST GUST DIRECTION     N (360)
  AVERAGE WIND SPEED     9.9


SKY COVER
  AVERAGE SKY COVER 0.1


WEATHER CONDITIONS
 THE FOLLOWING WEATHER WAS RECORDED YESTERDAY.
  NO SIGNIFICANT WEATHER WAS OBSERVED.


RELATIVE HUMIDITY (PERCENT)
 HIGHEST    53           100 AM
 LOWEST     21           300 PM
 AVERAGE    37

..........................................................


THE NEWARK NJ CLIMATE NORMALS FOR TODAY
                         NORMAL    RECORD    YEAR
 MAXIMUM TEMPERATURE (F)   74        92      1959
 MINIMUM TEMPERATURE (F)   56        40      1950


SUNRISE AND SUNSET
SEPTEMBER 24 2017.....SUNRISE   646 AM EDT   SUNSET   650 PM EDT
SEPTEMBER 25 2017.....SUNRISE   647 AM EDT   SUNSET   648 PM EDT


-  INDICATES NEGATIVE NUMBERS.
R  INDICATES RECORD WAS SET OR TIED.
MM INDICATES DATA IS MISSING.
T  INDICATES TRACE AMOUNT.




$$
