000
CDUS41 KOKX 130618
CLIEWR


CLIMATE REPORT
NATIONAL WEATHER SERVICE NEW YORK NY
118 AM EST SAT FEB 13 2016


...................................

...THE NEWARK NJ CLIMATE SUMMARY FOR FEBRUARY 12 2016...

CLIMATE NORMAL PERIOD 1981 TO 2010
CLIMATE RECORD PERIOD 1929 TO 2016


WEATHER ITEM   OBSERVED TIME   RECORD YEAR NORMAL DEPARTURE LAST
                VALUE   (LST)  VALUE       VALUE  FROM      YEAR
                                                  NORMAL
..................................................................
TEMPERATURE (F)
 YESTERDAY
  MAXIMUM         27    310 PM  70    1999  42    -15       40
  MINIMUM         15    712 AM  -1    1979  26    -11       15
  AVERAGE         21                        34    -13       28

PRECIPITATION (IN)
  YESTERDAY        T             1.45 1988   0.09  -0.09      T
  MONTH TO DATE    1.18                      1.20  -0.02     1.24
  SINCE DEC 1      9.59                      8.55   1.04    10.57
  SINCE JAN 1      5.19                      4.74   0.45     5.66

SNOWFALL (IN)
  YESTERDAY        T            18.8  2006   0.3   -0.3       T
  MONTH TO DATE    3.7                       4.0   -0.3      4.8
  SINCE OCT 1     33.3                      17.7   15.6     21.4
  SINCE JUL 1     33.3                      17.7   15.6     21.4
  SNOW DEPTH       0

DEGREE DAYS
 HEATING
  YESTERDAY       44                        31     13       37
  MONTH TO DATE  335                       383    -48      462
  SINCE DEC 1   1776                      2299   -523     2350
  SINCE JUL 1   2408                      3167   -759     3182

 COOLING
  YESTERDAY        0                         0      0        0
  MONTH TO DATE    0                         0      0        0
  SINCE DEC 1      0                         0      0        0
  SINCE JAN 1      0                         0      0        0
..................................................................


WIND (MPH)
  HIGHEST WIND SPEED    22   HIGHEST WIND DIRECTION     W (280)
  HIGHEST GUST SPEED    31   HIGHEST GUST DIRECTION     W (290)
  AVERAGE WIND SPEED     9.1


SKY COVER
  AVERAGE SKY COVER 0.6


WEATHER CONDITIONS
 THE FOLLOWING WEATHER WAS RECORDED YESTERDAY.
  LIGHT SNOW


RELATIVE HUMIDITY (PERCENT)
 HIGHEST    57          1000 PM
 LOWEST     29           200 PM
 AVERAGE    43

..........................................................


THE NEWARK NJ CLIMATE NORMALS FOR TODAY
                         NORMAL    RECORD    YEAR
 MAXIMUM TEMPERATURE (F)   42        65      1951
 MINIMUM TEMPERATURE (F)   27         4      1979
                                             1967


SUNRISE AND SUNSET
FEBRUARY 13 2016......SUNRISE   654 AM EST   SUNSET   528 PM EST
FEBRUARY 14 2016......SUNRISE   653 AM EST   SUNSET   530 PM EST


-  INDICATES NEGATIVE NUMBERS.
R  INDICATES RECORD WAS SET OR TIED.
MM INDICATES DATA IS MISSING.
T  INDICATES TRACE AMOUNT.




$$
