264
CDUS41 KOKX 280618
CLIEWR


CLIMATE REPORT
NATIONAL WEATHER SERVICE NEW YORK NY
218 AM EDT WED SEP 28 2016


...................................

...THE NEWARK NJ CLIMATE SUMMARY FOR SEPTEMBER 27 2016...

CLIMATE NORMAL PERIOD 1981 TO 2010
CLIMATE RECORD PERIOD 1929 TO 2016


WEATHER ITEM   OBSERVED TIME   RECORD YEAR NORMAL DEPARTURE LAST
                VALUE   (LST)  VALUE       VALUE  FROM      YEAR
                                                  NORMAL
..................................................................
TEMPERATURE (F)
 YESTERDAY
  MAXIMUM         76    350 PM  91    1998  72      4       70
  MINIMUM         62   1110 PM  35    1947  55      7       54
  AVERAGE         69                        64      5       62

PRECIPITATION (IN)
  YESTERDAY        0.12          3.00 1985   0.13  -0.01     0.00
  MONTH TO DATE    1.82                      3.39  -1.57     1.02
  SINCE SEP 1      1.82                      3.39  -1.57     1.02
  SINCE JAN 1     25.63                     34.76  -9.13    28.62

SNOWFALL (IN)
  YESTERDAY        0.0           0.0  2002   0.0    0.0      0.0
                                      2001
  MONTH TO DATE    0.0                       0.0    0.0      0.0
  SINCE OCT 1     32.8                      28.5    4.3     46.4
  SINCE JUL 1      0.0                       0.0    0.0      0.0
  SNOW DEPTH       0

DEGREE DAYS
 HEATING
  YESTERDAY        0                         3     -3        3
  MONTH TO DATE    6                        31    -25        3
  SINCE SEP 1      6                        31    -25        3
  SINCE JUL 1      6                        32    -26        3

 COOLING
  YESTERDAY        4                         2      2        0
  MONTH TO DATE  227                       133     94      235
  SINCE SEP 1    227                       133     94      235
  SINCE JAN 1   1537                      1167    370     1517
..................................................................


WIND (MPH)
  HIGHEST WIND SPEED    14   HIGHEST WIND DIRECTION    SW (230)
  HIGHEST GUST SPEED    21   HIGHEST GUST DIRECTION    SW (230)
  AVERAGE WIND SPEED     5.8


SKY COVER
  AVERAGE SKY COVER 0.7


WEATHER CONDITIONS
 THE FOLLOWING WEATHER WAS RECORDED YESTERDAY.
  LIGHT RAIN
  FOG


RELATIVE HUMIDITY (PERCENT)
 HIGHEST   100           400 AM
 LOWEST     38           400 PM
 AVERAGE    69

..........................................................


THE NEWARK NJ CLIMATE NORMALS FOR TODAY
                         NORMAL    RECORD    YEAR
 MAXIMUM TEMPERATURE (F)   72        87      2014
 MINIMUM TEMPERATURE (F)   55        38      1947


SUNRISE AND SUNSET
SEPTEMBER 28 2016.....SUNRISE   651 AM EDT   SUNSET   643 PM EDT
SEPTEMBER 29 2016.....SUNRISE   652 AM EDT   SUNSET   641 PM EDT


-  INDICATES NEGATIVE NUMBERS.
R  INDICATES RECORD WAS SET OR TIED.
MM INDICATES DATA IS MISSING.
T  INDICATES TRACE AMOUNT.




$$
