000
CDUS41 KOKX 192132
CLIEWR


CLIMATE REPORT
NATIONAL WEATHER SERVICE NEW YORK NY
432 PM EST THU JAN 19 2017


...................................

...THE NEWARK NJ CLIMATE SUMMARY FOR JANUARY 19 2017...
VALID TODAY AS OF 0400 PM LOCAL TIME.

CLIMATE NORMAL PERIOD 1981 TO 2010
CLIMATE RECORD PERIOD 1929 TO 2017


WEATHER ITEM   OBSERVED TIME   RECORD YEAR NORMAL DEPARTURE LAST
                VALUE   (LST)  VALUE       VALUE  FROM      YEAR
                                                  NORMAL
..................................................................
TEMPERATURE (F)
 TODAY
  MAXIMUM         50   1220 PM  64    1951  39     11       31
  MINIMUM         37    230 AM  -2    1994  24     13       16
  AVERAGE         44                        31     13       24

PRECIPITATION (IN)
  TODAY            T             1.93 1936   0.11  -0.11     0.00
  MONTH TO DATE    2.43                      2.24   0.19     2.15
  SINCE DEC 1      5.34                      6.05  -0.71     6.55
  SINCE JAN 1      2.43                      2.24   0.19     2.15

SNOWFALL (IN)
  TODAY            0.0           6.3  1961   0.2   -0.2      0.0
  MONTH TO DATE    8.8                       4.7    4.1      1.2
  SINCE OCT 1     12.2                      10.5    1.7      1.5
  SINCE JUL 1     12.2                      10.5    1.7      1.5
  SNOW DEPTH       0

DEGREE DAYS
 HEATING
  TODAY           21                        34    -13       41
  MONTH TO DATE  542                       636    -94      584
  SINCE DEC 1   1382                      1518   -136     1049
  SINCE JUL 1   2065                      2386   -321     1681

 COOLING
  TODAY            0                         0      0        0
  MONTH TO DATE    0                         0      0        0
  SINCE DEC 1      0                         0      0        0
  SINCE JAN 1      0                         0      0        0
..................................................................


WIND (MPH)
  HIGHEST WIND SPEED    17   HIGHEST WIND DIRECTION     W (280)
  HIGHEST GUST SPEED    25   HIGHEST GUST DIRECTION    NW (300)
  AVERAGE WIND SPEED     7.2


SKY COVER
  AVERAGE SKY COVER 0.8


WEATHER CONDITIONS
 THE FOLLOWING WEATHER WAS RECORDED TODAY.
  LIGHT RAIN


RELATIVE HUMIDITY (PERCENT)
 HIGHEST    92           300 AM
 LOWEST     60           300 PM
 AVERAGE    76

..........................................................


THE NEWARK NJ CLIMATE NORMALS FOR TOMORROW
                         NORMAL    RECORD    YEAR
 MAXIMUM TEMPERATURE (F)   39        62      2006
                                             1951
                                             1947
 MINIMUM TEMPERATURE (F)   24        -3      1985


SUNRISE AND SUNSET
JANUARY 19 2017.......SUNRISE   716 AM EST   SUNSET   459 PM EST
JANUARY 20 2017.......SUNRISE   716 AM EST   SUNSET   500 PM EST


-  INDICATES NEGATIVE NUMBERS.
R  INDICATES RECORD WAS SET OR TIED.
MM INDICATES DATA IS MISSING.
T  INDICATES TRACE AMOUNT.




$$
