000
CDUS41 KOKX 170617
CLIEWR


CLIMATE REPORT
NATIONAL WEATHER SERVICE NEW YORK NY
216 AM EDT SUN SEP 17 2017


...................................

...THE NEWARK NJ CLIMATE SUMMARY FOR SEPTEMBER 16 2017...

CLIMATE NORMAL PERIOD 1981 TO 2010
CLIMATE RECORD PERIOD 1929 TO 2017


WEATHER ITEM   OBSERVED TIME   RECORD YEAR NORMAL DEPARTURE LAST
                VALUE   (LST)  VALUE       VALUE  FROM      YEAR
                                                  NORMAL
..................................................................
TEMPERATURE (F)
 YESTERDAY
  MAXIMUM         82    250 PM  95    1991  77      5       73
  MINIMUM         67    519 AM  42    1984  60      7       57
  AVERAGE         75                        68      7       65

PRECIPITATION (IN)
  YESTERDAY        0.00          6.22 1999   0.13  -0.13     0.00
  MONTH TO DATE    1.68                      1.90  -0.22     0.22
  SINCE SEP 1      1.68                      1.90  -0.22     0.22
  SINCE JAN 1     39.36                     33.27   6.09    24.03

SNOWFALL (IN)
  YESTERDAY        0.0           0.0  2002   0.0    0.0      0.0
                                      2001
  MONTH TO DATE    0.0                       0.0    0.0      0.0
  SINCE OCT 1     30.0                      28.5    1.5     32.8
  SINCE JUL 1      0.0                       0.0    0.0      0.0
  SNOW DEPTH       0

DEGREE DAYS
 HEATING
  YESTERDAY        0                         1     -1        0
  MONTH TO DATE   10                         7      3        0
  SINCE SEP 1     10                         7      3        0
  SINCE JUL 1     10                         8      2        0

 COOLING
  YESTERDAY       10                         4      6        0
  MONTH TO DATE   65                       101    -36      158
  SINCE SEP 1     65                       101    -36      158
  SINCE JAN 1   1093                      1135    -42     1468
..................................................................


WIND (MPH)
  HIGHEST WIND SPEED    10   HIGHEST WIND DIRECTION    SE (150)
  HIGHEST GUST SPEED    16   HIGHEST GUST DIRECTION     S (160)
  AVERAGE WIND SPEED     5.0


SKY COVER
  AVERAGE SKY COVER 0.5


WEATHER CONDITIONS
 THE FOLLOWING WEATHER WAS RECORDED YESTERDAY.
  FOG
  HAZE


RELATIVE HUMIDITY (PERCENT)
 HIGHEST   100          1100 PM
 LOWEST     67          1200 PM
 AVERAGE    84

..........................................................


THE NEWARK NJ CLIMATE NORMALS FOR TODAY
                         NORMAL    RECORD    YEAR
 MAXIMUM TEMPERATURE (F)   76        95      1991
 MINIMUM TEMPERATURE (F)   59        44      1950


SUNRISE AND SUNSET
SEPTEMBER 17 2017.....SUNRISE   639 AM EDT   SUNSET   702 PM EDT
SEPTEMBER 18 2017.....SUNRISE   640 AM EDT   SUNSET   700 PM EDT


-  INDICATES NEGATIVE NUMBERS.
R  INDICATES RECORD WAS SET OR TIED.
MM INDICATES DATA IS MISSING.
T  INDICATES TRACE AMOUNT.




$$
