000
CDUS41 KOKX 200616
CLIEWR


CLIMATE REPORT
NATIONAL WEATHER SERVICE NEW YORK NY
216 AM EDT FRI MAY 20 2016


...................................

...THE NEWARK NJ CLIMATE SUMMARY FOR MAY 19 2016...

CLIMATE NORMAL PERIOD 1981 TO 2010
CLIMATE RECORD PERIOD 1929 TO 2016


WEATHER ITEM   OBSERVED TIME   RECORD YEAR NORMAL DEPARTURE LAST
                VALUE   (LST)  VALUE       VALUE  FROM      YEAR
                                                  NORMAL
..................................................................
TEMPERATURE (F)
 YESTERDAY
  MAXIMUM         72   1259 PM  98    1962  73     -1       82
  MINIMUM         54    350 AM  39    2002  54      0       57
  AVERAGE         63                        64     -1       70

PRECIPITATION (IN)
  YESTERDAY        0.00          2.36 1966   0.13  -0.13      T
  MONTH TO DATE    2.07                      2.39  -0.32     0.90
  SINCE MAR 1      4.57                     10.77  -6.20     7.20
  SINCE JAN 1     12.62                     17.19  -4.57    13.68

SNOWFALL (IN)
  YESTERDAY        0.0           0.0  2002   0.0    0.0      0.0
                                      2001
  MONTH TO DATE    0.0                       0.0    0.0      0.0
  SINCE OCT 1     36.4                      28.5    7.9     46.4
  SINCE JUL 1     36.4                      28.5    7.9     46.4
  SNOW DEPTH       0

DEGREE DAYS
 HEATING
  YESTERDAY        2                         4     -2        0
  MONTH TO DATE  159                       105     54       31
  SINCE MAR 1   1015                      1190   -175     1194
  SINCE JUL 1   3888                      4825   -937     5097

 COOLING
  YESTERDAY        0                         2     -2        5
  MONTH TO DATE    2                        25    -23       73
  SINCE MAR 1     20                        37    -17       76
  SINCE JAN 1     20                        37    -17       76
..................................................................


WIND (MPH)
  HIGHEST WIND SPEED    14   HIGHEST WIND DIRECTION    SE (120)
  HIGHEST GUST SPEED    20   HIGHEST GUST DIRECTION    SE (130)
  AVERAGE WIND SPEED     3.8


SKY COVER
  AVERAGE SKY COVER 0.7


WEATHER CONDITIONS
 THE FOLLOWING WEATHER WAS RECORDED YESTERDAY.
  NO SIGNIFICANT WEATHER WAS OBSERVED.


RELATIVE HUMIDITY (PERCENT)
 HIGHEST    67          1000 PM
 LOWEST     37          1200 PM
 AVERAGE    52

..........................................................


THE NEWARK NJ CLIMATE NORMALS FOR TODAY
                         NORMAL    RECORD    YEAR
 MAXIMUM TEMPERATURE (F)   73        99      1996
 MINIMUM TEMPERATURE (F)   55        41      2002


SUNRISE AND SUNSET
MAY 20 2016...........SUNRISE   535 AM EDT   SUNSET   812 PM EDT
MAY 21 2016...........SUNRISE   534 AM EDT   SUNSET   813 PM EDT


-  INDICATES NEGATIVE NUMBERS.
R  INDICATES RECORD WAS SET OR TIED.
MM INDICATES DATA IS MISSING.
T  INDICATES TRACE AMOUNT.




$$
