000
CDUS41 KOKX 170618
CLIEWR


CLIMATE REPORT
NATIONAL WEATHER SERVICE NEW YORK NY
218 AM EDT MON JUL 17 2017


...................................

...THE NEWARK NJ CLIMATE SUMMARY FOR JULY 16 2017...

CLIMATE NORMAL PERIOD 1981 TO 2010
CLIMATE RECORD PERIOD 1929 TO 2017


WEATHER ITEM   OBSERVED TIME   RECORD YEAR NORMAL DEPARTURE LAST
                VALUE   (LST)  VALUE       VALUE  FROM      YEAR
                                                  NORMAL
..................................................................
TEMPERATURE (F)
 YESTERDAY
  MAXIMUM         87    117 PM 101    1988  86      1       91
  MINIMUM         68    454 AM  57    1946  69     -1       75
  AVERAGE         78                        78      0       83

PRECIPITATION (IN)
  YESTERDAY        0.00          1.22 1933   0.16  -0.16     0.57
  MONTH TO DATE    3.01                      2.30   0.71     2.07
  SINCE JUN 1      8.30                      6.32   1.98     4.47
  SINCE JAN 1     30.84                     25.21   5.63    18.87

SNOWFALL (IN)
  YESTERDAY        0.0           0.0  2002   0.0    0.0      0.0
                                      2001
  MONTH TO DATE    0.0                       0.0    0.0      0.0
  SINCE OCT 1     30.0                      28.5    1.5     32.8
  SINCE JUL 1      0.0                       0.0    0.0      0.0
  SNOW DEPTH       0

DEGREE DAYS
 HEATING
  YESTERDAY        0                         0      0        0
  MONTH TO DATE    0                         0      0        0
  SINCE JUN 1     18                        17      1        4
  SINCE JUL 1      0                         0      0        0

 COOLING
  YESTERDAY       13                        13      0       18
  MONTH TO DATE  211                       196     15      213
  SINCE JUN 1    468                       435     33      463
  SINCE JAN 1    563                       511     52      581
..................................................................


WIND (MPH)
  HIGHEST WIND SPEED    15   HIGHEST WIND DIRECTION     S (160)
  HIGHEST GUST SPEED    21   HIGHEST GUST DIRECTION     S (170)
  AVERAGE WIND SPEED     6.0


SKY COVER
  AVERAGE SKY COVER 0.2


WEATHER CONDITIONS
 THE FOLLOWING WEATHER WAS RECORDED YESTERDAY.
  NO SIGNIFICANT WEATHER WAS OBSERVED.


RELATIVE HUMIDITY (PERCENT)
 HIGHEST    81           500 AM
 LOWEST     42           100 PM
 AVERAGE    62

..........................................................


THE NEWARK NJ CLIMATE NORMALS FOR TODAY
                         NORMAL    RECORD    YEAR
 MAXIMUM TEMPERATURE (F)   86       100      2012
                                             1997
                                             1988
 MINIMUM TEMPERATURE (F)   69        56      1946


SUNRISE AND SUNSET
JULY 17 2017..........SUNRISE   540 AM EDT   SUNSET   825 PM EDT
JULY 18 2017..........SUNRISE   541 AM EDT   SUNSET   824 PM EDT


-  INDICATES NEGATIVE NUMBERS.
R  INDICATES RECORD WAS SET OR TIED.
MM INDICATES DATA IS MISSING.
T  INDICATES TRACE AMOUNT.




$$
