000
CDUS41 KOKX 240633
CLIEWR


CLIMATE REPORT
NATIONAL WEATHER SERVICE NEW YORK NY
233 AM EDT SUN JUL 24 2016


...................................

...THE NEWARK NJ CLIMATE SUMMARY FOR JULY 23 2016...

CLIMATE NORMAL PERIOD 1981 TO 2010
CLIMATE RECORD PERIOD 1929 TO 2016


WEATHER ITEM   OBSERVED TIME   RECORD YEAR NORMAL DEPARTURE LAST
                VALUE   (LST)  VALUE       VALUE  FROM      YEAR
                                                  NORMAL
..................................................................
TEMPERATURE (F)
 YESTERDAY
  MAXIMUM         98    404 PM 102    2011  86     12       87
  MINIMUM         80    537 AM  55    1939  69     11       67
  AVERAGE         89                        78     11       77

PRECIPITATION (IN)
  YESTERDAY        0.00          2.55 1938   0.16  -0.16     0.00
  MONTH TO DATE    2.30                      3.42  -1.12     1.84
  SINCE JUN 1      4.70                      7.44  -2.74     7.74
  SINCE JAN 1     19.10                     26.33  -7.23    25.35

SNOWFALL (IN)
  YESTERDAY        0.0           0.0  2002   0.0    0.0      0.0
                                      2001
  MONTH TO DATE    0.0                       0.0    0.0      0.0
  SINCE OCT 1     32.8                      28.5    4.3     46.4
  SINCE JUL 1      0.0                       0.0    0.0      0.0
  SNOW DEPTH       0

DEGREE DAYS
 HEATING
  YESTERDAY        0                         0      0        0
  MONTH TO DATE    0                         0      0        0
  SINCE JUN 1      4                        17    -13       29
  SINCE JUL 1      0                         0      0        0

 COOLING
  YESTERDAY       24                        13     11       12
  MONTH TO DATE  335                       287     48      310
  SINCE JUN 1    585                       526     59      559
  SINCE JAN 1    703                       602    101      719
..................................................................


WIND (MPH)
  HIGHEST WIND SPEED    23   HIGHEST WIND DIRECTION     W (270)
  HIGHEST GUST SPEED    29   HIGHEST GUST DIRECTION     W (260)
  AVERAGE WIND SPEED    11.6


SKY COVER
  AVERAGE SKY COVER 0.2


WEATHER CONDITIONS
 THE FOLLOWING WEATHER WAS RECORDED YESTERDAY.
  NO SIGNIFICANT WEATHER WAS OBSERVED.


RELATIVE HUMIDITY (PERCENT)
 HIGHEST    65          1200 AM
 LOWEST     25           500 PM
 AVERAGE    45

..........................................................


THE NEWARK NJ CLIMATE NORMALS FOR TODAY
                         NORMAL    RECORD    YEAR
 MAXIMUM TEMPERATURE (F)   86        99      2010
 MINIMUM TEMPERATURE (F)   69        55      1947


SUNRISE AND SUNSET
JULY 24 2016..........SUNRISE   546 AM EDT   SUNSET   819 PM EDT
JULY 25 2016..........SUNRISE   547 AM EDT   SUNSET   819 PM EDT


-  INDICATES NEGATIVE NUMBERS.
R  INDICATES RECORD WAS SET OR TIED.
MM INDICATES DATA IS MISSING.
T  INDICATES TRACE AMOUNT.




$$
