000
CDUS41 KOKX 160617
CLIEWR


CLIMATE REPORT
NATIONAL WEATHER SERVICE NEW YORK NY
117 AM EST TUE DEC 16 2014


...................................

...THE NEWARK NJ CLIMATE SUMMARY FOR DECEMBER 15 2014...

CLIMATE NORMAL PERIOD 1981 TO 2010
CLIMATE RECORD PERIOD 1929 TO 2014


WEATHER ITEM   OBSERVED TIME   RECORD YEAR NORMAL DEPARTURE LAST
                VALUE   (LST)  VALUE       VALUE  FROM      YEAR
                                                  NORMAL
..................................................................
TEMPERATURE (F)
 YESTERDAY
  MAXIMUM         51    158 PM  67    2008  44      7       39
  MINIMUM         33    457 AM  12    2005  30      3       30
  AVERAGE         42                        37      5       35

PRECIPITATION (IN)
  YESTERDAY        0.00          1.06 1987   0.12  -0.12     0.41
  MONTH TO DATE    3.12                      1.93   1.19     2.56
  SINCE DEC 1      3.12                      1.93   1.19     2.56
  SINCE JAN 1     47.54                     44.37   3.17    40.88

SNOWFALL (IN)
  YESTERDAY        0.0           3.6  1948   0.2   -0.2      0.0
  MONTH TO DATE    0.3                       1.9   -1.6      7.4
  SINCE OCT 1      1.7                       2.3   -0.6      7.4
  SINCE JUL 1      1.7                       2.3   -0.6      7.4
  SNOW DEPTH       0

DEGREE DAYS
 HEATING
  YESTERDAY       23                        28     -5       30
  MONTH TO DATE  382                       390     -8      423
  SINCE DEC 1    382                       390     -8      423
  SINCE JUL 1   1214                      1258    -44     1293

 COOLING
  YESTERDAY        0                         0      0        0
  MONTH TO DATE    0                         0      0        0
  SINCE DEC 1      0                         0      0        0
  SINCE JAN 1   1175                      1192    -17     1337
..................................................................


WIND (MPH)
  HIGHEST WIND SPEED    12   HIGHEST WIND DIRECTION     N (350)
  HIGHEST GUST SPEED    14   HIGHEST GUST DIRECTION    NW (330)
  AVERAGE WIND SPEED     3.2


SKY COVER
  AVERAGE SKY COVER 0.3


WEATHER CONDITIONS
 THE FOLLOWING WEATHER WAS RECORDED YESTERDAY.
  NO SIGNIFICANT WEATHER WAS OBSERVED.


RELATIVE HUMIDITY (PERCENT)
 HIGHEST    79          1100 PM
 LOWEST     50           100 PM
 AVERAGE    65

..........................................................


THE NEWARK NJ CLIMATE NORMALS FOR TODAY
                         NORMAL    RECORD    YEAR
 MAXIMUM TEMPERATURE (F)   43        65      1971
 MINIMUM TEMPERATURE (F)   29        10      1942


SUNRISE AND SUNSET
DECEMBER 16 2014......SUNRISE   714 AM EST   SUNSET   430 PM EST
DECEMBER 17 2014......SUNRISE   715 AM EST   SUNSET   431 PM EST


-  INDICATES NEGATIVE NUMBERS.
R  INDICATES RECORD WAS SET OR TIED.
MM INDICATES DATA IS MISSING.
T  INDICATES TRACE AMOUNT.




$$
