000
CDUS41 KOKX 010619
CLIEWR


CLIMATE REPORT
NATIONAL WEATHER SERVICE NEW YORK NY
218 AM EDT MON JUN 1 2015


...................................

...THE NEWARK NJ CLIMATE SUMMARY FOR MAY 31 2015...

CLIMATE NORMAL PERIOD 1981 TO 2010
CLIMATE RECORD PERIOD 1929 TO 2015


WEATHER ITEM   OBSERVED TIME   RECORD YEAR NORMAL DEPARTURE LAST
                VALUE   (LST)  VALUE       VALUE  FROM      YEAR
                                                  NORMAL
..................................................................
TEMPERATURE (F)
 YESTERDAY
  MAXIMUM         88   1147 AM  96    1987  77     11       74
  MINIMUM         61   1159 PM  44    1938  58      3       55
  AVERAGE         75                        68      7       65

PRECIPITATION (IN)
  YESTERDAY        3.83          3.98 1940   0.14   3.69      T
  MONTH TO DATE    4.93                      4.09   0.84     4.03
  SINCE MAR 1     11.23                     12.47  -1.24    15.63
  SINCE JAN 1     17.71                     18.89  -1.18    23.35

SNOWFALL (IN)
  YESTERDAY        T   R         0.0  2002   0.0    0.0      0.0
                                      2001
  MONTH TO DATE    T                         0.0    0.0      0.0
  SINCE OCT 1     46.4                      28.5   17.9     61.1
  SINCE JUL 1     46.4                      28.5   17.9     61.1
  SNOW DEPTH       0

DEGREE DAYS
 HEATING
  YESTERDAY        0                         2     -2        0
  MONTH TO DATE   48                       136    -88       74
  SINCE MAR 1   1211                      1220     -9     1291
  SINCE JUL 1   5114                      4855    259     5166

 COOLING
  YESTERDAY       10                         4      6        0
  MONTH TO DATE  157                        64     93       54
  SINCE MAR 1    160                        76     84       62
  SINCE JAN 1    160                        76     84       62
..................................................................


WIND (MPH)
  HIGHEST WIND SPEED    22   HIGHEST WIND DIRECTION     N (20)
  HIGHEST GUST SPEED    26   HIGHEST GUST DIRECTION    NE (30)
  AVERAGE WIND SPEED    10.0


SKY COVER
  AVERAGE SKY COVER 0.8


WEATHER CONDITIONS
 THE FOLLOWING WEATHER WAS RECORDED YESTERDAY.
  THUNDERSTORM
  HEAVY RAIN
  RAIN
  LIGHT RAIN
  HAIL
  FOG


RELATIVE HUMIDITY (PERCENT)
 HIGHEST    97           500 PM
 LOWEST     51          1200 PM
 AVERAGE    74

..........................................................


THE NEWARK NJ CLIMATE NORMALS FOR TODAY
                         NORMAL    RECORD    YEAR
 MAXIMUM TEMPERATURE (F)   77        95      2011
 MINIMUM TEMPERATURE (F)   59        41      1938


SUNRISE AND SUNSET
JUNE  1 2015..........SUNRISE   528 AM EDT   SUNSET   821 PM EDT
JUNE  2 2015..........SUNRISE   527 AM EDT   SUNSET   822 PM EDT


-  INDICATES NEGATIVE NUMBERS.
R  INDICATES RECORD WAS SET OR TIED.
MM INDICATES DATA IS MISSING.
T  INDICATES TRACE AMOUNT.




$$
