000
CDUS41 KOKX 040619
CLIEWR


CLIMATE REPORT
NATIONAL WEATHER SERVICE NEW YORK NY
119 AM EST THU FEB 4 2016


...................................

...THE NEWARK NJ CLIMATE SUMMARY FOR FEBRUARY 3 2016...

CLIMATE NORMAL PERIOD 1981 TO 2010
CLIMATE RECORD PERIOD 1929 TO 2016


WEATHER ITEM   OBSERVED TIME   RECORD YEAR NORMAL DEPARTURE LAST
                VALUE   (LST)  VALUE       VALUE  FROM      YEAR
                                                  NORMAL
..................................................................
TEMPERATURE (F)
 YESTERDAY
  MAXIMUM         58    957 PM  64    1991  40     18       25
  MINIMUM         39    225 AM   1    1955  25     14       13
  AVERAGE         49                        32     17       19

PRECIPITATION (IN)
  YESTERDAY        0.61          1.74 1939   0.10   0.51     0.00
  MONTH TO DATE    0.63                      0.31   0.32     1.17
  SINCE DEC 1      9.04                      7.66   1.38    10.50
  SINCE JAN 1      4.64                      3.85   0.79     5.59

SNOWFALL (IN)
  YESTERDAY        0.0           7.7  2014   0.3   -0.3      0.0
  MONTH TO DATE    0.0                       1.0   -1.0      4.6
  SINCE OCT 1     29.6                      14.7   14.9     21.2
  SINCE JUL 1     29.6                      14.7   14.9     21.2
  SNOW DEPTH       T

DEGREE DAYS
 HEATING
  YESTERDAY       16                        32    -16       46
  MONTH TO DATE   57                        98    -41      126
  SINCE DEC 1   1498                      2014   -516     2014
  SINCE JUL 1   2130                      2882   -752     2846

 COOLING
  YESTERDAY        0                         0      0        0
  MONTH TO DATE    0                         0      0        0
  SINCE DEC 1      0                         0      0        0
  SINCE JAN 1      0                         0      0        0
..................................................................


WIND (MPH)
  HIGHEST WIND SPEED    20   HIGHEST WIND DIRECTION     S (170)
  HIGHEST GUST SPEED    30   HIGHEST GUST DIRECTION     S (160)
  AVERAGE WIND SPEED     6.5


SKY COVER
  AVERAGE SKY COVER 1.0


WEATHER CONDITIONS
 THE FOLLOWING WEATHER WAS RECORDED YESTERDAY.
  RAIN
  LIGHT RAIN
  FOG


RELATIVE HUMIDITY (PERCENT)
 HIGHEST   100           400 PM
 LOWEST     76          1200 AM
 AVERAGE    88

..........................................................


THE NEWARK NJ CLIMATE NORMALS FOR TODAY
                         NORMAL    RECORD    YEAR
 MAXIMUM TEMPERATURE (F)   40        69      1991
 MINIMUM TEMPERATURE (F)   25         7      1996
                                             1985


SUNRISE AND SUNSET
FEBRUARY  4 2016......SUNRISE   704 AM EST   SUNSET   517 PM EST
FEBRUARY  5 2016......SUNRISE   703 AM EST   SUNSET   519 PM EST


-  INDICATES NEGATIVE NUMBERS.
R  INDICATES RECORD WAS SET OR TIED.
MM INDICATES DATA IS MISSING.
T  INDICATES TRACE AMOUNT.




$$
