000
CDUS41 KOKX 240616
CLIEWR


CLIMATE REPORT
NATIONAL WEATHER SERVICE NEW YORK NY
116 AM EST WED DEC 24 2014


...................................

...THE NEWARK NJ CLIMATE SUMMARY FOR DECEMBER 23 2014...

CLIMATE NORMAL PERIOD 1981 TO 2010
CLIMATE RECORD PERIOD 1929 TO 2014


WEATHER ITEM   OBSERVED TIME   RECORD YEAR NORMAL DEPARTURE LAST
                VALUE   (LST)  VALUE       VALUE  FROM      YEAR
                                                  NORMAL
..................................................................
TEMPERATURE (F)
 YESTERDAY
  MAXIMUM         47    455 PM  67    1990  41      6       62
  MINIMUM         44    936 AM   7    1989  27     17       42
  AVERAGE         46                        34     12       52

PRECIPITATION (IN)
  YESTERDAY        0.20          0.82 2011   0.12   0.08     0.53
  MONTH TO DATE    3.59                      2.88   0.71     3.30
  SINCE DEC 1      3.59                      2.88   0.71     3.30
  SINCE JAN 1     48.01                     45.32   2.69    41.62

SNOWFALL (IN)
  YESTERDAY        0.0           7.0  1963   0.2   -0.2      0.0
  MONTH TO DATE    0.3                       3.5   -3.2      9.4
  SINCE OCT 1      1.7                       3.9   -2.2      9.4
  SINCE JUL 1      1.7                       3.9   -2.2      9.4
  SNOW DEPTH       0

DEGREE DAYS
 HEATING
  YESTERDAY       19                        31    -12       13
  MONTH TO DATE  585                       628    -43      614
  SINCE DEC 1    585                       628    -43      614
  SINCE JUL 1   1417                      1496    -79     1484

 COOLING
  YESTERDAY        0                         0      0        0
  MONTH TO DATE    0                         0      0        0
  SINCE DEC 1      0                         0      0        0
  SINCE JAN 1   1175                      1192    -17     1337
..................................................................


WIND (MPH)
  HIGHEST WIND SPEED    15   HIGHEST WIND DIRECTION     N (20)
  HIGHEST GUST SPEED    18   HIGHEST GUST DIRECTION    NE (30)
  AVERAGE WIND SPEED     8.9


SKY COVER
  AVERAGE SKY COVER 0.9


WEATHER CONDITIONS
 THE FOLLOWING WEATHER WAS RECORDED YESTERDAY.
  LIGHT RAIN
  FOG


RELATIVE HUMIDITY (PERCENT)
 HIGHEST   100           200 AM
 LOWEST     93           400 AM
 AVERAGE    97

..........................................................


THE NEWARK NJ CLIMATE NORMALS FOR TODAY
                         NORMAL    RECORD    YEAR
 MAXIMUM TEMPERATURE (F)   41        64      1990
 MINIMUM TEMPERATURE (F)   27         3      1983


SUNRISE AND SUNSET
DECEMBER 24 2014......SUNRISE   718 AM EST   SUNSET   434 PM EST
DECEMBER 25 2014......SUNRISE   719 AM EST   SUNSET   435 PM EST


-  INDICATES NEGATIVE NUMBERS.
R  INDICATES RECORD WAS SET OR TIED.
MM INDICATES DATA IS MISSING.
T  INDICATES TRACE AMOUNT.




$$
