613
CDUS41 KOKX 132132
CLIEWR


CLIMATE REPORT
NATIONAL WEATHER SERVICE NEW YORK NY
432 PM EST WED DEC 13 2017


...................................

...THE NEWARK NJ CLIMATE SUMMARY FOR DECEMBER 13 2017...
VALID TODAY AS OF 0400 PM LOCAL TIME.

CLIMATE NORMAL PERIOD 1981 TO 2010
CLIMATE RECORD PERIOD 1929 TO 2017


WEATHER ITEM   OBSERVED TIME   RECORD YEAR NORMAL DEPARTURE LAST
                VALUE   (LST)  VALUE       VALUE  FROM      YEAR
                                                  NORMAL
..................................................................
TEMPERATURE (F)
 TODAY
  MAXIMUM         34    142 PM  68    2015  44    -10       44
  MINIMUM         20    714 AM   8    1960  30    -10       33
  AVERAGE         27                        37    -10       39

PRECIPITATION (IN)
  TODAY            0.00          2.57 1941   0.12  -0.12     0.00
  MONTH TO DATE    0.68                      1.69  -1.01     1.27
  SINCE DEC 1      0.68                      1.69  -1.01     1.27
  SINCE JAN 1     46.53                     44.13   2.40    36.77

SNOWFALL (IN)
  TODAY            0.0           1.4  1966   0.2   -0.2      0.0
  MONTH TO DATE    4.3                       1.6    2.7      0.3
  SINCE OCT 1      4.3                       2.0    2.3      0.3
  SINCE JUL 1      4.3                       2.0    2.3      0.3
  SNOW DEPTH       0

DEGREE DAYS
 HEATING
  TODAY           38                        28     10       26
  MONTH TO DATE  322                       334    -12      322
  SINCE DEC 1    322                       334    -12      322
  SINCE JUL 1   1007                      1202   -195     1005

 COOLING
  TODAY            0                         0      0        0
  MONTH TO DATE    0                         0      0        0
  SINCE DEC 1      0                         0      0        0
  SINCE JAN 1   1316                      1192    124     1571
..................................................................


WIND (MPH)
  HIGHEST WIND SPEED    35   HIGHEST WIND DIRECTION     W (270)
  HIGHEST GUST SPEED    47   HIGHEST GUST DIRECTION     W (280)
  AVERAGE WIND SPEED    21.9


SKY COVER
  AVERAGE SKY COVER 0.4


WEATHER CONDITIONS
 THE FOLLOWING WEATHER WAS RECORDED TODAY.
  NO SIGNIFICANT WEATHER WAS OBSERVED.


RELATIVE HUMIDITY (PERCENT)
 HIGHEST    51           600 AM
 LOWEST     25           200 PM
 AVERAGE    38

..........................................................


THE NEWARK NJ CLIMATE NORMALS FOR TOMORROW
                         NORMAL    RECORD    YEAR
 MAXIMUM TEMPERATURE (F)   44        67      2015
 MINIMUM TEMPERATURE (F)   30        11      2005
                                             1976


SUNRISE AND SUNSET
DECEMBER 13 2017......SUNRISE   712 AM EST   SUNSET   430 PM EST
DECEMBER 14 2017......SUNRISE   713 AM EST   SUNSET   430 PM EST


-  INDICATES NEGATIVE NUMBERS.
R  INDICATES RECORD WAS SET OR TIED.
MM INDICATES DATA IS MISSING.
T  INDICATES TRACE AMOUNT.




$$
