000
CDUS41 KOKX 100617
CLIEWR


CLIMATE REPORT
NATIONAL WEATHER SERVICE NEW YORK NY
117 AM EST TUE JAN 10 2017


...................................

...THE NEWARK NJ CLIMATE SUMMARY FOR JANUARY 9 2017...

CLIMATE NORMAL PERIOD 1981 TO 2010
CLIMATE RECORD PERIOD 1929 TO 2017


WEATHER ITEM   OBSERVED TIME   RECORD YEAR NORMAL DEPARTURE LAST
                VALUE   (LST)  VALUE       VALUE  FROM      YEAR
                                                  NORMAL
..................................................................
TEMPERATURE (F)
 YESTERDAY
  MAXIMUM         23    605 PM  67    1998  39    -16       48
  MINIMUM         12    633 AM   1    1968  25    -13       38
  AVERAGE         18                        32    -14       43

PRECIPITATION (IN)
  YESTERDAY        0.00          1.29 1964   0.12  -0.12     0.01
  MONTH TO DATE    1.10                      1.06   0.04     0.01
  SINCE DEC 1      4.01                      4.87  -0.86     4.41
  SINCE JAN 1      1.10                      1.06   0.04     0.01

SNOWFALL (IN)
  YESTERDAY        0.0           4.6  1974   0.3   -0.3      0.0
  MONTH TO DATE    7.4                       2.2    5.2      0.0
  SINCE OCT 1     10.8                       8.0    2.8      0.3
  SINCE JUL 1     10.8                       8.0    2.8      0.3
  SNOW DEPTH       3

DEGREE DAYS
 HEATING
  YESTERDAY       47                        33     14       22
  MONTH TO DATE  298                       296      2      281
  SINCE DEC 1   1138                      1178    -40      746
  SINCE JUL 1   1821                      2046   -225     1378

 COOLING
  YESTERDAY        0                         0      0        0
  MONTH TO DATE    0                         0      0        0
  SINCE DEC 1      0                         0      0        0
  SINCE JAN 1      0                         0      0        0
..................................................................


WIND (MPH)
  HIGHEST WIND SPEED    15   HIGHEST WIND DIRECTION    NW (300)
  HIGHEST GUST SPEED    22   HIGHEST GUST DIRECTION    NW (300)
  AVERAGE WIND SPEED     7.3


SKY COVER
  AVERAGE SKY COVER 0.5


WEATHER CONDITIONS
 THE FOLLOWING WEATHER WAS RECORDED YESTERDAY.
  NO SIGNIFICANT WEATHER WAS OBSERVED.


RELATIVE HUMIDITY (PERCENT)
 HIGHEST    61           600 AM
 LOWEST     45          1200 PM
 AVERAGE    53

..........................................................


THE NEWARK NJ CLIMATE NORMALS FOR TODAY
                         NORMAL    RECORD    YEAR
 MAXIMUM TEMPERATURE (F)   39        65      2016
 MINIMUM TEMPERATURE (F)   24         0      1982


SUNRISE AND SUNSET
JANUARY 10 2017.......SUNRISE   720 AM EST   SUNSET   449 PM EST
JANUARY 11 2017.......SUNRISE   720 AM EST   SUNSET   450 PM EST


-  INDICATES NEGATIVE NUMBERS.
R  INDICATES RECORD WAS SET OR TIED.
MM INDICATES DATA IS MISSING.
T  INDICATES TRACE AMOUNT.




$$
