000
CDUS41 KOKX 190616
CLIEWR


CLIMATE REPORT
NATIONAL WEATHER SERVICE NEW YORK NY
216 AM EDT TUE SEP 19 2017


...................................

...THE NEWARK NJ CLIMATE SUMMARY FOR SEPTEMBER 18 2017...

CLIMATE NORMAL PERIOD 1981 TO 2010
CLIMATE RECORD PERIOD 1929 TO 2017


WEATHER ITEM   OBSERVED TIME   RECORD YEAR NORMAL DEPARTURE LAST
                VALUE   (LST)  VALUE       VALUE  FROM      YEAR
                                                  NORMAL
..................................................................
TEMPERATURE (F)
 YESTERDAY
  MAXIMUM         75    123 PM  90    1992  76     -1       87
                                      1948
  MINIMUM         69    906 AM  42    1937  59     10       68
  AVERAGE         72                        67      5       78

PRECIPITATION (IN)
  YESTERDAY        T             3.16 1936   0.14  -0.14     0.00
  MONTH TO DATE    1.68                      2.18  -0.50     0.22
  SINCE SEP 1      1.68                      2.18  -0.50     0.22
  SINCE JAN 1     39.36                     33.55   5.81    24.03

SNOWFALL (IN)
  YESTERDAY        0.0           0.0  2002   0.0    0.0      0.0
                                      2001
  MONTH TO DATE    0.0                       0.0    0.0      0.0
  SINCE OCT 1     30.0                      28.5    1.5     32.8
  SINCE JUL 1      0.0                       0.0    0.0      0.0
  SNOW DEPTH       0

DEGREE DAYS
 HEATING
  YESTERDAY        0                         1     -1        0
  MONTH TO DATE   10                         9      1        0
  SINCE SEP 1     10                         9      1        0
  SINCE JUL 1     10                        10      0        0

 COOLING
  YESTERDAY        7                         4      3       13
  MONTH TO DATE   83                       109    -26      174
  SINCE SEP 1     83                       109    -26      174
  SINCE JAN 1   1111                      1143    -32     1484
..................................................................


WIND (MPH)
  HIGHEST WIND SPEED    14   HIGHEST WIND DIRECTION    NE (30)
  HIGHEST GUST SPEED    18   HIGHEST GUST DIRECTION    NE (30)
  AVERAGE WIND SPEED     8.4


SKY COVER
  AVERAGE SKY COVER 1.0


WEATHER CONDITIONS
 THE FOLLOWING WEATHER WAS RECORDED YESTERDAY.
  LIGHT RAIN
  FOG
  HAZE


RELATIVE HUMIDITY (PERCENT)
 HIGHEST    90           200 AM
 LOWEST     73          1200 PM
 AVERAGE    82

..........................................................


THE NEWARK NJ CLIMATE NORMALS FOR TODAY
                         NORMAL    RECORD    YEAR
 MAXIMUM TEMPERATURE (F)   76        93      1983
 MINIMUM TEMPERATURE (F)   59        44      1959
                                             1943


SUNRISE AND SUNSET
SEPTEMBER 19 2017.....SUNRISE   641 AM EDT   SUNSET   658 PM EDT
SEPTEMBER 20 2017.....SUNRISE   642 AM EDT   SUNSET   657 PM EDT


-  INDICATES NEGATIVE NUMBERS.
R  INDICATES RECORD WAS SET OR TIED.
MM INDICATES DATA IS MISSING.
T  INDICATES TRACE AMOUNT.




$$
